000
CXUS51 KPHI 161624
CF6TTN
PRELIMINARY LOCAL CLIMATOLOGICAL DATA (WS FORM: F-6)
STATION: TRENTON NJ
MONTH: JUNE
YEAR: 2022
LATITUDE: 40 16 N
LONGITUDE: 74 49 W
TEMPERATURE IN F: :PCPN: SNOW: WIND :SUNSHINE: SKY :PK WND
================================================================================
1 2 3 4 5 6A 6B 7 8 9 10 11 12 13 14 15 16 17 18
12Z AVG MX 2MIN
DY MAX MIN AVG DEP HDD CDD WTR SNW DPTH SPD SPD DIR MIN PSBL S-S WX SPD DR
================================================================================
1 79 60 70 4 0 5 0.11 0.0 0 8.6 16 70 M M 6 13 20 50
2 82 61 72 5 0 7 0.72 0.0 0 3.8 17 300 M M 7 13 26 300
3 79 60 70 3 0 5 0.10 0.0 0 4.8 18 350 M M 5 1 22 360
4 82 55 69 1 0 4 0.00 0.0 0 4.7 15 320 M M 0 28 260
5 76 53 65 -3 0 0 0.00 0.0 0 4.2 13 50 M M 0 17 50
6 79 51 65 -3 0 0 0.00 0.0 0 5.1 14 220 M M 0 22 290
7 78 56 67 -1 0 2 0.04 0.0 0 11.1 22 170 M M 5 1 30 170
8 83 66 75 6 0 10 0.17 0.0 0 6.4 15 150 M M 5 13 21 150
9 81 62 72 3 0 7 0.48 0.0 0 9.8 21 270 M M 5 13 32 260
10 77 58 68 -1 0 3 0.00 0.0 0 6.0 15 310 M M 1 22 290
11 71 60 66 -4 0 1 T 0.0 0 3.5 10 250 M M 4 13 250
12 75 57 66 -4 0 1 0.39 0.0 0 6.5 14 160 M M 8 1 18 160
13 87 65 76 6 0 11 0.02 0.0 0 3.8 10 270 M M 2 1 17 290
14 82 66 74 3 0 9 0.00 0.0 0 4.6 13 50 M M 0 16 50
15 83 60 72 1 0 7 0.00 0.0 0 6.4 16 130 M M 1 23 150
16 76 62 69 -2 0 4 0.57 0.0 0 8.1 17 150 M M 9 138 23 200
17 91 68 80 8 0 15 0.00 0.0 0 9.2 21 260 M M 4 1 29 270
18 73 57 65 -7 0 0 0.00 0.0 0 12.6 24 330 M M 4 34 350
19 72 54 63 -9 2 0 0.00 0.0 0 11.0 22 330 M M 0 30 330
20 78 52 65 -7 0 0 0.00 0.0 0 5.6 15 350 M M 0 20 290
21 80 54 67 -6 0 2 0.00 0.0 0 2.9 10 220 M M 3 16 250
22 72 62 67 -6 0 2 0.01 0.0 0 8.5 16 150 M M 8 1 22 120
23 73 61 67 -6 0 2 0.32 0.0 0 5.1 13 120 M M 8 1 17 120
24 81 61 71 -3 0 6 0.00 0.0 0 3.4 9 270 M M 6 1 13 280
25 89 65 77 3 0 12 0.00 0.0 0 4.3 10 260 M M 0 20 290
26 88 67 78 4 0 13 0.00 0.0 0 7.5 17 190 M M 1 28 250
27 79 67 73 -1 0 8 0.12 0.0 0 5.6 15 210 M M 7 1 20 210
28 79 64 72 -2 0 7 0.00 0.0 0 4.8 14 340 M M 3 17 340
29 85 58 72 -3 0 7 T 0.0 0 4.1 13 210 M M 1 17 270
30 87 62 75 0 0 10 0.00 0.0 0 3.5 12 300 M M 0 23 280
================================================================================
SM 2397 1804 2 160 3.05 0.0 185.5 M 103
================================================================================
AV 79.9 60.1 6.2 FASTST M M 3 MAX(MPH)
MISC ----> 24 330 34 350
================================================================================
NOTES:
# LAST OF SEVERAL OCCURRENCES
COLUMN 17 PEAK WIND IN M.P.H.
PRELIMINARY LOCAL CLIMATOLOGICAL DATA (WS FORM: F-6) , PAGE 2
STATION: TRENTON NJ
MONTH: JUNE
YEAR: 2022
LATITUDE: 40 16 N
LONGITUDE: 74 49 W
[TEMPERATURE DATA] [PRECIPITATION DATA] SYMBOLS USED IN COLUMN 16
AVERAGE MONTHLY: 70.0 TOTAL FOR MONTH: 3.05 1 = FOG OR MIST
DPTR FM NORMAL: -1.0 DPTR FM NORMAL: -1.30 2 = FOG REDUCING VISIBILITY
HIGHEST: 91 ON 17 GRTST 24HR 0.72 ON 2- 2 TO 1/4 MILE OR LESS
LOWEST: 51 ON 6 3 = THUNDER
SNOW, ICE PELLETS, HAIL 4 = ICE PELLETS
TOTAL MONTH: 0.0 INCH 5 = HAIL
GRTST 24HR 0.0 6 = FREEZING RAIN OR DRIZZLE
GRTST DEPTH: 0 7 = DUSTSTORM OR SANDSTORM:
VSBY 1/2 MILE OR LESS
8 = SMOKE OR HAZE
[NO. OF DAYS WITH] [WEATHER - DAYS WITH] 9 = BLOWING SNOW
X = TORNADO
MAX 32 OR BELOW: 0 0.01 INCH OR MORE: 12
MAX 90 OR ABOVE: 1 0.10 INCH OR MORE: 9
MIN 32 OR BELOW: 0 0.50 INCH OR MORE: 2
MIN 0 OR BELOW: 0 1.00 INCH OR MORE: 0
[HDD (BASE 65) ]
TOTAL THIS MO. 2 CLEAR (SCALE 0-3) 15
DPTR FM NORMAL -18 PTCLDY (SCALE 4-7) 14
TOTAL FM JUL 1 4677 CLOUDY (SCALE 8-10) 1
DPTR FM NORMAL -298
[CDD (BASE 65) ]
TOTAL THIS MO. 160
DPTR FM NORMAL -39 [PRESSURE DATA]
TOTAL FM JAN 1 242 HIGHEST SLP M ON M
DPTR FM NORMAL -25 LOWEST SLP 29.56 ON 9
[REMARKS]
#FINAL-06-22#