000
CXUS51 KPHI 071429
CF6TTN
PRELIMINARY LOCAL CLIMATOLOGICAL DATA (WS FORM: F-6)
STATION: TRENTON NJ
MONTH: FEBRUARY
YEAR: 2022
LATITUDE: 40 16 N
LONGITUDE: 74 49 W
TEMPERATURE IN F: :PCPN: SNOW: WIND :SUNSHINE: SKY :PK WND
================================================================================
1 2 3 4 5 6A 6B 7 8 9 10 11 12 13 14 15 16 17 18
12Z AVG MX 2MIN
DY MAX MIN AVG DEP HDD CDD WTR SNW DPTH SPD SPD DIR MIN PSBL S-S WX SPD DR
================================================================================
1 35 16 26 -6 39 0 0.00 0.0 4 6.4 13 60 M M 0 14 50
2 44 21 33 1 32 0 0.00 0.0 3 2.3 9 340 M M 7 128 10 340
3 50 36 43 11 22 0 0.36 0.0 1 2.0 10 180 M M 10 12 14 190
4 56 28 42 10 23 0 0.71 T T 10.1 23 340 M M 10 1 29 350
5 28 17 23 -10 42 0 0.00 0.0 T 11.0 24 320 M M 3 37 330
6 34 13 24 -9 41 0 0.00 0.0 0 4.3 12 130 M M 1 14 140
7 36 27 32 -1 33 0 0.03 0.1 T 4.8 10 10 M M 10 16 13 310
8 43 29 36 3 29 0 0.00 0.0 0 7.6 18 270 M M 3 1 25 260
9 50 23 37 4 28 0 0.00 0.0 0 5.5 14 160 M M 0 18 160
10 55 29 42 9 23 0 T 0.0 0 6.2 22 240 M M 3 1 34 250
11 59 26 43 9 22 0 0.00 0.0 0 8.7 24 200 M M 2 34 210
12 58 40 49 15 16 0 0.00 0.0 0 10.1 21 270 M M 2 29 260
13 40 23 32 -2 33 0 0.39 2.7 1 6.5 15 350 M M 10 1 19 340
14 25 14 20 -14 45 0 0.00 0.0 2 8.4 20 300 M M 1 31 330
15 30 8 19 -15 46 0 0.00 0.0 1 3.2 10 250 M M 0 17 240
16 48 16 32 -2 33 0 0.00 0.0 1 4.7 13 170 M M 1 M M
17 66 38 52 17 13 0 0.17 0.0 0 14.0 30 210 M M 4 1 41 210
18 64 25 45 10 20 0 0.15 0.0 0 14.0 30 210 M M 5 1 42 210
19 42 21 32 -3 33 0 T T 0 11.7 29 310 M M 3 1 41 310
20 36 17 27 -8 38 0 0.00 0.0 0 8.1 18 210 M M 0 26 210
21 57 23 40 4 25 0 0.00 0.0 0 2.4 9 190 M M 0 17 250
22 61 34 48 12 17 0 0.10 0.0 0 9.3 25 210 M M 8 1 35 210
23 68 35 52 16 13 0 0.00 0.0 0 11.5 21 310 M M 2 30 310
24 35 28 32 -4 33 0 0.01 T 0 8.1 17 350 M M 7 146 21 350
25 46 29 38 2 27 0 0.78 T T 10.3 23 290 M M 9 16 32 240
26 38 25 32 -5 33 0 0.00 0.0 0 6.9 16 350 M M 2 23 270
27 49 23 36 -1 29 0 0.00 0.0 0 11.0 26 260 M M 0 35 250
28 38 26 32 -5 33 0 0.00 0.0 0 6.9 18 340 M M 2 23 350
================================================================================
SM 1291 690 821 0 2.70 2.8 216.0 M 105
================================================================================
AV 46.1 24.6 7.7 FASTST M M 4 MAX(MPH)
MISC ----> # 30 210 42 210
================================================================================
NOTES:
# LAST OF SEVERAL OCCURRENCES
COLUMN 17 PEAK WIND IN M.P.H.
PRELIMINARY LOCAL CLIMATOLOGICAL DATA (WS FORM: F-6) , PAGE 2
STATION: TRENTON NJ
MONTH: FEBRUARY
YEAR: 2022
LATITUDE: 40 16 N
LONGITUDE: 74 49 W
[TEMPERATURE DATA] [PRECIPITATION DATA] SYMBOLS USED IN COLUMN 16
AVERAGE MONTHLY: 35.4 TOTAL FOR MONTH: 2.70 1 = FOG OR MIST
DPTR FM NORMAL: 1.1 DPTR FM NORMAL: 0.05 2 = FOG REDUCING VISIBILITY
HIGHEST: 68 ON 23 GRTST 24HR 0.78 ON 25-25 TO 1/4 MILE OR LESS
LOWEST: 8 ON 15 3 = THUNDER
SNOW, ICE PELLETS, HAIL 4 = ICE PELLETS
TOTAL MONTH: 2.8 INCHES 5 = HAIL
GRTST 24HR 2.7 ON 13-13 6 = FREEZING RAIN OR DRIZZLE
GRTST DEPTH: 5 ON M 7 = DUSTSTORM OR SANDSTORM:
VSBY 1/2 MILE OR LESS
8 = SMOKE OR HAZE
[NO. OF DAYS WITH] [WEATHER - DAYS WITH] 9 = BLOWING SNOW
X = TORNADO
MAX 32 OR BELOW: 3 0.01 INCH OR MORE: 9
MAX 90 OR ABOVE: 0 0.10 INCH OR MORE: 7
MIN 32 OR BELOW: 23 0.50 INCH OR MORE: 2
MIN 0 OR BELOW: 0 1.00 INCH OR MORE: 0
[HDD (BASE 65) ]
TOTAL THIS MO. 821 CLEAR (SCALE 0-3) 15
DPTR FM NORMAL -37 PTCLDY (SCALE 4-7) 8
TOTAL FM JUL 1 3487 CLOUDY (SCALE 8-10) 5
DPTR FM NORMAL -212
[CDD (BASE 65) ]
TOTAL THIS MO. 0
DPTR FM NORMAL 0 [PRESSURE DATA]
TOTAL FM JAN 1 0 HIGHEST SLP M ON M
DPTR FM NORMAL 0 LOWEST SLP 29.33 ON 18
[REMARKS]
#FINAL-02-22#