000
CXUS54 KMEG 032233
CF6TUP
PRELIMINARY LOCAL CLIMATOLOGICAL DATA (WS FORM: F-6)
STATION: TUPELO
MONTH: JULY
YEAR: 2021
LATITUDE: 34 16 N
LONGITUDE: 88 46 W
TEMPERATURE IN F: :PCPN: SNOW: WIND :SUNSHINE: SKY :PK WND
================================================================================
1 2 3 4 5 6A 6B 7 8 9 10 11 12 13 14 15 16 17 18
12Z AVG MX 2MIN
DY MAX MIN AVG DEP HDD CDD WTR SNW DPTH SPD SPD DIR MIN PSBL S-S WX SPD DR
================================================================================
1 91 74 83 1 0 18 0.20 0.0 0 3.6 10 320 M M 4 13 15 270
2 89 69 79 -3 0 14 0.25 0.0 0 7.8 18 10 M M 6 1 22 10
3 85 65 75 -7 0 10 0.00 0.0 0 7.3 15 30 M M 1 20 40
4 87 63 75 -7 0 10 0.00 0.0 0 5.0 8 50 M M 0 M M
5 92 66 79 -3 0 14 0.00 0.0 0 4.1 10 100 M M 1 17 200
6 90 70 80 -2 0 15 0.00 0.0 0 7.0 17 160 M M 2 22 170
7 84 73 79 -3 0 14 0.83 0.0 0 5.6 13 170 M M 8 1 15 150
8 91 73 82 0 0 17 0.00 0.0 0 5.3 14 190 M M 6 1 17 180
9 90 76 83 1 0 18 0.00 0.0 0 5.8 13 260 M M 1 16 200
10 90 74 82 0 0 17 0.15 0.0 0 7.0 21 240 M M 4 1 29 230
11 89 75 82 0 0 17 0.01 0.0 0 7.0 18 190 M M 6 3 23 210
12 86 73 80 -2 0 15 0.73 0.0 0 7.7 23 190 M M 7 18 31 190
13 90 73 82 0 0 17 0.04 0.0 0 7.5 14 360 M M 6 18 18 360
14 92 72 82 0 0 17 1.36 0.0 0 3.6 14 190 M M 5 138 16 200
15 93 73 83 1 0 18 0.00 0.0 0 5.5 16 190 M M 1 22 180
16 91 74 83 1 0 18 0.75 0.0 0 5.8 17 180 M M 3 13 22 240
17 88 74 81 -1 0 16 0.15 0.0 0 5.6 12 170 M M 7 18 15 180
18 86 73 80 -3 0 15 0.03 0.0 0 4.8 12 190 M M 6 15 180
19 80 73 77 -6 0 12 0.97 0.0 0 2.6 8 180 M M 8 13 9 180
20 85 72 79 -4 0 14 1.45 0.0 0 6.4 23 30 M M 7 13 27 30
21 91 73 82 -1 0 17 0.31 0.0 0 2.8 15 30 M M 7 1 17 30
22 93 74 84 1 0 19 0.42 0.0 0 1.8 20 240 M M 2 13 25 240
23 93 74 84 1 0 19 0.16 0.0 0 2.1 21 360 M M 4 13 24 360
24 94 74 84 1 0 19 0.00 0.0 0 1.3 13 110 M M 1 13 16 120
25 95 77 86 3 0 21 0.00 0.0 0 2.9 10 180 M M 2 12 14 200
26 94 77 86 3 0 21 0.28 0.0 0 2.8 15 20 M M 1 138 20 360
27 95 76 86 3 0 21 0.00 0.0 0 3.5 12 360 M M 2 18 17 360
28 96 77 87 4 0 22 0.00 0.0 0 3.6 9 360 M M 1 12 12 20
29 97 75 86 3 0 21 0.00 0.0 0 1.5 8 310 M M 0 18 13 260
30 97 76 87 4 0 22 0.00 0.0 0 1.8 9 10 M M 1 1 15 280
31 98 79 89 6 0 24 0.00 0.0 0 2.6 12 260 M M 0 13 14 250
================================================================================
SM 2812 2267 0 532 8.09 0.0 141.7 M 110
================================================================================
AV 90.7 73.1 4.6 FASTST M M 4 MAX(MPH)
MISC ----> # 23 190 31 190
================================================================================
NOTES:
# LAST OF SEVERAL OCCURRENCES
COLUMN 17 PEAK WIND IN M.P.H.
PRELIMINARY LOCAL CLIMATOLOGICAL DATA (WS FORM: F-6) , PAGE 2
STATION: TUPELO
MONTH: JULY
YEAR: 2021
LATITUDE: 34 16 N
LONGITUDE: 88 46 W
[TEMPERATURE DATA] [PRECIPITATION DATA] SYMBOLS USED IN COLUMN 16
AVERAGE MONTHLY: 81.9 TOTAL FOR MONTH: 8.09 1 = FOG OR MIST
DPTR FM NORMAL: -0.4 DPTR FM NORMAL: 3.59 2 = FOG REDUCING VISIBILITY
HIGHEST: 98 ON 31 GRTST 24HR 1.64 ON 19-20 TO 1/4 MILE OR LESS
LOWEST: 63 ON 4 3 = THUNDER
SNOW, ICE PELLETS, HAIL 4 = ICE PELLETS
TOTAL MONTH: 0.0 INCH 5 = HAIL
GRTST 24HR 0.0 6 = FREEZING RAIN OR DRIZZLE
GRTST DEPTH: 0 7 = DUSTSTORM OR SANDSTORM:
VSBY 1/2 MILE OR LESS
8 = SMOKE OR HAZE
[NO. OF DAYS WITH] [WEATHER - DAYS WITH] 9 = BLOWING SNOW
X = TORNADO
MAX 32 OR BELOW: 0 0.01 INCH OR MORE: 17
MAX 90 OR ABOVE: 21 0.10 INCH OR MORE: 14
MIN 32 OR BELOW: 0 0.50 INCH OR MORE: 6
MIN 0 OR BELOW: 0 1.00 INCH OR MORE: 2
[HDD (BASE 65) ]
TOTAL THIS MO. 0 CLEAR (SCALE 0-3) 16
DPTR FM NORMAL 0 PTCLDY (SCALE 4-7) 15
TOTAL FM JUL 1 0 CLOUDY (SCALE 8-10) 0
DPTR FM NORMAL 0
[CDD (BASE 65) ]
TOTAL THIS MO. 532
DPTR FM NORMAL -6 [PRESSURE DATA]
TOTAL FM JAN 1 1256 HIGHEST SLP 30.24 ON 14
DPTR FM NORMAL -31 LOWEST SLP 29.85 ON 2
[REMARKS]
#FINAL-07-21#