000
CXUS55 KTWC 010855
CF6TUS
PRELIMINARY LOCAL CLIMATOLOGICAL DATA (WS FORM: F-6)
STATION: TUCSON AZ
MONTH: JUNE
YEAR: 2021
LATITUDE: 32 7 N
LONGITUDE: 110 56 W
TEMPERATURE IN F: :PCPN: SNOW: WIND :SUNSHINE: SKY :PK WND
================================================================================
1 2 3 4 5 6A 6B 7 8 9 10 11 12 13 14 15 16 17 18
12Z AVG MX 2MIN
DY MAX MIN AVG DEP HDD CDD WTR SNW DPTH SPD SPD DIR MIN PSBL S-S WX SPD DR
================================================================================
1 100 68 84 2 0 19 0.00 M M 4.8 14 30 M M 0 41 350
2 101 70 86 3 0 21 0.00 M M 6.9 16 350 M M 0 23 310
3 102 73 88 5 0 23 0.00 M M 7.1 17 290 M M 0 26 300
4 101 73 87 4 0 22 0.00 M M 8.1 22 260 M M 0 32 250
5 102 71 87 3 0 22 0.00 M M 9.0 24 270 M M 0 33 270
6 101 73 87 3 0 22 0.00 M M 10.2 23 190 M M 0 34 180
7 100 67 84 0 0 19 0.00 M M 8.8 22 220 M M 0 30 200
8 97 67 82 -3 0 17 0.00 M M 7.6 18 200 M M 0 27 240
9 103 66 85 0 0 20 0.00 M M 6.8 18 290 M M 0 25 290
10 102 67 85 0 0 20 0.00 M M 5.6 18 350 M M 0 26 360
11 105 70 88 3 0 23 0.00 M M 6.0 16 340 M M 0 23 350
12 110 68 89 3 0 24 0.00 M M 6.4 17 320 M M 0 23 330
13 112 74 93 7 0 28 0.00 M M 8.1 18 330 M M 0 27 330
14 112 76 94 8 0 29 0.00 M M 7.2 20 330 M M 0 26 340
15 115 80 98 12 0 33 0.00 M M 7.7 24 130 M M 0 30 110
16 114 83 99 12 0 34 0.00 M M 8.2 24 130 M M 0 35 140
17 112 81 97 10 0 32 0.00 M M 9.5 21 140 M M M 27 130
18 112 82 97 10 0 32 0.00 M M 8.3 21 40 M M 0 8 26 270
19 113 80 97 10 0 32 0.00 M M 6.4 18 340 M M 0 26 360
20 109 84 97 10 0 32 0.00 M M 9.3 22 270 M M 0 34 290
21 105 83 94 6 0 29 0.00 M M 8.2 22 350 M M M 30 350
22 98 79 89 1 0 24 T M M 8.2 18 340 M M 0 26 310
23 99 76 88 0 0 23 0.17 M M 6.6 24 280 M M 2 3 35 270
24 99 75 87 -1 0 22 0.00 M M 6.0 16 290 M M 4 23 300
25 102 77 90 2 0 25 0.00 M M 5.8 18 260 M M 1 28 240
26 103 75 89 1 0 24 0.00 M M 4.7 16 230 M M 0 8 23 220
27 107 75 91 3 0 26 0.00 M M 7.6 25 110 M M 0 38 110
28 103 81 92 4 0 27 0.00 M M 15.3 30 120 M M 0 8 42 120
29 99 77 88 0 0 23 T M M 12.5 28 120 M M 1 37 130
30 100 79 90 2 0 25 T M M 10.1 25 10 M M 1 35 10
================================================================================
SM 3138 2250 0 752 0.17 M 237.0 M 9
================================================================================
AV104.6 75.0 7.9 FASTST M M 0 MAX(MPH)
MISC ----> 30 120 42 120
================================================================================
NOTES:
# LAST OF SEVERAL OCCURRENCES
COLUMN 17 PEAK WIND IN M.P.H.
PRELIMINARY LOCAL CLIMATOLOGICAL DATA (WS FORM: F-6) , PAGE 2
STATION: TUCSON AZ
MONTH: JUNE
YEAR: 2021
LATITUDE: 32 7 N
LONGITUDE: 110 56 W
[TEMPERATURE DATA] [PRECIPITATION DATA] SYMBOLS USED IN COLUMN 16
AVERAGE MONTHLY: 89.8 TOTAL FOR MONTH: 0.17 1 = FOG OR MIST
DPTR FM NORMAL: 3.7 DPTR FM NORMAL: -0.06 2 = FOG REDUCING VISIBILITY
HIGHEST: 115 ON 15 GRTST 24HR 0.17 ON 22-23 TO 1/4 MILE OR LESS
LOWEST: 66 ON 9 3 = THUNDER
SNOW, ICE PELLETS, HAIL 4 = ICE PELLETS
TOTAL MONTH: M 5 = HAIL
GRTST 24HR M ON M 6 = FREEZING RAIN OR DRIZZLE
GRTST DEPTH: M ON M 7 = DUSTSTORM OR SANDSTORM:
VSBY 1/2 MILE OR LESS
8 = SMOKE OR HAZE
[NO. OF DAYS WITH] [WEATHER - DAYS WITH] 9 = BLOWING SNOW
X = TORNADO
MAX 32 OR BELOW: 0 0.01 INCH OR MORE: 1
MAX 90 OR ABOVE: 30 0.10 INCH OR MORE: 1
MIN 32 OR BELOW: 0 0.50 INCH OR MORE: 0
MIN 0 OR BELOW: 0 1.00 INCH OR MORE: 0
[HDD (BASE 65) ]
TOTAL THIS MO. 0 CLEAR (SCALE 0-3) 27
DPTR FM NORMAL 0 PTCLDY (SCALE 4-7) 1
TOTAL FM JUL 1 1198 CLOUDY (SCALE 8-10) 2
DPTR FM NORMAL -133
[CDD (BASE 65) ]
TOTAL THIS MO. 752
DPTR FM NORMAL 118 [PRESSURE DATA]
TOTAL FM JAN 1 1443 HIGHEST SLP M ON M
DPTR FM NORMAL 254 LOWEST SLP 27.07 ON 18
[REMARKS]
#FINAL-06-21#