000
CXUS53 KAPX 010730
CF6TVC
PRELIMINARY LOCAL CLIMATOLOGICAL DATA (WS FORM: F-6)
STATION: TRAVERSE CITY MI
MONTH: JUNE
YEAR: 2022
LATITUDE: 44 44 N
LONGITUDE: 85 34 W
TEMPERATURE IN F: :PCPN: SNOW: WIND :SUNSHINE: SKY :PK WND
================================================================================
1 2 3 4 5 6A 6B 7 8 9 10 11 12 13 14 15 16 17 18
12Z AVG MX 2MIN
DY MAX MIN AVG DEP HDD CDD WTR SNW DPTH SPD SPD DIR MIN PSBL S-S WX SPD DR
================================================================================
1 78 47 63 2 2 0 0.00 M M 6.2 15 270 M M 6 23 30
2 74 46 60 -2 5 0 0.00 M M 5.0 21 300 M M 2 27 290
3 74 44 59 -3 6 0 0.00 M M 9.2 28 260 M M 2 42 290
4 77 41 59 -3 6 0 0.00 M M 4.6 16 260 M M 2 24 270
5 72 46 59 -4 6 0 0.08 M M 3.8 13 220 M M 6 1 19 230
6 62 54 58 -5 7 0 1.06 M M 4.3 13 330 M M 10 1 19 120
7 66 50 58 -5 7 0 T M M 5.5 15 330 M M 8 1 21 330
8 70 47 59 -5 6 0 0.12 M M 2.6 10 250 M M 7 1 13 250
9 72 50 61 -3 4 0 0.00 M M 5.9 16 310 M M 4 1 22 310
10 79 47 63 -1 2 0 0.00 M M 4.1 16 40 M M 3 23 40
11 76 50 63 -1 2 0 0.29 M M 6.1 16 280 M M 6 1 20 260
12 63 48 56 -9 9 0 0.02 M M 5.8 13 40 M M 7 1 19 40
13 79 44 62 -3 3 0 T M M 3.7 12 100 M M 7 16 10
14 87 62 75 10 0 10 0.00 M M 6.4 16 140 M M 4 29 150
15 95 72 84 18 0 19 0.36 M M 8.9 26 290 M M 5 13 39 300
16 88 70 79 13 0 14 0.03 M M 13.6 33 260 M M 4 13 53 230
17 78 52 65 -1 0 0 0.00 M M 10.9 22 310 M M 2 32 340
18 68 47 58 -8 7 0 0.00 M M 6.4 16 20 M M 2 22 20
19 80 44 62 -5 3 0 0.15 M M 3.7 21 10 M M 6 3 32 360
20 90 59 75 8 0 10 0.03 M M 7.4 16 240 M M 7 28 230
21 92 70 81 14 0 16 0.00 M M 8.5 20 250 M M 4 29 260
22 80 54 67 -1 0 2 0.00 M M 8.3 17 280 M M 1 24 10
23 80 48 64 -4 1 0 0.00 M M 3.1 10 30 M M 1 14 10
24 93 61 77 9 0 12 0.00 M M 8.0 18 270 M M 4 26 280
25 92 63 78 10 0 13 T M M 6.1 17 260 M M 6 28 230
26 78 61 70 2 0 5 0.00 M M 13.2 24 280 M M 7 39 300
27 66 50 58 -10 7 0 0.00 M M 8.1 17 340 M M 4 25 350
28 86 50 68 -1 0 3 0.09 M M 10.6 23 270 M M 5 37 230
29 76 58 67 -2 0 2 0.03 M M 5.1 13 40 M M 7 1 22 10
30 91 62 77 8 0 12 0.02 M M 10.4 21 230 M M 7 36 220
================================================================================
SM 2362 1597 83 118 2.28 M 205.5 M 146
================================================================================
AV 78.7 53.2 6.9 FASTST M M 5 MAX(MPH)
MISC ----> 33 260 53 230
================================================================================
NOTES:
# LAST OF SEVERAL OCCURRENCES
COLUMN 17 PEAK WIND IN M.P.H.
PRELIMINARY LOCAL CLIMATOLOGICAL DATA (WS FORM: F-6) , PAGE 2
STATION: TRAVERSE CITY MI
MONTH: JUNE
YEAR: 2022
LATITUDE: 44 44 N
LONGITUDE: 85 34 W
[TEMPERATURE DATA] [PRECIPITATION DATA] SYMBOLS USED IN COLUMN 16
AVERAGE MONTHLY: 66.0 TOTAL FOR MONTH: 2.28 1 = FOG OR MIST
DPTR FM NORMAL: 0.4 DPTR FM NORMAL: -0.29 2 = FOG REDUCING VISIBILITY
HIGHEST: 95 ON 15 GRTST 24HR 1.14 ON 5- 6 TO 1/4 MILE OR LESS
LOWEST: 41 ON 4 3 = THUNDER
SNOW, ICE PELLETS, HAIL 4 = ICE PELLETS
TOTAL MONTH: M 5 = HAIL
GRTST 24HR M ON M 6 = FREEZING RAIN OR DRIZZLE
GRTST DEPTH: M ON M 7 = DUSTSTORM OR SANDSTORM:
VSBY 1/2 MILE OR LESS
8 = SMOKE OR HAZE
[NO. OF DAYS WITH] [WEATHER - DAYS WITH] 9 = BLOWING SNOW
X = TORNADO
MAX 32 OR BELOW: 0 0.01 INCH OR MORE: 12
MAX 90 OR ABOVE: 6 0.10 INCH OR MORE: 5
MIN 32 OR BELOW: 0 0.50 INCH OR MORE: 1
MIN 0 OR BELOW: 0 1.00 INCH OR MORE: 1
[HDD (BASE 65) ]
TOTAL THIS MO. 83 CLEAR (SCALE 0-3) 7
DPTR FM NORMAL 0 PTCLDY (SCALE 4-7) 22
TOTAL FM JUL 1 6770 CLOUDY (SCALE 8-10) 1
DPTR FM NORMAL -334
[CDD (BASE 65) ]
TOTAL THIS MO. 118
DPTR FM NORMAL 17 [PRESSURE DATA]
TOTAL FM JAN 1 192 HIGHEST SLP 30.29 ON 19
DPTR FM NORMAL 61 LOWEST SLP 29.65 ON 16
[REMARKS]
#FINAL-06-22#