000
CXUS53 KAPX 011306
CF6TVC
PRELIMINARY LOCAL CLIMATOLOGICAL DATA (WS FORM: F-6)
STATION: TRAVERSE CITY MI
MONTH: OCTOBER
YEAR: 2023
LATITUDE: 44 44 N
LONGITUDE: 85 34 W
TEMPERATURE IN F: :PCPN: SNOW: WIND :SUNSHINE: SKY :PK WND
================================================================================
1 2 3 4 5 6A 6B 7 8 9 10 11 12 13 14 15 16 17 18
12Z AVG MX 2MIN
DY MAX MIN AVG DEP HDD CDD WTR SNW DPTH SPD SPD DIR MIN PSBL S-S WX SPD DR
================================================================================
1 81 60 71 15 0 6 0.01 M M 2.9 13 310 M M 5 13 23 320
2 88 60 74 19 0 9 0.00 M M 3.6 12 260 M M 2 17 220
3 88 59 74 19 0 9 0.00 M M 4.5 14 190 M M 2 20 180
4 83 68 76 21 0 11 0.02 M M 7.8 18 210 M M 6 31 190
5 73 59 66 12 0 1 T M M 5.7 12 250 M M 7 18 260
6 62 48 55 1 10 0 0.06 M M 9.0 21 260 M M 6 13 38 260
7 52 44 48 -5 17 0 0.10 M M 13.8 22 310 M M 9 1 37 310
8 53 46 50 -3 15 0 0.03 M M 13.3 23 330 M M 7 35 350
9 50 44 47 -6 18 0 0.07 M M 11.9 21 280 M M 10 1 30 310
10 52 44 48 -4 17 0 0.07 M M 7.8 16 280 M M 10 1 23 270
11 59 43 51 -1 14 0 0.02 M M 4.8 16 280 M M 8 22 310
12 58 37 48 -3 17 0 0.00 M M 4.2 13 360 M M 6 1 18 340
13 53 45 49 -2 16 0 0.26 M M 4.4 10 50 M M 8 14 60
14 57 50 54 3 11 0 0.03 M M 11.4 20 30 M M 9 1 29 30
15 54 51 53 3 12 0 0.00 M M 12.4 18 350 M M 10 31 350
16 52 49 51 1 14 0 0.00 M M 9.1 15 20 M M 10 24 360
17 55 47 51 2 14 0 0.00 M M 2.8 9 270 M M 10 13 320
18 66 45 56 7 9 0 0.01 M M 4.6 15 180 M M 7 23 170
19 60 51 56 7 9 0 0.13 M M 3.1 13 190 M M 10 12 19 200
20 55 47 51 3 14 0 0.08 M M 9.3 20 330 M M 10 1 29 10
21 50 45 48 0 17 0 0.00 M M 8.5 17 330 M M 10 24 330
22 49 33 41 -7 24 0 0.00 M M 7.2 16 360 M M 8 27 20
23 51 31 41 -6 24 0 0.12 M M 4.0 10 140 M M 7 13 16 160
24 70 51 61 14 4 0 1.16 M M 6.9 18 260 M M 9 13 29 240
25 64 56 60 14 5 0 0.22 M M 5.8 18 230 M M 10 1 30 230
26 65 56 61 15 4 0 0.48 M M 4.6 13 220 M M 10 1 23 230
27 70 49 60 14 5 0 0.47 M M 8.1 18 330 M M 10 1 28 310
28 49 43 46 1 19 0 T M M 8.2 18 320 M M 10 27 310
29 44 37 41 -4 24 0 0.05 M M 3.8 12 330 M M 10 16 320
30 40 34 37 -8 28 0 0.01 M M 8.0 21 270 M M 9 27 280
31 42 31 37 -7 28 0 0.02 M M 6.6 21 330 M M 7 158 34 330
================================================================================
SM 1845 1463 389 36 3.42 M 218.1 M 252
================================================================================
AV 59.5 47.2 7.0 FASTST M M 8 MAX(MPH)
MISC ----> 23 330 38 260
================================================================================
NOTES:
# LAST OF SEVERAL OCCURRENCES
COLUMN 17 PEAK WIND IN M.P.H.
PRELIMINARY LOCAL CLIMATOLOGICAL DATA (WS FORM: F-6) , PAGE 2
STATION: TRAVERSE CITY MI
MONTH: OCTOBER
YEAR: 2023
LATITUDE: 44 44 N
LONGITUDE: 85 34 W
[TEMPERATURE DATA] [PRECIPITATION DATA] SYMBOLS USED IN COLUMN 16
AVERAGE MONTHLY: 53.4 TOTAL FOR MONTH: 3.42 1 = FOG OR MIST
DPTR FM NORMAL: 3.5 DPTR FM NORMAL: -0.18 2 = FOG REDUCING VISIBILITY
HIGHEST: 88 ON 3, 2 GRTST 24HR 1.29 ON 24-25 TO 1/4 MILE OR LESS
LOWEST: 31 ON 31,23 3 = THUNDER
SNOW, ICE PELLETS, HAIL 4 = ICE PELLETS
TOTAL MONTH: M 5 = HAIL
GRTST 24HR M ON M 6 = FREEZING RAIN OR DRIZZLE
GRTST DEPTH: M ON M 7 = DUSTSTORM OR SANDSTORM:
VSBY 1/2 MILE OR LESS
8 = SMOKE OR HAZE
[NO. OF DAYS WITH] [WEATHER - DAYS WITH] 9 = BLOWING SNOW
X = TORNADO
MAX 32 OR BELOW: 0 0.01 INCH OR MORE: 21
MAX 90 OR ABOVE: 0 0.10 INCH OR MORE: 8
MIN 32 OR BELOW: 2 0.50 INCH OR MORE: 1
MIN 0 OR BELOW: 0 1.00 INCH OR MORE: 1
[HDD (BASE 65) ]
TOTAL THIS MO. 389 CLEAR (SCALE 0-3) 2
DPTR FM NORMAL -86 PTCLDY (SCALE 4-7) 12
TOTAL FM JUL 1 493 CLOUDY (SCALE 8-10) 17
DPTR FM NORMAL -181
[CDD (BASE 65) ]
TOTAL THIS MO. 36
DPTR FM NORMAL 29 [PRESSURE DATA]
TOTAL FM JAN 1 596 HIGHEST SLP 30.33 ON 1
DPTR FM NORMAL 61 LOWEST SLP 29.47 ON 20
[REMARKS]
#FINAL-10-23#