000
CXUS55 KREV 010914
CF6TVL
PRELIMINARY LOCAL CLIMATOLOGICAL DATA (WS FORM: F-6)
STATION: SOUTH LAKE TAHOE CA
MONTH: AUGUST
YEAR: 2021
LATITUDE: 38 53 N
LONGITUDE: 119 60 W
TEMPERATURE IN F: :PCPN: SNOW: WIND :SUNSHINE: SKY :PK WND
================================================================================
1 2 3 4 5 6A 6B 7 8 9 10 11 12 13 14 15 16 17 18
12Z AVG MX 2MIN
DY MAX MIN AVG DEP HDD CDD WTR SNW DPTH SPD SPD DIR MIN PSBL S-S WX SPD DR
================================================================================
1 81 47 64 2 1 0 0.00 M M 4.0 17 190 M M 2 21 190
2 87 46 67 5 0 2 0.00 M M 3.8 18 210 M M 0 8 23 200
3 89 45 67 5 0 2 0.00 M M 4.6 16 190 M M 0 22 190
4 88 44 66 4 0 1 0.00 M M 5.6 23 190 M M 0 30 180
5 78 46 62 0 3 0 0.00 M M 7.6 24 190 M M 0 40 190
6 78 37 58 -4 7 0 0.00 M M 3.2 12 20 M M 9 8 14 30
7 84 40 62 0 3 0 0.00 M M 4.0 16 190 M M 8 8 21 210
8 81 39 60 -2 5 0 0.00 M M 5.7 21 190 M M 1 8 29 190
9 83 41 62 1 3 0 0.00 M M 5.3 15 30 M M 0 20 20
10 86 46 66 5 0 1 0.00 M M 4.2 13 180 M M 0 20 30
11 89 47 68 7 0 3 0.00 M M 3.2 15 20 M M 0 19 20
12 90 48 69 8 0 4 0.00 M M 4.0 21 190 M M 0 38 27 180
13 86 50 68 7 0 3 T M M 3.3 17 170 M M 1 38 26 150
14 90 50 70 9 0 5 0.00 M M 3.9 13 20 M M 0 8 19 30
15 89 50 70 9 0 5 0.00 M M 2.8 13 20 M M 2 8 16 30
16 91 51 71 11 0 6 0.00 M M 3.4 14 190 M M 6 8 24 200
17 74 51 63 3 2 0 0.00 M M 8.5 22 190 M M 8 8 29 190
18 66 42 54 -6 11 0 0.00 M M 2.8 13 30 M M 6 8 17 30
19 73 33 53 -7 12 0 0.00 M M 3.9 13 20 M M 0 8 17 20
20 75 38 57 -3 8 0 0.00 M M 3.8 15 180 M M 4 8 21 180
21 69 41 55 -5 10 0 0.00 M M 7.5 23 190 M M 4 8 33 180
22 75 32 54 -6 11 0 0.00 M M 4.3 14 170 M M 7 8 19 160
23 76 33 55 -4 10 0 0.00 M M 5.1 18 200 M M 10 18 27 190
24 75 37 56 -3 9 0 0.00 M M 4.8 18 190 M M 7 8 26 180
25 74 37 56 -3 9 0 0.00 M M 3.2 16 190 M M 5 8 25 200
26 74 32 53 -6 12 0 0.00 M M 3.4 12 200 M M 10 8 14 190
27 75 36 56 -3 9 0 0.00 M M 3.3 8 190 M M 10 8 10 200
28 81 36 59 1 6 0 0.00 M M 2.6 12 30 M M 8 8 15 30
29 79 35 57 -1 8 0 0.00 M M 2.8 12 190 M M 8 8 17 190
30 81 41 61 3 4 0 0.00 M M 2.6 12 190 M M 10 8 19 190
31 80 44 62 4 3 0 0.00 M M 3.4 15 220 M M 10 8 24 210
================================================================================
SM 2497 1295 146 32 T M 130.6 M 136
================================================================================
AV 80.5 41.8 4.2 FASTST M M 4 MAX(MPH)
MISC ----> 24 190 40 190
================================================================================
NOTES:
# LAST OF SEVERAL OCCURRENCES
COLUMN 17 PEAK WIND IN M.P.H.
PRELIMINARY LOCAL CLIMATOLOGICAL DATA (WS FORM: F-6) , PAGE 2
STATION: SOUTH LAKE TAHOE CA
MONTH: AUGUST
YEAR: 2021
LATITUDE: 38 53 N
LONGITUDE: 119 60 W
[TEMPERATURE DATA] [PRECIPITATION DATA] SYMBOLS USED IN COLUMN 16
AVERAGE MONTHLY: 61.2 TOTAL FOR MONTH: T 1 = FOG OR MIST
DPTR FM NORMAL: 0.8 DPTR FM NORMAL: -0.36 2 = FOG REDUCING VISIBILITY
HIGHEST: 91 ON 16 GRTST 24HR T ON 13-13 TO 1/4 MILE OR LESS
LOWEST: 32 ON 26,22 3 = THUNDER
SNOW, ICE PELLETS, HAIL 4 = ICE PELLETS
TOTAL MONTH: M 5 = HAIL
GRTST 24HR M ON M 6 = FREEZING RAIN OR DRIZZLE
GRTST DEPTH: M ON M 7 = DUSTSTORM OR SANDSTORM:
VSBY 1/2 MILE OR LESS
8 = SMOKE OR HAZE
[NO. OF DAYS WITH] [WEATHER - DAYS WITH] 9 = BLOWING SNOW
X = TORNADO
MAX 32 OR BELOW: 0 0.01 INCH OR MORE: 0
MAX 90 OR ABOVE: 3 0.10 INCH OR MORE: 0
MIN 32 OR BELOW: 2 0.50 INCH OR MORE: 0
MIN 0 OR BELOW: 0 1.00 INCH OR MORE: 0
[HDD (BASE 65) ]
TOTAL THIS MO. 146 CLEAR (SCALE 0-3) 14
DPTR FM NORMAL -7 PTCLDY (SCALE 4-7) 9
TOTAL FM JUL 1 161 CLOUDY (SCALE 8-10) 8
DPTR FM NORMAL -121
[CDD (BASE 65) ]
TOTAL THIS MO. 32
DPTR FM NORMAL 24 [PRESSURE DATA]
TOTAL FM JAN 1 140 HIGHEST SLP M ON M
DPTR FM NORMAL 112 LOWEST SLP 29.73 ON 21
[REMARKS]
#FINAL-08-21#