000
CXUS56 KPQR 011201
CF6UAO
PRELIMINARY LOCAL CLIMATOLOGICAL DATA (WS FORM: F-6)
STATION: AURORA STATE OR
MONTH: FEBRUARY
YEAR: 2024
LATITUDE: 45 15 N
LONGITUDE: 122 46 W
TEMPERATURE IN F: :PCPN: SNOW: WIND :SUNSHINE: SKY :PK WND
================================================================================
1 2 3 4 5 6A 6B 7 8 9 10 11 12 13 14 15 16 17 18
12Z AVG MX 2MIN
DY MAX MIN AVG DEP HDD CDD WTR SNW DPTH SPD SPD DIR MIN PSBL S-S WX SPD DR
================================================================================
1 60 47 54 10 11 0 0.02 M M 2.9 18 200 M M 7 25 200
2 55 39 47 3 18 0 0.01 M M 6.4 20 190 M M 6 25 190
3 54 32 43 -1 22 0 0.00 M M 1.7 7 250 M M 0 18 9 270
4 58 34 46 2 19 0 T M M 10.2 20 50 M M 3 18 25 50
5 50 44 47 3 18 0 0.34 M M 3.6 14 50 M M 10 1 18 60
6 52 41 47 3 18 0 0.05 M M 2.2 7 260 M M 9 1 9 180
7 51 42 47 3 18 0 0.05 M M 1.6 7 350 M M 9 8 330
8 50 39 45 1 20 0 0.03 M M 2.2 9 220 M M 9 1 12 220
9 45 41 43 -1 22 0 0.15 M M 4.3 9 180 M M 10 1 12 170
10 54 37 46 2 19 0 0.00 M M 1.2 7 340 M M 4 1 9 330
11 57 40 49 5 16 0 T M M 8.0 23 180 M M 7 1 30 180
12 54 39 47 3 18 0 0.00 M M 6.7 14 190 M M 8 18 200
13 45 36 41 -3 24 0 0.00 M M 3.7 9 30 M M 6 12 11 20
14 47 35 41 -4 24 0 0.33 M M 3.9 13 40 M M 10 12 19 60
15 51 39 45 0 20 0 0.57 M M 7.0 22 200 M M 10 1 30 200
16 47 38 43 -2 22 0 0.10 M M 14.4 22 50 M M 4 1 30 50
17 49 40 45 0 20 0 0.16 M M 13.5 21 40 M M 10 28 30
18 52 39 46 1 19 0 0.03 M M 5.8 14 360 M M 6 1 19 360
19 56 43 50 5 15 0 0.13 M M 7.1 13 10 M M 8 1 16 350
20 54 41 48 3 17 0 0.33 M M 4.0 14 40 M M 8 1 19 220
21 52 45 49 4 16 0 0.46 M M 8.2 22 190 M M 10 1 27 200
22 60 43 52 6 13 0 0.01 M M 3.0 10 360 M M 5 1 13 360
23 59 36 48 2 17 0 0.00 M M 2.3 10 360 M M 1 1 13 360
24 58 36 47 1 18 0 0.00 M M 2.1 10 20 M M 3 1 12 360
25 52 42 47 1 18 0 0.29 M M 8.2 18 190 M M 10 1 24 220
26 44 35 40 -6 25 0 0.19 M M 4.8 15 290 M M 8 1 23 320
27 47 35 41 -5 24 0 0.09 M M 11.2 22 190 M M 9 1 35 190
28 52 47 50 4 15 0 0.57 M M 16.3 29 180 M M 10 1 40 190
29 51 37 44 -2 21 0 1.21 M M 11.7 24 190 M M 10 1 37 210
================================================================================
SM 1516 1142 547 0 5.12 M 178.2 M 210
================================================================================
AV 52.3 39.4 6.1 FASTST M M 7 MAX(MPH)
MISC ----> 29 180 40 190
================================================================================
NOTES:
# LAST OF SEVERAL OCCURRENCES
COLUMN 17 PEAK WIND IN M.P.H.
PRELIMINARY LOCAL CLIMATOLOGICAL DATA (WS FORM: F-6) , PAGE 2
STATION: AURORA STATE OR
MONTH: FEBRUARY
YEAR: 2024
LATITUDE: 45 15 N
LONGITUDE: 122 46 W
[TEMPERATURE DATA] [PRECIPITATION DATA] SYMBOLS USED IN COLUMN 16
AVERAGE MONTHLY: 45.8 TOTAL FOR MONTH: 5.12 1 = FOG OR MIST
DPTR FM NORMAL: 1.1 DPTR FM NORMAL: 1.09 2 = FOG REDUCING VISIBILITY
HIGHEST: 60 ON 22, 1 GRTST 24HR 1.55 ON 28-29 TO 1/4 MILE OR LESS
LOWEST: 32 ON 3 3 = THUNDER
SNOW, ICE PELLETS, HAIL 4 = ICE PELLETS
TOTAL MONTH: M 5 = HAIL
GRTST 24HR M ON M 6 = FREEZING RAIN OR DRIZZLE
GRTST DEPTH: M ON M 7 = DUSTSTORM OR SANDSTORM:
VSBY 1/2 MILE OR LESS
8 = SMOKE OR HAZE
[NO. OF DAYS WITH] [WEATHER - DAYS WITH] 9 = BLOWING SNOW
X = TORNADO
MAX 32 OR BELOW: 0 0.01 INCH OR MORE: 21
MAX 90 OR ABOVE: 0 0.10 INCH OR MORE: 13
MIN 32 OR BELOW: 1 0.50 INCH OR MORE: 3
MIN 0 OR BELOW: 0 1.00 INCH OR MORE: 1
[HDD (BASE 65) ]
TOTAL THIS MO. 547 CLEAR (SCALE 0-3) 4
DPTR FM NORMAL -20 PTCLDY (SCALE 4-7) 11
TOTAL FM JUL 1 2825 CLOUDY (SCALE 8-10) 14
DPTR FM NORMAL -164
[CDD (BASE 65) ]
TOTAL THIS MO. 0
DPTR FM NORMAL 0 [PRESSURE DATA]
TOTAL FM JAN 1 0 HIGHEST SLP 30.35 ON 23
DPTR FM NORMAL 0 LOWEST SLP 29.40 ON 5
[REMARKS]
#FINAL-02-24#