000
CXUS53 KLSX 011609
CF6UIN
PRELIMINARY LOCAL CLIMATOLOGICAL DATA (WS FORM: F-6)
STATION: QUINCY IL
MONTH: JUNE
YEAR: 2023
LATITUDE: 39 57 N
LONGITUDE: 91 12 W
TEMPERATURE IN F: :PCPN: SNOW: WIND :SUNSHINE: SKY :PK WND
================================================================================
1 2 3 4 5 6A 6B 7 8 9 10 11 12 13 14 15 16 17 18
12Z AVG MX 2MIN
DY MAX MIN AVG DEP HDD CDD WTR SNW DPTH SPD SPD DIR MIN PSBL S-S WX SPD DR
================================================================================
1 90 65 78 9 0 13 0.00 0.0 0 6.3 16 200 M M 1 20 140
2 91 66 79 10 0 14 0.00 0.0 0 5.9 14 110 M M 1 25 80
3 91 63 77 7 0 12 0.00 0.0 0 7.4 17 60 M M 1 24 80
4 90 61 76 6 0 11 0.00 0.0 0 8.0 18 60 M M 0 24 50
5 81 60 71 1 0 6 0.00 0.0 0 5.0 13 80 M M 0 18 80
6 88 56 72 2 0 7 0.00 0.0 0 2.8 10 310 M M 0 8 15 320
7 79 58 69 -2 0 4 0.07 0.0 0 5.5 14 70 M M 4 18 20 30
8 80 55 68 -3 0 3 0.00 0.0 0 5.6 14 50 M M 1 20 70
9 82 51 67 -4 0 2 0.00 0.0 0 5.7 12 140 M M 0 16 120
10 85 61 73 1 0 8 0.01 0.0 0 7.2 15 210 M M 2 20 210
11 68 54 61 -11 4 0 0.37 0.0 0 12.4 24 40 M M 10 1 30 30
12 74 48 61 -11 4 0 0.00 0.0 0 8.2 21 360 M M 0 12 26 360
13 85 57 71 -1 0 6 0.00 0.0 0 11.7 22 250 M M 1 31 240
14 88 58 73 0 0 8 0.00 0.0 0 5.4 12 290 M M 1 16 250
15 91 59 75 2 0 10 0.00 0.0 0 5.8 16 280 M M 2 21 280
16 79 58 69 -4 0 4 0.00 0.0 0 8.4 16 80 M M 0 22 50
17 83 57 70 -3 0 5 0.00 0.0 0 6.5 12 120 M M 1 8 17 150
18 82 64 73 -1 0 8 0.00 0.0 0 8.5 18 170 M M 2 25 170
19 88 61 75 1 0 10 0.00 0.0 0 6.4 14 20 M M 0 1 20 40
20 90 61 76 2 0 11 0.00 0.0 0 8.2 16 50 M M 0 21 50
21 88 67 78 4 0 13 0.00 0.0 0 9.5 17 80 M M 2 25 110
22 90 63 77 3 0 12 0.00 0.0 0 6.0 16 20 M M 2 8 23 40
23 92 60 76 1 0 11 0.00 0.0 0 3.9 13 300 M M 2 18 30
24 95 66 81 6 0 16 0.37 0.0 0 8.1 29 170 M M 1 13 49 190
25 87 69 78 3 0 13 0.00 0.0 0 14.2 26 300 M M 1 3 37 280
26 83 66 75 0 0 10 0.00 0.0 0 12.7 22 330 M M 3 30 330
27 86 61 74 -1 0 9 0.00 0.0 0 6.0 13 350 M M 3 8 19 360
28 87 65 76 1 0 11 0.03 0.0 0 10.9 23 160 M M 1 138 33 160
29 87 68 78 2 0 13 0.67 0.0 0 7.0 37 310 M M 1 13 56 310
30 88 66 77 1 0 12 0.00 0.0 0 7.1 22 330 M M 2 13 32 340
================================================================================
SM 2568 1824 8 262 1.52 0.0 226.3 M 45
================================================================================
AV 85.6 60.8 7.5 FASTST M M 2 MAX(MPH)
MISC ----> 37 310 56 310
================================================================================
NOTES:
# LAST OF SEVERAL OCCURRENCES
COLUMN 17 PEAK WIND IN M.P.H.
PRELIMINARY LOCAL CLIMATOLOGICAL DATA (WS FORM: F-6) , PAGE 2
STATION: QUINCY IL
MONTH: JUNE
YEAR: 2023
LATITUDE: 39 57 N
LONGITUDE: 91 12 W
[TEMPERATURE DATA] [PRECIPITATION DATA] SYMBOLS USED IN COLUMN 16
AVERAGE MONTHLY: 73.2 TOTAL FOR MONTH: 1.52 1 = FOG OR MIST
DPTR FM NORMAL: 0.4 DPTR FM NORMAL: -2.98 2 = FOG REDUCING VISIBILITY
HIGHEST: 95 ON 24 GRTST 24HR 0.67 ON 29-29 TO 1/4 MILE OR LESS
LOWEST: 48 ON 12 3 = THUNDER
SNOW, ICE PELLETS, HAIL 4 = ICE PELLETS
TOTAL MONTH: 0.0 INCH 5 = HAIL
GRTST 24HR 0.0 6 = FREEZING RAIN OR DRIZZLE
GRTST DEPTH: 0 7 = DUSTSTORM OR SANDSTORM:
VSBY 1/2 MILE OR LESS
8 = SMOKE OR HAZE
[NO. OF DAYS WITH] [WEATHER - DAYS WITH] 9 = BLOWING SNOW
X = TORNADO
MAX 32 OR BELOW: 0 0.01 INCH OR MORE: 6
MAX 90 OR ABOVE: 9 0.10 INCH OR MORE: 3
MIN 32 OR BELOW: 0 0.50 INCH OR MORE: 1
MIN 0 OR BELOW: 0 1.00 INCH OR MORE: 0
[HDD (BASE 65) ]
TOTAL THIS MO. 8 CLEAR (SCALE 0-3) 28
DPTR FM NORMAL -5 PTCLDY (SCALE 4-7) 1
TOTAL FM JUL 1 4961 CLOUDY (SCALE 8-10) 1
DPTR FM NORMAL -521
[CDD (BASE 65) ]
TOTAL THIS MO. 262
DPTR FM NORMAL 17 [PRESSURE DATA]
TOTAL FM JAN 1 366 HIGHEST SLP 30.06 ON 5
DPTR FM NORMAL 18 LOWEST SLP 29.63 ON 14
[REMARKS]
#FINAL-06-23#