221
CXUS56 KEKA 011330
CF6UKI
PRELIMINARY LOCAL CLIMATOLOGICAL DATA (WS FORM: F-6)
STATION: UKIAH CA
MONTH: DECEMBER
YEAR: 2020
LATITUDE: 39 7 N
LONGITUDE: 123 12 W
TEMPERATURE IN F: :PCPN: SNOW: WIND :SUNSHINE: SKY :PK WND
================================================================================
1 2 3 4 5 6A 6B 7 8 9 10 11 12 13 14 15 16 17 18
12Z AVG MX 2MIN
DY MAX MIN AVG DEP HDD CDD WTR SNW DPTH SPD SPD DIR MIN PSBL S-S WX SPD DR
================================================================================
1 66 32 49 2 16 0 0.00 M M 0.7 7 280 M M 0 18 8 280
2 69 31 50 4 15 0 0.00 M M 0.8 6 280 M M 0 1 8 280
3 66 33 50 4 15 0 0.00 0.0 0 0.4 6 350 M M 0 18 6 250
4 67 32 50 4 15 0 0.00 0.0 0 0.5 7 310 M M 0 8 8 310
5 61 31 46 0 19 0 0.00 0.0 0 0.3 8 120 M M 2 18 10 120
6 64 35 50 4 15 0 0.00 0.0 0 0.7 12 310 M M 1 1 14 310
7 77 34 56 10 9 0 0.00 0.0 0 2.5 14 320 M M 0 8 16 270
8 72 31 52 6 13 0 0.00 0.0 0 0.8 6 270 M M 0 8 8 10
9 65 31 48 2 17 0 0.00 0.0 0 0.5 6 280 M M 0 8 7 330
10 67 30 49 4 16 0 0.00 0.0 0 2.4 15 330 M M 0 21 310
11 47 33 40 -5 25 0 0.94 M M 0.9 6 190 M M 7 18 8 340
12 58 43 51 6 14 0 0.09 M M 2.1 10 160 M M 9 1 14 160
13 55 41 48 3 17 0 0.38 M M 3.9 17 320 M M 8 1 23 330
14 57 33 45 0 20 0 0.00 0.0 0 1.8 10 300 M M 0 1 14 310
15 59 39 49 4 16 0 0.00 0.0 0 0.8 8 340 M M 7 1 11 20
16 51 49 50 5 15 0 0.61 M M 5.9 16 160 M M 10 1 20 160
17 54 36 45 0 20 0 0.12 M M 4.7 17 300 M M 3 1 23 290
18 60 31 46 1 19 0 0.00 M M 1.0 7 190 M M 0 18 7 330
19 63 31 47 2 18 0 0.00 0.0 0 0.7 7 330 M M 0 1 8 330
20 63 34 49 4 16 0 0.00 0.0 0 1.2 7 280 M M 3 128 8 280
21 63 34 49 4 16 0 0.00 0.0 0 2.1 14 340 M M 4 2 20 320
22 59 35 47 2 18 0 0.00 0.0 0 2.5 14 330 M M 1 1 19 330
23 60 28 44 -1 21 0 0.00 0.0 0 1.4 8 350 M M 0 8 10 360
24 63 29 46 1 19 0 T M M 4.5 16 190 M M 3 24 190
25 55 48 52 7 13 0 0.36 M M 8.1 21 180 M M 9 1 30 210
26 57 38 48 3 17 0 0.16 M M 2.8 13 290 M M 4 1 17 320
27 55 36 46 1 19 0 0.00 M M 1.4 8 190 M M 4 2 11 180
28 60 31 46 1 19 0 0.00 M M 0.6 6 280 M M 0 18 7 320
29 59 28 44 -1 21 0 0.00 M M 0.6 7 280 M M 0 1 8 280
30 57 30 44 -1 21 0 0.23 M M 1.6 12 340 M M 4 1 14 320
31 58 34 46 1 19 0 0.00 M M 2.9 15 330 M M 1 12 19 320
================================================================================
SM 1887 1061 533 0 2.89 0.0 61.1 M 80
================================================================================
AV 60.9 34.2 2.0 FASTST M M 3 MAX(MPH)
MISC ----> 21 180 30 210
================================================================================
NOTES:
# LAST OF SEVERAL OCCURRENCES
COLUMN 17 PEAK WIND IN M.P.H.
PRELIMINARY LOCAL CLIMATOLOGICAL DATA (WS FORM: F-6) , PAGE 2
STATION: UKIAH CA
MONTH: DECEMBER
YEAR: 2020
LATITUDE: 39 7 N
LONGITUDE: 123 12 W
[TEMPERATURE DATA] [PRECIPITATION DATA] SYMBOLS USED IN COLUMN 16
AVERAGE MONTHLY: 47.5 TOTAL FOR MONTH: 2.89 1 = FOG OR MIST
DPTR FM NORMAL: 2.1 DPTR FM NORMAL: -4.06 2 = FOG REDUCING VISIBILITY
HIGHEST: 77 ON 7 GRTST 24HR 1.03 ON 11-12 TO 1/4 MILE OR LESS
LOWEST: 28 ON 29,23 3 = THUNDER
SNOW, ICE PELLETS, HAIL 4 = ICE PELLETS
TOTAL MONTH: 0.0 INCH 5 = HAIL
GRTST 24HR 0.0 6 = FREEZING RAIN OR DRIZZLE
GRTST DEPTH: 0 7 = DUSTSTORM OR SANDSTORM:
VSBY 1/2 MILE OR LESS
8 = SMOKE OR HAZE
[NO. OF DAYS WITH] [WEATHER - DAYS WITH] 9 = BLOWING SNOW
X = TORNADO
MAX 32 OR BELOW: 0 0.01 INCH OR MORE: 8
MAX 90 OR ABOVE: 0 0.10 INCH OR MORE: 7
MIN 32 OR BELOW: 14 0.50 INCH OR MORE: 2
MIN 0 OR BELOW: 0 1.00 INCH OR MORE: 0
[HDD (BASE 65) ]
TOTAL THIS MO. 533 CLEAR (SCALE 0-3) 19
DPTR FM NORMAL -74 PTCLDY (SCALE 4-7) 9
TOTAL FM JUL 1 987 CLOUDY (SCALE 8-10) 3
DPTR FM NORMAL -245
[CDD (BASE 65) ]
TOTAL THIS MO. 0
DPTR FM NORMAL 0 [PRESSURE DATA]
TOTAL FM JAN 1 1449 HIGHEST SLP 30.45 ON 19
DPTR FM NORMAL 614 LOWEST SLP 29.74 ON 28
[REMARKS]
#FINAL-12-20#