837
CXUS53 KSGF 010800
CF6UNO
PRELIMINARY LOCAL CLIMATOLOGICAL DATA (WS FORM: F-6)
STATION: WEST PLAINS MO
MONTH: MARCH
YEAR: 2020
LATITUDE: 36 52 N
LONGITUDE: 91 55 W
TEMPERATURE IN F: :PCPN: SNOW: WIND :SUNSHINE: SKY :PK WND
================================================================================
1 2 3 4 5 6A 6B 7 8 9 10 11 12 13 14 15 16 17 18
12Z AVG MX 2MIN
DY MAX MIN AVG DEP HDD CDD WTR SNW DPTH SPD SPD DIR MIN PSBL S-S WX SPD DR
================================================================================
1 61 42 52 10 13 0 T M M 8.4 21 210 M M 6 38 220
2 69 46 58 16 7 0 0.84 M M 4.3 15 280 M M 9 13 22 250
3 63 39 51 8 14 0 0.00 M M 6.6 16 320 M M 2 1 23 330
4 59 37 48 5 17 0 0.00 M M 6.7 17 350 M M 0 25 340
5 67 35 51 7 14 0 0.00 M M 8.9 26 320 M M 0 36 290
6 57 31 44 0 21 0 0.00 M M 8.8 21 320 M M 0 32 300
7 58 26 42 -2 23 0 0.00 M M 6.2 15 170 M M 0 8 21 140
8 69 39 54 9 11 0 0.00 M M 11.3 21 180 M M 0 30 200
9 60 54 57 12 8 0 0.43 M M 12.4 22 170 M M 8 1 33 160
10 60 40 50 5 15 0 0.00 M M 6.6 17 280 M M 5 24 310
11 69 45 57 11 8 0 0.55 M M 5.0 15 350 M M 5 13 22 350
12 81 50 66 20 0 1 0.01 M M 9.4 22 280 M M 5 12 35 280
13 56 42 49 3 16 0 0.01 M M 11.0 18 30 M M 4 28 350
14 44 38 41 -6 24 0 1.41 M M 9.7 17 300 M M 10 13 22 300
15 40 36 38 -9 27 0 0.00 M M 8.4 15 50 M M 10 1 20 50
16 44 37 41 -7 24 0 1.12 M M 3.6 12 130 M M 10 13 16 180
17 54 44 49 1 16 0 0.11 M M 4.6 12 50 M M 9 13 14 30
18 71 48 60 12 5 0 0.75 M M 6.9 14 150 M M 8 1 21 160
19 67 60 64 15 1 0 2.33 M M 8.4 24 250 M M 10 13 38 250
20 66 36 51 2 14 0 0.00 M M 10.8 21 350 M M 6 29 350
21 53 34 44 -5 21 0 0.00 M M 5.8 17 130 M M 5 26 130
22 43 37 40 -10 25 0 0.23 M M 6.6 15 100 M M 9 1 23 120
23 60 43 52 2 13 0 0.00 M M 2.3 10 120 M M 6 1 16 130
24 55 45 50 0 15 0 1.10 M M 8.0 18 100 M M 10 13 25 100
25 57 45 51 0 14 0 0.00 M M 6.6 14 160 M M 0 1 20 150
26 86 50 68 17 0 3 0.00 M M 7.7 15 230 M M 4 12 20 230
27 79 63 71 20 0 6 0.00 M M 6.5 16 150 M M 4 24 160
28 71 57 64 12 1 0 0.10 M M 8.8 20 200 M M 3 138 31 200
29 70 46 58 6 7 0 0.00 M M 12.0 29 270 M M 0 43 270
30 68 46 57 5 8 0 0.46 M M 4.0 12 30 M M 3 1 16 30
31 66 45 56 3 9 0 0.58 M M 6.0 18 310 M M 5 1 26 330
================================================================================
SM 1923 1336 391 10 10.03 M 232.3 M 156
================================================================================
AV 62.0 43.1 7.5 FASTST M M 5 MAX(MPH)
MISC ----> # 29 270 # 43 270
================================================================================
NOTES:
# LAST OF SEVERAL OCCURRENCES
COLUMN 17 PEAK WIND IN M.P.H.
PRELIMINARY LOCAL CLIMATOLOGICAL DATA (WS FORM: F-6) , PAGE 2
STATION: WEST PLAINS MO
MONTH: MARCH
YEAR: 2020
LATITUDE: 36 52 N
LONGITUDE: 91 55 W
[TEMPERATURE DATA] [PRECIPITATION DATA] SYMBOLS USED IN COLUMN 16
AVERAGE MONTHLY: 52.6 TOTAL FOR MONTH: 10.03 1 = FOG OR MIST
DPTR FM NORMAL: 5.1 DPTR FM NORMAL: 5.74 2 = FOG REDUCING VISIBILITY
HIGHEST: 86 ON 26 GRTST 24HR 2.33 ON 19-19 TO 1/4 MILE OR LESS
LOWEST: 26 ON 7 3 = THUNDER
SNOW, ICE PELLETS, HAIL 4 = ICE PELLETS
TOTAL MONTH: M 5 = HAIL
GRTST 24HR M ON M 6 = FREEZING RAIN OR DRIZZLE
GRTST DEPTH: M ON M 7 = DUSTSTORM OR SANDSTORM:
VSBY 1/2 MILE OR LESS
8 = SMOKE OR HAZE
[NO. OF DAYS WITH] [WEATHER - DAYS WITH] 9 = BLOWING SNOW
X = TORNADO
MAX 32 OR BELOW: 0 0.01 INCH OR MORE: 15
MAX 90 OR ABOVE: 0 0.10 INCH OR MORE: 13
MIN 32 OR BELOW: 2 0.50 INCH OR MORE: 8
MIN 0 OR BELOW: 0 1.00 INCH OR MORE: 4
[HDD (BASE 65) ]
TOTAL THIS MO. 391 CLEAR (SCALE 0-3) 10
DPTR FM NORMAL -155 PTCLDY (SCALE 4-7) 13
TOTAL FM JUL 1 3632 CLOUDY (SCALE 8-10) 8
DPTR FM NORMAL -378
[CDD (BASE 65) ]
TOTAL THIS MO. 10
DPTR FM NORMAL 6 [PRESSURE DATA]
TOTAL FM JAN 1 10 HIGHEST SLP M ON M
DPTR FM NORMAL 6 LOWEST SLP 29.55 ON 28
[REMARKS]
#FINAL-03-20#