043
CXUS54 KCRP 011444
CF6VCT
PRELIMINARY LOCAL CLIMATOLOGICAL DATA (WS FORM: F-6)
STATION: VICTORIA
MONTH: JULY
YEAR: 2020
LATITUDE: 28 51 N
LONGITUDE: 96 55 W
TEMPERATURE IN F: :PCPN: SNOW: WIND :SUNSHINE: SKY :PK WND
================================================================================
1 2 3 4 5 6A 6B 7 8 9 10 11 12 13 14 15 16 17 18
12Z AVG MX 2MIN
DY MAX MIN AVG DEP HDD CDD WTR SNW DPTH SPD SPD DIR MIN PSBL S-S WX SPD DR
================================================================================
1 95 81 88 5 0 23 0.00 0.0 0 14.2 23 150 M M 6 8 29 180
2 96 78 87 4 0 22 0.00 0.0 0 9.8 16 160 M M 5 18 22 180
3 98 77 88 5 0 23 0.00 0.0 0 5.5 15 150 M M 3 18 18 150
4 100 76 88 5 0 23 0.00 0.0 0 7.4 18 150 M M 1 1 21 150
5 98 77 88 4 0 23 0.00 0.0 0 9.4 20 150 M M 2 18 22 150
6 97 81 89 5 0 24 0.00 0.0 0 12.5 22 160 M M 4 28 150
7 96 81 89 5 0 24 0.00 0.0 0 11.5 21 150 M M 3 1 26 150
8 97 82 90 6 0 25 0.00 0.0 0 12.8 24 160 M M 6 18 29 150
9 96 80 88 4 0 23 0.00 0.0 0 12.8 22 150 M M 5 18 28 160
10 98 78 88 4 0 23 0.00 0.0 0 9.8 18 160 M M 3 1 25 170
11 100 77 89 5 0 24 0.00 0.0 0 9.5 18 160 M M 1 1 22 160
12 101 79 90 6 0 25 0.00 0.0 0 8.0 18 160 M M 3 28 180
13 101 80 91 7 0 26 0.00 0.0 0 10.1 21 160 M M 3 25 160
14 99 80 90 6 0 25 0.00 0.0 0 13.6 25 150 M M 3 18 31 150
15 99 78 89 5 0 24 0.00 0.0 0 12.4 24 170 M M 3 1 31 170
16 100 78 89 5 0 24 0.00 0.0 0 9.7 21 140 M M 5 1 28 170
17 99 76 88 4 0 23 0.11 0.0 0 5.8 25 130 M M 4 123 32 140
18 98 74 86 2 0 21 0.00 0.0 0 6.2 24 150 M M 1 30 150
19 96 74 85 1 0 20 0.00 0.0 0 6.6 18 120 M M 2 3 23 120
20 98 74 86 2 0 21 0.00 0.0 0 8.1 20 70 M M 3 1 25 110
21 97 77 87 3 0 22 0.01 0.0 0 6.0 20 150 M M 5 13 25 150
22 96 76 86 2 0 21 0.00 0.0 0 6.6 18 140 M M 2 22 130
23 101 77 89 5 0 24 0.00 0.0 0 6.5 20 120 M M 2 1 24 110
24 100 78 89 5 0 24 T 0.0 0 10.7 30 70 M M 4 3 39 60
25 85 77 81 -3 0 16 1.39 0.0 0 16.1 26 50 M M 8 18 34 50
26 93 75 84 0 0 19 0.64 0.0 0 10.7 29 130 M M 6 13 37 130
27 93 76 85 1 0 20 0.02 0.0 0 7.0 24 80 M M 3 13 32 90
28 89 77 83 -1 0 18 0.02 0.0 0 5.2 23 190 M M 5 123 30 180
29 89 76 83 -1 0 18 0.47 0.0 0 5.1 28 190 M M 3 13 39 190
30 95 78 87 3 0 22 0.00 0.0 0 9.9 22 150 M M 2 1 28 160
31 96 78 87 3 0 22 T 0.0 0 8.1 17 170 M M 2 18 21 180
================================================================================
SM 2996 2406 0 692 2.66 0.0 287.6 M 108
================================================================================
AV 96.7 77.6 9.3 FASTST M M 3 MAX(MPH)
MISC ----> # 30 70 # 39 60
================================================================================
NOTES:
# LAST OF SEVERAL OCCURRENCES
COLUMN 17 PEAK WIND IN M.P.H.
PRELIMINARY LOCAL CLIMATOLOGICAL DATA (WS FORM: F-6) , PAGE 2
STATION: VICTORIA
MONTH: JULY
YEAR: 2020
LATITUDE: 28 51 N
LONGITUDE: 96 55 W
[TEMPERATURE DATA] [PRECIPITATION DATA] SYMBOLS USED IN COLUMN 16
AVERAGE MONTHLY: 87.1 TOTAL FOR MONTH: 2.66 1 = FOG OR MIST
DPTR FM NORMAL: 3.2 DPTR FM NORMAL: -1.52 2 = FOG REDUCING VISIBILITY
HIGHEST: 101 ON 23,13 GRTST 24HR 1.39 ON 25-25 TO 1/4 MILE OR LESS
LOWEST: 74 ON 20,19 3 = THUNDER
SNOW, ICE PELLETS, HAIL 4 = ICE PELLETS
TOTAL MONTH: 0.0 INCH 5 = HAIL
GRTST 24HR 0.0 6 = FREEZING RAIN OR DRIZZLE
GRTST DEPTH: 0 7 = DUSTSTORM OR SANDSTORM:
VSBY 1/2 MILE OR LESS
8 = SMOKE OR HAZE
[NO. OF DAYS WITH] [WEATHER - DAYS WITH] 9 = BLOWING SNOW
X = TORNADO
MAX 32 OR BELOW: 0 0.01 INCH OR MORE: 7
MAX 90 OR ABOVE: 28 0.10 INCH OR MORE: 4
MIN 32 OR BELOW: 0 0.50 INCH OR MORE: 2
MIN 0 OR BELOW: 0 1.00 INCH OR MORE: 1
[HDD (BASE 65) ]
TOTAL THIS MO. 0 CLEAR (SCALE 0-3) 14
DPTR FM NORMAL 0 PTCLDY (SCALE 4-7) 17
TOTAL FM JUL 1 0 CLOUDY (SCALE 8-10) 0
DPTR FM NORMAL 0
[CDD (BASE 65) ]
TOTAL THIS MO. 692
DPTR FM NORMAL 106 [PRESSURE DATA]
TOTAL FM JAN 1 2295 HIGHEST SLP 30.06 ON 17
DPTR FM NORMAL 542 LOWEST SLP 29.77 ON 25
[REMARKS]
#FINAL-07-20#