000
CXUS56 KLOX 011155
CF6VNY
PRELIMINARY LOCAL CLIMATOLOGICAL DATA (WS FORM: F-6)
STATION: VAN NUYS AIRPORT CA
MONTH: AUGUST
YEAR: 2021
LATITUDE: 34 13 N
LONGITUDE: 118 29 W
TEMPERATURE IN F: :PCPN: SNOW: WIND :SUNSHINE: SKY :PK WND
================================================================================
1 2 3 4 5 6A 6B 7 8 9 10 11 12 13 14 15 16 17 18
12Z AVG MX 2MIN
DY MAX MIN AVG DEP HDD CDD WTR SNW DPTH SPD SPD DIR MIN PSBL S-S WX SPD DR
================================================================================
1 100 68 84 5 0 19 0.00 M M 3.5 14 310 M M 0 18 290
2 104 69 87 8 0 22 0.00 M M 3.0 13 300 M M 0 20 80
3 102 70 86 7 0 21 0.00 M M 3.9 12 140 M M 0 15 140
4 103 68 86 7 0 21 0.00 M M 4.5 14 150 M M 0 19 150
5 100 69 85 6 0 20 0.00 M M 4.9 17 160 M M 0 23 140
6 89 66 78 -1 0 13 0.00 M M 6.0 14 140 M M 0 19 130
7 91 66 79 0 0 14 0.00 M M 5.6 15 150 M M 3 18 19 150
8 95 64 80 1 0 15 0.00 M M 5.3 13 150 M M 2 18 17 140
9 95 64 80 1 0 15 0.00 M M 4.2 15 150 M M 0 18 19 160
10 98 67 83 4 0 18 0.00 M M 4.2 13 170 M M 0 17 160
11 98 71 85 6 0 20 0.00 M M 5.0 17 150 M M 0 20 150
12 96 72 84 5 0 19 0.00 M M 4.8 13 160 M M 0 20 160
13 92 70 81 2 0 16 0.00 M M 5.7 16 170 M M 0 22 180
14 95 71 83 4 0 18 T M M 4.8 14 140 M M 0 20 120
15 98 69 84 5 0 19 0.00 M M 4.5 12 150 M M 0 17 170
16 96 71 84 5 0 19 0.00 M M 6.2 16 180 M M 0 20 170
17 90 69 80 1 0 15 0.00 M M 6.9 16 150 M M 0 23 150
18 78 67 73 -6 0 8 T M M 8.4 16 180 M M 9 18 26 180
19 82 67 75 -4 0 10 0.00 M M 4.7 14 170 M M 5 18 160
20 83 64 74 -5 0 9 0.00 M M 5.2 14 160 M M 1 18 160
21 80 65 73 -6 0 8 0.00 M M 3.7 13 160 M M 6 16 150
22 82 63 73 -6 0 8 0.00 M M 3.7 14 150 M M 3 19 140
23 84 62 73 -6 0 8 0.00 M M 3.3 15 170 M M 1 19 170
24 88 62 75 -4 0 10 0.00 M M 4.3 13 170 M M 0 8 18 140
25 95 65 80 1 0 15 0.00 M M 3.2 13 160 M M 0 8 17 140
26 103 67 85 6 0 20 0.00 M M 3.4 13 150 M M 0 8 17 150
27 101 65 83 4 0 18 0.00 M M 4.3 14 160 M M 0 18 120
28 100 66 83 4 0 18 0.00 M M 3.9 15 130 M M 0 8 19 120
29 99 68 84 5 0 19 0.00 M M 3.7 13 110 M M 0 17 110
30 88 66 77 -2 0 12 0.00 M M 5.8 15 150 M M 0 20 160
31 82 65 74 -5 0 9 0.00 M M 5.7 14 170 M M 2 8 16 160
================================================================================
SM 2887 2076 0 476 T M 146.3 M 32
================================================================================
AV 93.1 67.0 4.7 FASTST M M 1 MAX(MPH)
MISC ----> # 17 160 26 180
================================================================================
NOTES:
# LAST OF SEVERAL OCCURRENCES
COLUMN 17 PEAK WIND IN M.P.H.
PRELIMINARY LOCAL CLIMATOLOGICAL DATA (WS FORM: F-6) , PAGE 2
STATION: VAN NUYS AIRPORT CA
MONTH: AUGUST
YEAR: 2021
LATITUDE: 34 13 N
LONGITUDE: 118 29 W
[TEMPERATURE DATA] [PRECIPITATION DATA] SYMBOLS USED IN COLUMN 16
AVERAGE MONTHLY: 80.0 TOTAL FOR MONTH: T 1 = FOG OR MIST
DPTR FM NORMAL: 1.0 DPTR FM NORMAL: -0.01 2 = FOG REDUCING VISIBILITY
HIGHEST: 104 ON 2 GRTST 24HR T ON 14-14 TO 1/4 MILE OR LESS
LOWEST: 62 ON 24,23 3 = THUNDER
SNOW, ICE PELLETS, HAIL 4 = ICE PELLETS
TOTAL MONTH: M 5 = HAIL
GRTST 24HR M ON M 6 = FREEZING RAIN OR DRIZZLE
GRTST DEPTH: M ON M 7 = DUSTSTORM OR SANDSTORM:
VSBY 1/2 MILE OR LESS
8 = SMOKE OR HAZE
[NO. OF DAYS WITH] [WEATHER - DAYS WITH] 9 = BLOWING SNOW
X = TORNADO
MAX 32 OR BELOW: 0 0.01 INCH OR MORE: 0
MAX 90 OR ABOVE: 21 0.10 INCH OR MORE: 0
MIN 32 OR BELOW: 0 0.50 INCH OR MORE: 0
MIN 0 OR BELOW: 0 1.00 INCH OR MORE: 0
[HDD (BASE 65) ]
TOTAL THIS MO. 0 CLEAR (SCALE 0-3) 27
DPTR FM NORMAL 0 PTCLDY (SCALE 4-7) 3
TOTAL FM JUL 1 0 CLOUDY (SCALE 8-10) 1
DPTR FM NORMAL 0
[CDD (BASE 65) ]
TOTAL THIS MO. 476
DPTR FM NORMAL 42 [PRESSURE DATA]
TOTAL FM JAN 1 1613 HIGHEST SLP 30.07 ON 14
DPTR FM NORMAL 345 LOWEST SLP 29.63 ON 27
[REMARKS]
#FINAL-08-21#