296
CXUS52 KMLB 010625
CF6VRB
PRELIMINARY LOCAL CLIMATOLOGICAL DATA (WS FORM: F-6)
STATION: VERO BEACH
MONTH: MARCH
YEAR: 2021
LATITUDE: 27 39 N
LONGITUDE: 80 25 W
TEMPERATURE IN F: :PCPN: SNOW: WIND :SUNSHINE: SKY :PK WND
================================================================================
1 2 3 4 5 6A 6B 7 8 9 10 11 12 13 14 15 16 17 18
12Z AVG MX 2MIN
DY MAX MIN AVG DEP HDD CDD WTR SNW DPTH SPD SPD DIR MIN PSBL S-S WX SPD DR
================================================================================
1 87 70 79 13 0 14 0.00 0.0 0 10.0 17 130 M M 3 23 240
2 83 69 76 10 0 11 0.00 0.0 0 6.5 15 220 M M 5 18 230
3 82 62 72 6 0 7 T 0.0 0 12.9 24 270 M M 6 1 31 270
4 71 53 62 -4 3 0 0.00 0.0 0 7.9 15 360 M M 6 19 30
5 76 49 63 -3 2 0 0.00 0.0 0 6.9 14 290 M M 0 19 40
6 76 54 65 -1 0 0 0.13 0.0 0 5.0 17 140 M M 4 12 21 10
7 70 57 64 -2 1 0 T 0.0 0 18.6 31 340 M M 3 1 41 360
8 73 59 66 -1 0 1 0.00 0.0 0 13.2 21 20 M M 5 31 360
9 74 56 65 -2 0 0 0.00 0.0 0 12.6 21 60 M M 5 27 100
10 76 61 69 2 0 4 0.00 0.0 0 10.7 20 70 M M 3 26 100
11 78 64 71 4 0 6 0.00 0.0 0 10.8 20 70 M M 4 24 70
12 79 55 67 0 0 2 0.00 0.0 0 6.6 16 80 M M 1 20 70
13 78 53 66 -1 0 1 0.00 0.0 0 4.1 14 70 M M 1 1 18 50
14 79 51 65 -2 0 0 0.00 0.0 0 4.4 13 130 M M 0 12 18 120
15 82 57 70 3 0 5 0.00 0.0 0 6.6 15 130 M M 1 128 21 70
16 83 58 71 4 0 6 0.00 0.0 0 10.4 23 140 M M 2 1 28 140
17 89 57 73 5 0 8 0.00 0.0 0 7.6 18 170 M M 1 1 22 200
18 89 68 79 11 0 14 0.00 0.0 0 12.4 26 170 M M 3 1 31 160
19 82 63 73 5 0 8 0.00 0.0 0 12.2 20 240 M M 3 27 220
20 76 56 66 -2 0 1 0.00 0.0 0 12.8 26 350 M M 4 33 350
21 72 55 64 -4 1 0 0.00 0.0 0 9.2 17 280 M M 7 23 290
22 74 52 63 -5 2 0 0.00 0.0 0 5.7 13 60 M M 5 17 70
23 78 51 65 -3 0 0 0.00 0.0 0 4.6 14 100 M M 1 12 20 80
24 81 57 69 1 0 4 0.00 0.0 0 9.1 18 130 M M 0 1 26 140
25 85 60 73 5 0 8 0.00 0.0 0 11.9 26 140 M M 2 12 32 130
26 87 72 80 12 0 15 0.00 0.0 0 12.8 23 130 M M 2 28 130
27 85 60 73 5 0 8 0.00 0.0 0 8.7 21 120 M M 3 12 26 130
28 90 71 81 12 0 16 0.00 0.0 0 8.9 20 170 M M 4 8 29 160
29 83 65 74 5 0 9 0.00 0.0 0 7.5 17 30 M M 2 22 20
30 85 73 79 10 0 14 0.00 0.0 0 10.9 20 140 M M 1 26 140
31 86 71 79 10 0 14 0.08 0.0 0 11.4 23 130 M M 3 1 27 140
================================================================================
SM 2489 1859 9 176 0.21 0.0 292.9 M 90
================================================================================
AV 80.3 60.0 9.4 FASTST M M 3 MAX(MPH)
MISC ----> 31 340 41 360
================================================================================
NOTES:
# LAST OF SEVERAL OCCURRENCES
COLUMN 17 PEAK WIND IN M.P.H.
PRELIMINARY LOCAL CLIMATOLOGICAL DATA (WS FORM: F-6) , PAGE 2
STATION: VERO BEACH
MONTH: MARCH
YEAR: 2021
LATITUDE: 27 39 N
LONGITUDE: 80 25 W
[TEMPERATURE DATA] [PRECIPITATION DATA] SYMBOLS USED IN COLUMN 16
AVERAGE MONTHLY: 70.1 TOTAL FOR MONTH: 0.21 1 = FOG OR MIST
DPTR FM NORMAL: 2.7 DPTR FM NORMAL: -3.91 2 = FOG REDUCING VISIBILITY
HIGHEST: 90 ON 28 GRTST 24HR 0.13 ON 6- 6 TO 1/4 MILE OR LESS
LOWEST: 49 ON 5 3 = THUNDER
SNOW, ICE PELLETS, HAIL 4 = ICE PELLETS
TOTAL MONTH: 0.0 INCH 5 = HAIL
GRTST 24HR 0.0 6 = FREEZING RAIN OR DRIZZLE
GRTST DEPTH: 0 7 = DUSTSTORM OR SANDSTORM:
VSBY 1/2 MILE OR LESS
8 = SMOKE OR HAZE
[NO. OF DAYS WITH] [WEATHER - DAYS WITH] 9 = BLOWING SNOW
X = TORNADO
MAX 32 OR BELOW: 0 0.01 INCH OR MORE: 2
MAX 90 OR ABOVE: 1 0.10 INCH OR MORE: 1
MIN 32 OR BELOW: 0 0.50 INCH OR MORE: 0
MIN 0 OR BELOW: 0 1.00 INCH OR MORE: 0
[HDD (BASE 65) ]
TOTAL THIS MO. 9 CLEAR (SCALE 0-3) 19
DPTR FM NORMAL -46 PTCLDY (SCALE 4-7) 12
TOTAL FM JUL 1 353 CLOUDY (SCALE 8-10) 0
DPTR FM NORMAL -87
[CDD (BASE 65) ]
TOTAL THIS MO. 176
DPTR FM NORMAL 47 [PRESSURE DATA]
TOTAL FM JAN 1 393 HIGHEST SLP M ON M
DPTR FM NORMAL 125 LOWEST SLP 29.86 ON 3
[REMARKS]
#FINAL-03-21#