000
CXUS51 KILN 010540
CF6VTA
PRELIMINARY LOCAL CLIMATOLOGICAL DATA (WS FORM: F-6)
STATION: NEWARK
MONTH: NOVEMBER
YEAR: 2023
LATITUDE: 40 1 N
LONGITUDE: 82 28 W
TEMPERATURE IN F: :PCPN: SNOW: WIND :SUNSHINE: SKY :PK WND
================================================================================
1 2 3 4 5 6A 6B 7 8 9 10 11 12 13 14 15 16 17 18
12Z AVG MX 2MIN
DY MAX MIN AVG DEP HDD CDD WTR SNW DPTH SPD SPD DIR MIN PSBL S-S WX SPD DR
================================================================================
1 45 24 35 -13 30 0 T M M 6.8 17 300 M M 2 24 300
2 52 22 37 -11 28 0 0.00 M M 5.1 18 210 M M 0 25 230
3 62 26 44 -4 21 0 0.00 M M 5.7 20 200 M M 0 25 210
4 66 39 53 6 12 0 0.00 M M 3.1 14 200 M M 2 18 200
5 62 35 49 2 16 0 0.00 M M 1.9 10 290 M M 0 18 14 290
6 69 31 50 3 15 0 0.00 M M 7.0 23 230 M M 2 1 31 220
7 68 45 57 11 8 0 0.00 M M 7.0 17 240 M M 1 25 230
8 72 35 54 8 11 0 0.00 M M 5.3 15 170 M M 2 1 19 150
9 73 39 56 10 9 0 0.15 M M 8.0 21 320 M M 6 1 30 250
10 61 33 47 2 18 0 0.00 M M 4.7 17 240 M M 2 22 250
11 50 30 40 -5 25 0 0.00 M M 2.6 9 350 M M 3 15 350
12 55 26 41 -3 24 0 0.00 M M 2.4 12 70 M M 0 1 14 80
13 63 24 44 0 21 0 0.00 M M 5.8 20 300 M M 0 26 310
14 59 26 43 -1 22 0 0.00 M M 0.8 10 320 M M 0 18 14 330
15 67 24 46 2 19 0 0.00 M M 3.5 17 230 M M 0 22 240
16 69 28 49 6 16 0 0.00 M M 2.6 13 210 M M 1 16 210
17 59 43 51 8 14 0 0.75 M M 6.7 18 350 M M 9 138 24 340
18 50 29 40 -2 25 0 0.00 M M 3.0 13 340 M M 2 1 19 10
19 57 25 41 -1 24 0 0.00 M M 2.2 10 310 M M 0 1 15 290
20 50 31 41 -1 24 0 T M M 7.3 16 80 M M 2 22 70
21 52 43 48 6 17 0 0.97 M M 8.6 18 290 M M 10 1 24 140
22 45 34 40 -1 25 0 0.01 M M 6.1 14 300 M M 10 1 19 300
23 50 30 40 -1 25 0 0.00 M M 5.8 16 210 M M 4 1 22 190
24 43 27 35 -6 30 0 0.00 M M 4.3 14 350 M M 3 1 19 340
25 44 23 34 -6 31 0 0.00 M M 1.6 10 150 M M 0 14 120
26 46 27 37 -3 28 0 0.23 M M 5.9 23 280 M M 8 1 30 280
27 38 30 34 -6 31 0 0.00 M M 14.6 25 260 M M 10 35 280
28 30 19 25 -14 40 0 T M M 10.0 18 270 M M 8 24 270
29 41 17 29 -10 36 0 0.00 M M 7.8 21 240 M M 1 27 230
30 56 23 40 1 25 0 0.00 M M 7.7 20 210 M M 3 8 28 210
================================================================================
SM 1654 888 670 0 2.11 M 163.9 M 91
================================================================================
AV 55.1 29.6 5.5 FASTST M M 3 MAX(MPH)
MISC ----> 25 260 35 280
================================================================================
NOTES:
# LAST OF SEVERAL OCCURRENCES
COLUMN 17 PEAK WIND IN M.P.H.
PRELIMINARY LOCAL CLIMATOLOGICAL DATA (WS FORM: F-6) , PAGE 2
STATION: NEWARK
MONTH: NOVEMBER
YEAR: 2023
LATITUDE: 40 1 N
LONGITUDE: 82 28 W
[TEMPERATURE DATA] [PRECIPITATION DATA] SYMBOLS USED IN COLUMN 16
AVERAGE MONTHLY: 42.4 TOTAL FOR MONTH: 2.11 1 = FOG OR MIST
DPTR FM NORMAL: -1.1 DPTR FM NORMAL: -0.58 2 = FOG REDUCING VISIBILITY
HIGHEST: 73 ON 9 GRTST 24HR 0.97 ON 21-21 TO 1/4 MILE OR LESS
LOWEST: 17 ON 29 3 = THUNDER
SNOW, ICE PELLETS, HAIL 4 = ICE PELLETS
TOTAL MONTH: M 5 = HAIL
GRTST 24HR M ON M 6 = FREEZING RAIN OR DRIZZLE
GRTST DEPTH: M ON M 7 = DUSTSTORM OR SANDSTORM:
VSBY 1/2 MILE OR LESS
8 = SMOKE OR HAZE
[NO. OF DAYS WITH] [WEATHER - DAYS WITH] 9 = BLOWING SNOW
X = TORNADO
MAX 32 OR BELOW: 1 0.01 INCH OR MORE: 5
MAX 90 OR ABOVE: 0 0.10 INCH OR MORE: 4
MIN 32 OR BELOW: 21 0.50 INCH OR MORE: 2
MIN 0 OR BELOW: 0 1.00 INCH OR MORE: 0
[HDD (BASE 65) ]
TOTAL THIS MO. 670 CLEAR (SCALE 0-3) 22
DPTR FM NORMAL 23 PTCLDY (SCALE 4-7) 4
TOTAL FM JUL 1 993 CLOUDY (SCALE 8-10) 4
DPTR FM NORMAL -65
[CDD (BASE 65) ]
TOTAL THIS MO. 0
DPTR FM NORMAL 0 [PRESSURE DATA]
TOTAL FM JAN 1 718 HIGHEST SLP M ON M
DPTR FM NORMAL -243 LOWEST SLP 29.70 ON 8
[REMARKS]
#FINAL-11-23#