000
CXUS55 KLBF 011410
CF6VTN
PRELIMINARY LOCAL CLIMATOLOGICAL DATA (WS FORM: F-6)
STATION: VALENTINE
MONTH: OCTOBER
YEAR: 2021
LATITUDE: 42 52 N
LONGITUDE: 100 33 W
TEMPERATURE IN F: :PCPN: SNOW: WIND :SUNSHINE: SKY :PK WND
================================================================================
1 2 3 4 5 6A 6B 7 8 9 10 11 12 13 14 15 16 17 18
12Z AVG MX 2MIN
DY MAX MIN AVG DEP HDD CDD WTR SNW DPTH SPD SPD DIR MIN PSBL S-S WX SPD DR
================================================================================
1 70 54 62 5 3 0 0.12 0.0 0 7.0 15 360 M M 7 18 21 350
2 77 47 62 6 3 0 0.00 0.0 0 6.6 16 330 M M 3 12 24 350
3 84 41 63 7 2 0 0.00 0.0 0 4.7 10 250 M M 0 17 270
4 85 41 63 8 2 0 0.00 0.0 0 6.1 15 150 M M 0 21 150
5 85 48 67 12 0 2 0.00 0.0 0 10.4 21 180 M M 0 38 190
6 81 46 64 10 1 0 0.00 0.0 0 11.5 25 170 M M 0 34 140
7 80 52 66 12 0 1 0.00 0.0 0 10.5 20 200 M M 1 25 200
8 86 51 69 16 0 4 0.00 0.0 0 5.2 13 230 M M 2 16 230
9 80 53 67 14 0 2 0.00 0.0 0 8.7 30 320 M M 1 40 330
10 71 44 58 6 7 0 0.00 0.0 0 11.7 24 310 M M 5 8 36 290
11 72 36 54 2 11 0 0.00 0.0 0 6.9 15 80 M M 0 22 50
12 67 43 55 4 10 0 0.13 0.0 0 13.9 29 80 M M 6 3 38 80
13 57 39 48 -3 17 0 0.27 0.0 0 21.1 41 270 M M 7 138 59 280
14 59 31 45 -5 20 0 0.00 0.0 0 9.2 18 290 M M 2 25 290
15 58 28 43 -7 22 0 0.00 0.0 0 11.6 29 290 M M 2 41 280
16 70 30 50 1 15 0 0.00 0.0 0 9.2 20 290 M M 0 27 290
17 82 32 57 8 8 0 0.00 0.0 0 8.8 22 210 M M 0 27 210
18 77 39 58 10 7 0 0.00 0.0 0 9.2 22 170 M M 0 28 200
19 64 34 49 1 16 0 0.17 0.0 0 12.2 25 350 M M 4 13 36 10
20 43 35 39 -8 26 0 0.00 0.0 0 15.0 23 320 M M 10 18 35 310
21 57 25 41 -6 24 0 0.00 0.0 0 4.3 10 290 M M 0 12 280
22 66 33 50 4 15 0 0.00 0.0 0 6.0 16 80 M M 1 26 80
23 58 34 46 0 19 0 0.00 0.0 0 12.1 26 130 M M 6 12 36 140
24 56 40 48 2 17 0 0.00 0.0 0 6.7 20 350 M M 7 1 27 330
25 55 40 48 3 17 0 0.00 0.0 0 14.7 25 160 M M 8 1 34 150
26 54 47 51 6 14 0 0.25 0.0 0 17.2 26 170 M M 10 138 39 160
27 61 40 51 7 14 0 0.05 0.0 0 16.8 26 340 M M 4 1 39 330
28 60 36 48 4 17 0 0.00 0.0 0 19.1 35 330 M M 0 51 330
29 70 27 49 6 16 0 0.00 0.0 0 7.8 13 200 M M 0 18 190
30 60 38 49 6 16 0 0.00 0.0 0 15.0 31 350 M M 3 43 340
31 45 37 41 -2 24 0 0.00 0.0 0 7.5 16 360 M M 10 23 10
================================================================================
SM 2090 1221 363 9 0.99 0.0 326.7 M 99
================================================================================
AV 67.4 39.4 10.5 FASTST M M 3 MAX(MPH)
MISC ----> 41 270 59 280
================================================================================
NOTES:
# LAST OF SEVERAL OCCURRENCES
COLUMN 17 PEAK WIND IN M.P.H.
PRELIMINARY LOCAL CLIMATOLOGICAL DATA (WS FORM: F-6) , PAGE 2
STATION: VALENTINE
MONTH: OCTOBER
YEAR: 2021
LATITUDE: 42 52 N
LONGITUDE: 100 33 W
[TEMPERATURE DATA] [PRECIPITATION DATA] SYMBOLS USED IN COLUMN 16
AVERAGE MONTHLY: 53.4 TOTAL FOR MONTH: 0.99 1 = FOG OR MIST
DPTR FM NORMAL: 4.1 DPTR FM NORMAL: -0.43 2 = FOG REDUCING VISIBILITY
HIGHEST: 86 ON 8 GRTST 24HR 0.40 ON 12-13 TO 1/4 MILE OR LESS
LOWEST: 25 ON 21 3 = THUNDER
SNOW, ICE PELLETS, HAIL 4 = ICE PELLETS
TOTAL MONTH: 0.0 INCH 5 = HAIL
GRTST 24HR 0.0 6 = FREEZING RAIN OR DRIZZLE
GRTST DEPTH: 0 7 = DUSTSTORM OR SANDSTORM:
VSBY 1/2 MILE OR LESS
8 = SMOKE OR HAZE
[NO. OF DAYS WITH] [WEATHER - DAYS WITH] 9 = BLOWING SNOW
X = TORNADO
MAX 32 OR BELOW: 0 0.01 INCH OR MORE: 6
MAX 90 OR ABOVE: 0 0.10 INCH OR MORE: 5
MIN 32 OR BELOW: 6 0.50 INCH OR MORE: 0
MIN 0 OR BELOW: 0 1.00 INCH OR MORE: 0
[HDD (BASE 65) ]
TOTAL THIS MO. 363 CLEAR (SCALE 0-3) 18
DPTR FM NORMAL -129 PTCLDY (SCALE 4-7) 10
TOTAL FM JUL 1 398 CLOUDY (SCALE 8-10) 3
DPTR FM NORMAL -239
[CDD (BASE 65) ]
TOTAL THIS MO. 9
DPTR FM NORMAL 3 [PRESSURE DATA]
TOTAL FM JAN 1 1284 HIGHEST SLP 30.43 ON 31
DPTR FM NORMAL 358 LOWEST SLP 29.24 ON 13
[REMARKS]
#FINAL-10-21#