000
CXUS51 KAKQ 010710
CF6WAL
PRELIMINARY LOCAL CLIMATOLOGICAL DATA (WS FORM: F-6)
STATION: WALLOPS ISLAND VA
MONTH: MARCH
YEAR: 2022
LATITUDE: 37 55 N
LONGITUDE: 75 28 W
TEMPERATURE IN F: :PCPN: SNOW: WIND :SUNSHINE: SKY :PK WND
================================================================================
1 2 3 4 5 6A 6B 7 8 9 10 11 12 13 14 15 16 17 18
12Z AVG MX 2MIN
DY MAX MIN AVG DEP HDD CDD WTR SNW DPTH SPD SPD DIR MIN PSBL S-S WX SPD DR
================================================================================
1 58 35 47 5 18 0 0.00 0.0 0 9.2 18 190 M M 0 23 200
2 56 43 50 8 15 0 0.00 0.0 0 7.7 14 310 M M 2 18 300
3 60 38 49 6 16 0 T 0.0 0 8.6 16 20 M M 5 22 20
4 40 28 34 -9 31 0 0.00 0.0 0 7.2 18 50 M M 0 22 50
5 56 37 47 4 18 0 0.00 0.0 0 9.3 20 200 M M 3 24 210
6 74 51 63 20 2 0 0.00 0.0 0 12.2 28 230 M M 1 1 41 240
7 79 53 66 22 0 1 0.08 0.0 0 13.4 32 220 M M 4 41 200
8 63 42 53 9 12 0 T 0.0 0 9.4 20 320 M M 2 26 330
9 50 41 46 2 19 0 0.82 0.0 0 13.4 28 60 M M 10 1 36 60
10 47 39 43 -1 22 0 0.00 0.0 0 9.3 17 60 M M 8 21 40
11 53 32 43 -1 22 0 0.05 0.0 0 6.6 16 180 M M 4 1 19 180
12 55 26 41 -4 24 0 1.09 T 0 17.0 35 310 M M 9 123 47 300
13 40 23 32 -13 33 0 0.00 0.0 0 13.8 29 310 M M 1 44 310
14 55 29 42 -3 23 0 0.00 0.0 0 8.2 15 180 M M 1 19 230
15 68 36 52 7 13 0 0.00 0.0 0 10.1 21 190 M M 2 26 200
16 66 42 54 8 11 0 0.02 0.0 0 6.2 16 120 M M 3 19 120
17 60 52 56 10 9 0 0.43 0.0 0 9.6 20 80 M M 10 1 26 90
18 68 49 59 13 6 0 0.00 0.0 0 8.7 18 190 M M 7 128 24 190
19 73 53 63 17 2 0 0.00 0.0 0 13.9 24 200 M M 2 30 200
20 65 49 57 10 8 0 0.00 0.0 0 13.2 24 300 M M 3 36 290
21 64 43 54 7 11 0 0.00 0.0 0 9.4 20 310 M M 0 24 290
22 63 49 56 9 9 0 0.00 0.0 0 7.9 15 60 M M 1 17 60
23 59 48 54 7 11 0 0.26 0.0 0 11.1 21 190 M M 5 1 26 180
24 65 55 60 12 5 0 1.27 0.0 0 12.3 25 190 M M 10 123 33 190
25 64 49 57 9 8 0 0.00 0.0 0 7.4 20 200 M M 6 31 90
26 56 39 48 0 17 0 T 0.0 0 10.4 37 310 M M 6 3 49 310
27 49 34 42 -7 23 0 0.00 0.0 0 12.9 26 320 M M 5 35 300
28 44 28 36 -13 29 0 T T 0 12.4 30 320 M M 2 41 320
29 43 25 34 -15 31 0 0.00 0.0 0 8.9 22 280 M M 0 30 290
30 52 29 41 -9 24 0 0.00 0.0 0 8.1 18 190 M M 6 24 170
31 59 52 56 6 9 0 0.23 0.0 0 18.4 28 180 M M 7 1 38 190
================================================================================
SM 1804 1249 481 1 4.25 T 326.2 M 125
================================================================================
AV 58.2 40.3 10.5 FASTST M M 4 MAX(MPH)
MISC ----> 37 310 49 310
================================================================================
NOTES:
# LAST OF SEVERAL OCCURRENCES
COLUMN 17 PEAK WIND IN M.P.H.
PRELIMINARY LOCAL CLIMATOLOGICAL DATA (WS FORM: F-6) , PAGE 2
STATION: WALLOPS ISLAND VA
MONTH: MARCH
YEAR: 2022
LATITUDE: 37 55 N
LONGITUDE: 75 28 W
[TEMPERATURE DATA] [PRECIPITATION DATA] SYMBOLS USED IN COLUMN 16
AVERAGE MONTHLY: 49.2 TOTAL FOR MONTH: 4.25 1 = FOG OR MIST
DPTR FM NORMAL: 3.4 DPTR FM NORMAL: 0.34 2 = FOG REDUCING VISIBILITY
HIGHEST: 79 ON 7 GRTST 24HR 1.52 ON 23-24 TO 1/4 MILE OR LESS
LOWEST: 23 ON 13 3 = THUNDER
SNOW, ICE PELLETS, HAIL 4 = ICE PELLETS
TOTAL MONTH: T 5 = HAIL
GRTST 24HR T ON 12-12 6 = FREEZING RAIN OR DRIZZLE
GRTST DEPTH: 0 7 = DUSTSTORM OR SANDSTORM:
VSBY 1/2 MILE OR LESS
8 = SMOKE OR HAZE
[NO. OF DAYS WITH] [WEATHER - DAYS WITH] 9 = BLOWING SNOW
X = TORNADO
MAX 32 OR BELOW: 0 0.01 INCH OR MORE: 9
MAX 90 OR ABOVE: 0 0.10 INCH OR MORE: 6
MIN 32 OR BELOW: 8 0.50 INCH OR MORE: 3
MIN 0 OR BELOW: 0 1.00 INCH OR MORE: 2
[HDD (BASE 65) ]
TOTAL THIS MO. 481 CLEAR (SCALE 0-3) 14
DPTR FM NORMAL -117 PTCLDY (SCALE 4-7) 13
TOTAL FM JUL 1 3207 CLOUDY (SCALE 8-10) 4
DPTR FM NORMAL -320
[CDD (BASE 65) ]
TOTAL THIS MO. 1
DPTR FM NORMAL 0 [PRESSURE DATA]
TOTAL FM JAN 1 1 HIGHEST SLP M ON M
DPTR FM NORMAL 0 LOWEST SLP 29.27 ON 12
[REMARKS]
#FINAL-03-22#