000
CXUS56 KLKN 151816
CF6WMC
PRELIMINARY LOCAL CLIMATOLOGICAL DATA (WS FORM: F-6)
STATION: WINNEMUCCA AIRPORT NV
MONTH: MAY
YEAR: 2022
LATITUDE: 40 54 N
LONGITUDE: 117 48 W
TEMPERATURE IN F: :PCPN: SNOW: WIND :SUNSHINE: SKY :PK WND
================================================================================
1 2 3 4 5 6A 6B 7 8 9 10 11 12 13 14 15 16 17 18
12Z AVG MX 2MIN
DY MAX MIN AVG DEP HDD CDD WTR SNW DPTH SPD SPD DIR MIN PSBL S-S WX SPD DR
================================================================================
1 62 38 50 -2 15 0 0.10 0.0 0 8.5 26 350 M M 5 1 36 330
2 64 36 50 -2 15 0 T 0.0 0 14.0 33 260 M M 5 8 48 290
3 64 26 45 -7 20 0 T 0.0 0 7.0 18 30 M M 5 25 20
4 76 27 52 -1 13 0 0.00 0.0 0 4.3 12 60 M M 0 15 130
5 78 36 57 4 8 0 0.00 0.0 0 10.3 31 240 M M 2 44 260
6 77 51 64 11 1 0 0.00 0.0 0 15.4 33 250 M M 6 50 240
7 63 34 49 -5 16 0 0.00 0.0 0 12.1 28 270 M M 3 38 290
8 51 29 40 -14 25 0 0.18 0.3 0 10.8 43 280 M M 8 18 59 290
9 47 27 37 -17 28 0 0.01 T 0 7.2 26 270 M M 3 8 36 280
10 50 31 41 -14 24 0 T 0.1 T 7.1 21 340 M M 7 1 28 330
11 55 28 42 -13 23 0 0.02 T 0 7.0 23 350 M M 7 1 38 340
12 64 25 45 -10 20 0 0.00 0.0 0 8.6 21 230 M M 3 31 220
13 72 38 55 -1 10 0 0.00 0.0 0 8.5 21 240 M M 1 31 240
14 80 44 62 6 3 0 0.00 0.0 0 8.0 20 240 M M 0 33 240
15 90 40 65 9 0 0 0.00 0.0 0 9.7 24 290 M M 1 36 230
16 82 49 66 9 0 1 0.00 0.0 0 6.9 22 290 M M 0 33 290
17 82 35 59 2 6 0 0.00 0.0 0 4.9 15 310 M M 0 20 310
18 84 35 60 3 5 0 0.00 0.0 0 7.6 21 280 M M 0 30 290
19 73 41 57 0 8 0 0.00 0.0 0 18.1 35 280 M M 2 8 49 280
20 63 31 47 -11 18 0 0.00 0.0 0 10.8 21 350 M M 3 29 350
21 69 33 51 -7 14 0 0.00 0.0 0 7.1 17 50 M M 1 24 50
22 70 26 48 -10 17 0 0.00 0.0 0 9.6 21 360 M M 0 30 330
23 76 39 58 0 7 0 0.00 0.0 0 6.3 17 50 M M 0 25 50
24 79 33 56 -3 9 0 0.00 0.0 0 6.5 16 330 M M 0 24 320
25 89 37 63 4 2 0 0.00 0.0 0 5.2 17 260 M M 0 27 320
26 93 44 69 10 0 4 T 0.0 0 11.8 30 270 M M 1 8 44 260
27 83 41 62 2 3 0 T 0.0 0 11.6 26 260 M M 2 38 270
28 72 45 59 -1 6 0 0.17 0.0 0 11.5 40 270 M M 8 13 55 270
29 58 40 49 -11 16 0 T 0.0 0 10.7 23 270 M M 8 31 280
30 63 34 49 -11 16 0 0.00 0.0 0 8.7 21 30 M M 3 30 30
31 69 32 51 -10 14 0 0.00 0.0 0 8.2 18 60 M M 0 24 60
================================================================================
SM 2198 1105 362 5 0.48 0.4 284.0 M 84
================================================================================
AV 70.9 35.6 9.2 FASTST M M 3 MAX(MPH)
MISC ----> 43 280 59 290
================================================================================
NOTES:
# LAST OF SEVERAL OCCURRENCES
COLUMN 17 PEAK WIND IN M.P.H.
PRELIMINARY LOCAL CLIMATOLOGICAL DATA (WS FORM: F-6) , PAGE 2
STATION: WINNEMUCCA AIRPORT NV
MONTH: MAY
YEAR: 2022
LATITUDE: 40 54 N
LONGITUDE: 117 48 W
[TEMPERATURE DATA] [PRECIPITATION DATA] SYMBOLS USED IN COLUMN 16
AVERAGE MONTHLY: 53.3 TOTAL FOR MONTH: 0.48 1 = FOG OR MIST
DPTR FM NORMAL: -3.1 DPTR FM NORMAL: -0.65 2 = FOG REDUCING VISIBILITY
HIGHEST: 93 ON 26 GRTST 24HR 0.18 ON 8- 8 TO 1/4 MILE OR LESS
LOWEST: 25 ON 12 3 = THUNDER
SNOW, ICE PELLETS, HAIL 4 = ICE PELLETS
TOTAL MONTH: 0.4 INCH 5 = HAIL
GRTST 24HR 0.3 ON 8- 8 6 = FREEZING RAIN OR DRIZZLE
GRTST DEPTH: T 7 = DUSTSTORM OR SANDSTORM:
VSBY 1/2 MILE OR LESS
8 = SMOKE OR HAZE
[NO. OF DAYS WITH] [WEATHER - DAYS WITH] 9 = BLOWING SNOW
X = TORNADO
MAX 32 OR BELOW: 0 0.01 INCH OR MORE: 5
MAX 90 OR ABOVE: 2 0.10 INCH OR MORE: 3
MIN 32 OR BELOW: 10 0.50 INCH OR MORE: 0
MIN 0 OR BELOW: 0 1.00 INCH OR MORE: 0
[HDD (BASE 65) ]
TOTAL THIS MO. 362 CLEAR (SCALE 0-3) 20
DPTR FM NORMAL 79 PTCLDY (SCALE 4-7) 8
TOTAL FM JUL 1 5805 CLOUDY (SCALE 8-10) 3
DPTR FM NORMAL 4
[CDD (BASE 65) ]
TOTAL THIS MO. 5
DPTR FM NORMAL -11 [PRESSURE DATA]
TOTAL FM JAN 1 5 HIGHEST SLP 30.24 ON 12
DPTR FM NORMAL -11 LOWEST SLP 29.57 ON 28
[REMARKS]
#FINAL-05-22#