000
CXUS55 KRIW 011110
CF6WRL
PRELIMINARY LOCAL CLIMATOLOGICAL DATA (WS FORM: F-6)
STATION: WORLAND WY
MONTH: NOVEMBER
YEAR: 2020
LATITUDE: 43 58 N
LONGITUDE: 107 57 W
TEMPERATURE IN F: :PCPN: SNOW: WIND :SUNSHINE: SKY :PK WND
================================================================================
1 2 3 4 5 6A 6B 7 8 9 10 11 12 13 14 15 16 17 18
12Z AVG MX 2MIN
DY MAX MIN AVG DEP HDD CDD WTR SNW DPTH SPD SPD DIR MIN PSBL S-S WX SPD DR
================================================================================
1 62 22 42 3 23 0 0.00 M M 3.4 9 190 M M 0 11 190
2 68 25 47 9 18 0 0.00 M M 2.3 10 180 M M 0 12 170
3 69 24 47 9 18 0 0.00 M M 2.8 13 180 M M 0 14 170
4 58 27 43 6 22 0 0.00 M M 3.0 12 170 M M 0 19 240
5 63 24 44 7 21 0 0.00 M M 3.5 10 150 M M 0 13 150
6 56 28 42 6 23 0 0.00 M M 2.4 9 100 M M 0 10 100
7 69 28 49 13 16 0 T M M 10.6 32 170 M M 1 42 170
8 54 22 38 3 27 0 T M M 10.7 26 160 M M 8 38 150
9 33 13 23 -12 42 0 0.00 M M 4.7 12 10 M M 5 16 360
10 39 8 24 -10 41 0 0.00 M M 3.6 9 200 M M 3 14 80
11 40 9 25 -8 40 0 0.01 M M 5.6 20 340 M M 4 1 27 350
12 33 8 21 -12 44 0 0.03 M M 4.9 12 100 M M 2 1 15 70
13 48 7 28 -4 37 0 0.00 M M 9.1 30 170 M M 0 40 170
14 43 16 30 -2 35 0 T M M 12.8 33 310 M M 3 1 46 310
15 44 18 31 0 34 0 0.00 M M 3.7 15 120 M M 0 20 110
16 54 21 38 8 27 0 0.00 M M 3.6 13 100 M M 2 18 120
17 68 23 46 16 19 0 0.00 M M 7.8 22 160 M M 0 28 150
18 67 31 49 20 16 0 0.00 M M 8.3 21 250 M M 0 29 260
19 53 19 36 8 29 0 0.00 M M 5.7 24 300 M M 0 31 310
20 44 12 28 0 37 0 0.00 M M 4.0 13 170 M M 0 15 250
21 43 6 25 -2 40 0 0.00 M M 3.3 10 160 M M 0 13 160
22 43 5 24 -3 41 0 0.00 M M 4.0 12 170 M M 0 13 270
23 45 5 25 -1 40 0 0.00 M M 3.3 9 170 M M 0 11 170
24 46 10 28 2 37 0 0.00 M M 4.5 10 190 M M 0 13 110
25 44 8 26 1 39 0 0.00 M M 3.4 14 320 M M 2 16 330
26 41 15 28 4 37 0 0.00 M M 4.5 14 10 M M 3 19 10
27 43 7 25 1 40 0 0.00 M M 3.0 12 160 M M 0 13 160
28 47 9 28 5 37 0 0.00 M M 2.5 8 20 M M 0 12 340
29 44 11 28 5 37 0 0.00 M M 4.7 10 160 M M 0 17 130
30 48 6 27 5 38 0 0.00 M M 3.6 12 10 M M 0 15 350
================================================================================
SM 1509 467 955 0 0.04 M 149.3 M 33
================================================================================
AV 50.3 15.6 5.0 FASTST M M 1 MAX(MPH)
MISC ----> 33 310 46 310
================================================================================
NOTES:
# LAST OF SEVERAL OCCURRENCES
COLUMN 17 PEAK WIND IN M.P.H.
PRELIMINARY LOCAL CLIMATOLOGICAL DATA (WS FORM: F-6) , PAGE 2
STATION: WORLAND WY
MONTH: NOVEMBER
YEAR: 2020
LATITUDE: 43 58 N
LONGITUDE: 107 57 W
[TEMPERATURE DATA] [PRECIPITATION DATA] SYMBOLS USED IN COLUMN 16
AVERAGE MONTHLY: 32.9 TOTAL FOR MONTH: 0.04 1 = FOG OR MIST
DPTR FM NORMAL: 2.3 DPTR FM NORMAL: -0.31 2 = FOG REDUCING VISIBILITY
HIGHEST: 69 ON 7, 3 GRTST 24HR 0.04 ON 11-12 TO 1/4 MILE OR LESS
LOWEST: 5 ON 22,23 3 = THUNDER
SNOW, ICE PELLETS, HAIL 4 = ICE PELLETS
TOTAL MONTH: M 5 = HAIL
GRTST 24HR M ON M 6 = FREEZING RAIN OR DRIZZLE
GRTST DEPTH: M ON M 7 = DUSTSTORM OR SANDSTORM:
VSBY 1/2 MILE OR LESS
8 = SMOKE OR HAZE
[NO. OF DAYS WITH] [WEATHER - DAYS WITH] 9 = BLOWING SNOW
X = TORNADO
MAX 32 OR BELOW: 0 0.01 INCH OR MORE: 2
MAX 90 OR ABOVE: 0 0.10 INCH OR MORE: 0
MIN 32 OR BELOW: 30 0.50 INCH OR MORE: 0
MIN 0 OR BELOW: 0 1.00 INCH OR MORE: 0
[HDD (BASE 65) ]
TOTAL THIS MO. 955 CLEAR (SCALE 0-3) 25
DPTR FM NORMAL -75 PTCLDY (SCALE 4-7) 5
TOTAL FM JUL 1 1850 CLOUDY (SCALE 8-10) 0
DPTR FM NORMAL -43
[CDD (BASE 65) ]
TOTAL THIS MO. 0
DPTR FM NORMAL 0 [PRESSURE DATA]
TOTAL FM JAN 1 695 HIGHEST SLP 30.64 ON 29
DPTR FM NORMAL 160 LOWEST SLP 29.04 ON 8
[REMARKS]
#FINAL-11-20#