000
CXUS56 KMTR 011634
CF6WVI
PRELIMINARY LOCAL CLIMATOLOGICAL DATA (WS FORM: F-6)
STATION: WATSONVILLE AIRPORT
MONTH: APRIL
YEAR: 2020
LATITUDE: 36 55 N
LONGITUDE: 121 47 W
TEMPERATURE IN F: :PCPN: SNOW: WIND :SUNSHINE: SKY :PK WND
================================================================================
1 2 3 4 5 6A 6B 7 8 9 10 11 12 13 14 15 16 17 18
12Z AVG MX 2MIN
DY MAX MIN AVG DEP HDD CDD WTR SNW DPTH SPD SPD DIR MIN PSBL S-S WX SPD DR
================================================================================
1 65 45 55 1 10 0 0.00 M M 4.1 12 270 M M 4 16 280
2 65 39 52 -2 13 0 0.00 M M 4.8 15 240 M M 0 19 230
3 62 40 51 -3 14 0 0.00 M M 4.9 12 200 M M 0 14 210
4 57 42 50 -4 15 0 0.17 M M 7.6 22 220 M M 7 1 27 220
5 56 48 52 -2 13 0 2.71 M M 6.4 23 210 M M 10 27 220
6 54 42 48 -6 17 0 0.23 0.0 M 4.1 14 260 M M 8 1 19 240
7 64 38 51 -3 14 0 0.00 M M 4.1 13 260 M M 1 16 280
8 58 48 53 -2 12 0 0.01 M M 4.7 10 210 M M 9 1 13 260
9 61 51 56 1 9 0 0.07 M M 4.8 12 220 M M 10 1 17 220
10 64 51 58 3 7 0 0.03 M M 4.0 14 240 M M 6 16 240
11 61 53 57 2 8 0 0.00 M M 4.6 13 220 M M 10 17 230
12 56 51 54 -1 11 0 0.01 M M 4.2 9 240 M M 10 1 11 250
13 63 48 56 1 9 0 0.00 0.0 M 3.8 12 220 M M 5 1 17 250
14 72 46 59 4 6 0 0.00 M M 3.3 12 260 M M 4 12 14 240
15 75 46 61 6 4 0 0.00 M M 4.1 10 210 M M 2 13 220
16 59 52 56 0 9 0 0.00 M M 4.4 10 250 M M 10 15 210
17 60 53 57 1 8 0 T M M 4.6 14 250 M M 10 17 280
18 62 47 55 -1 10 0 0.00 M M 4.3 14 260 M M 7 19 260
19 64 46 55 -1 10 0 0.00 M M 5.2 16 260 M M 4 20 270
20 64 49 57 1 8 0 0.01 M M 5.1 18 260 M M 7 23 260
21 64 47 56 0 9 0 0.00 M M 4.0 10 110 M M 3 15 200
22 75 48 62 6 3 0 0.00 0.0 M 3.5 14 220 M M 2 16 220
23 74 52 63 7 2 0 0.00 0.0 M 3.5 13 200 M M 3 12 16 210
24 78 47 63 7 2 0 0.00 M M 3.7 9 180 M M 0 12 180
25 76 50 63 6 2 0 0.00 M M 2.9 10 210 M M 0 12 200
26 69 47 58 1 7 0 0.00 M M 3.5 10 170 M M 2 12 14 160
27 74 47 61 4 4 0 0.00 M M 4.1 10 180 M M 1 13 160
28 77 51 64 7 1 0 0.00 M M 3.7 12 160 M M 0 14 170
29 68 52 60 3 5 0 0.00 M M 3.5 13 190 M M 3 12 15 190
30 75 49 62 5 3 0 0.00 M M 4.3 12 150 M M 4 1 15 160
================================================================================
SM 1972 1425 245 0 3.24 0.0 129.8 M 142
================================================================================
AV 65.7 47.5 4.3 FASTST M M 5 MAX(MPH)
MISC ----> 23 210 # 27 220
================================================================================
NOTES:
# LAST OF SEVERAL OCCURRENCES
COLUMN 17 PEAK WIND IN M.P.H.
PRELIMINARY LOCAL CLIMATOLOGICAL DATA (WS FORM: F-6) , PAGE 2
STATION: WATSONVILLE AIRPORT
MONTH: APRIL
YEAR: 2020
LATITUDE: 36 55 N
LONGITUDE: 121 47 W
[TEMPERATURE DATA] [PRECIPITATION DATA] SYMBOLS USED IN COLUMN 16
AVERAGE MONTHLY: 56.6 TOTAL FOR MONTH: 3.24 1 = FOG OR MIST
DPTR FM NORMAL: 1.1 DPTR FM NORMAL: 2.07 2 = FOG REDUCING VISIBILITY
HIGHEST: 78 ON 24 GRTST 24HR 2.83 ON 4- 5 TO 1/4 MILE OR LESS
LOWEST: 38 ON 7 3 = THUNDER
SNOW, ICE PELLETS, HAIL 4 = ICE PELLETS
TOTAL MONTH: 0.0 INCH 5 = HAIL
GRTST 24HR 0.0 6 = FREEZING RAIN OR DRIZZLE
GRTST DEPTH: M ON M 7 = DUSTSTORM OR SANDSTORM:
VSBY 1/2 MILE OR LESS
8 = SMOKE OR HAZE
[NO. OF DAYS WITH] [WEATHER - DAYS WITH] 9 = BLOWING SNOW
X = TORNADO
MAX 32 OR BELOW: 0 0.01 INCH OR MORE: 8
MAX 90 OR ABOVE: 0 0.10 INCH OR MORE: 3
MIN 32 OR BELOW: 0 0.50 INCH OR MORE: 1
MIN 0 OR BELOW: 0 1.00 INCH OR MORE: 1
[HDD (BASE 65) ]
TOTAL THIS MO. 245 CLEAR (SCALE 0-3) 12
DPTR FM NORMAL -45 PTCLDY (SCALE 4-7) 11
TOTAL FM JUL 1 2122 CLOUDY (SCALE 8-10) 7
DPTR FM NORMAL -514
[CDD (BASE 65) ]
TOTAL THIS MO. 0
DPTR FM NORMAL -5 [PRESSURE DATA]
TOTAL FM JAN 1 0 HIGHEST SLP 30.30 ON 22
DPTR FM NORMAL -6 LOWEST SLP 29.67 ON 5
[REMARKS]
#FINAL-04-20#