000
CXUS56 KTFX 310915
CF6WYS
30
PRELIMINARY LOCAL CLIMATOLOGICAL DATA (WS FORM: F-6)
STATION: WEST YELLOWSTO MT
MONTH: August
YEAR: 2021
LATITUDE: 44.68 N
LONGITUDE: 111.12 W
TEMPERATURE IN F: :PCPN: SNOW: WIND :SUNSHINE: SKY :PK WND
================================================================================
1 2 3 4 5 6A 6B 7 8 9 10 11 12 13 14 15 16 17 18
12Z AVG MX 2MIN
DY MAX MIN AVG DEP HDD CDD WTR SNW DPTH SPD SPD DIR MIN PSBL S-S WX SPD DR
================================================================================
01 82 54 68 9 0 3 0.00 M M 4.1 M M M M M 22 320
02 77 54 65 6 0 0 0.00 M M 5.6 M M M M M 25 260
03 77 54 65 6 0 0 0.00 M M 2.9 M M M M M 18 300
04 79 41 60 1 5 0 0.00 M M 3.5 M M M M M 22 320
05 82 45 63 4 2 0 0.00 M M 5.0 M M M M M 35 360
06 66 50 58 -1 7 0 0.00 M M 7.0 M M M M M 28 360
07 70 41 55 -4 10 0 0.00 M M 6.1 M M M M M 29 240
08 77 39 58 -1 7 0 0.00 M M 9.0 M M M M M 43 360
09 70 37 53 -5 12 0 0.00 M M 7.9 M M M M M 29 360
10 73 32 52 -6 13 0 0.00 M M 8.6 M M M M M 32 250
11 84 37 60 2 5 0 0.00 M M 4.8 M M M M M 25 330
12 84 41 62 4 3 0 0.00 M M 2.8 M M M M M 16 360
13 84 41 62 4 3 0 0.00 M M 2.8 M M M M M 16 360
14 86 41 63 5 2 0 0.00 M M 3.5 M M M M M 28 350
15 84 41 62 4 3 0 0.00 M M 2.0 M M M M M 23 350
16 82 37 59 2 6 0 0.00 M M 5.5 M M M M M 33 360
17 81 41 61 4 4 0 0.00 M M 6.0 M M M M M 29 350
18 61 46 53 -4 12 0 0.00 M M 3.0 M M M M M M M
19 55 45 50 -7 15 0 0.00 M M 4.0 M M M M M 23 300
20 57 41 49 -8 16 0 0.00 M M 6.3 M M M M M 23 240
21 59 32 45 -12 20 0 0.00 M M 2.0 M M M M M 17 330
22 61 43 52 -4 13 0 0.00 M M 10.5 M M M M M 37 330
23 72 30 51 -5 14 0 0.00 M M 7.1 M M M M M 38 230
24 70 30 50 -6 15 0 0.00 M M 4.4 M M M M M 31 240
25 75 36 55 -1 10 0 0.00 M M 5.2 M M M M M 28 350
26 70 34 52 -3 13 0 0.00 M M 5.7 M M M M M 29 260
27 66 45 55 0 10 0 0.00 M M 5.7 M M M M M 28 330
28 66 37 51 -4 14 0 0.00 M M 3.3 M M M M M 17 360
29 73 27 50 -5 15 0 0.00 M M 3.5 M M M M M 24 280
30 77 28 52 -2 13 0 0.00 M M 5.1 M M M M M 29 330
================================================================================
SM 2200 1200 262 3 0 152.9
================================================================================
AV 73.3 40.0 5.1 MAX(MPH)
43
[TEMPERATURE DATA] [PRECIPITATION DATA]
Average Monthly: 56.7 Total for Month: 0
Dptr fm Normal: -0.9 Dptr fm Normal: -1.12