000
CXUS54 KTSA 010850
CF6XNA
PRELIMINARY LOCAL CLIMATOLOGICAL DATA (WS FORM: F-6)
STATION: HIGHFILL ARKANSAS
MONTH: SEPTEMBER
YEAR: 2023
LATITUDE: 36 16 N
LONGITUDE: 94 19 W
TEMPERATURE IN F: :PCPN: SNOW: WIND :SUNSHINE: SKY :PK WND
================================================================================
1 2 3 4 5 6A 6B 7 8 9 10 11 12 13 14 15 16 17 18
12Z AVG MX 2MIN
DY MAX MIN AVG DEP HDD CDD WTR SNW DPTH SPD SPD DIR MIN PSBL S-S WX SPD DR
================================================================================
1 90 60 75 -1 0 10 0.00 0.0 M 3.4 12 110 M M 0 17 80
2 93 57 75 0 0 10 0.00 0.0 M 3.1 10 180 M M 0 15 170
3 94 63 79 4 0 14 0.00 0.0 M 5.2 16 180 M M 0 21 180
4 93 72 83 8 0 18 T 0.0 M 10.2 23 170 M M 0 3 30 170
5 97 72 85 11 0 20 0.18 0.0 M 12.1 23 310 M M 1 13 34 260
6 88 64 76 2 0 11 T 0.0 M 5.1 15 340 M M 1 13 21 330
7 92 60 76 2 0 11 0.00 0.0 M 4.3 9 80 M M 0 16 80
8 86 65 76 3 0 11 0.56 0.0 M 7.7 33 360 M M 3 13 46 360
9 85 57 71 -2 0 6 0.00 0.0 M 5.3 15 10 M M 0 24 50
10 83 57 70 -3 0 5 0.00 0.0 M 3.2 10 70 M M 0 15 90
11 76 62 69 -3 0 4 0.34 0.0 M 4.8 14 30 M M 4 1 19 20
12 78 63 71 -1 0 6 0.19 0.0 M 5.6 13 70 M M 7 1 28 60
13 80 57 69 -3 0 4 0.00 0.0 M 5.2 14 90 M M 3 1 18 140
14 81 60 71 0 0 6 T 0.0 M 4.6 14 120 M M 2 22 50
15 81 54 68 -3 0 3 0.00 0.0 M 2.9 12 80 M M 1 18 80
16 81 63 72 2 0 7 T 0.0 M 4.0 12 10 M M 6 15 20
17 83 56 70 0 0 5 0.00 0.0 M 4.0 14 340 M M 1 20 360
18 86 53 70 0 0 5 0.00 0.0 M 3.2 13 170 M M 0 1 19 160
19 79 61 70 1 0 5 0.59 0.0 M 8.6 25 360 M M 5 13 39 350
20 83 62 73 4 0 8 0.89 0.0 M 7.7 18 20 M M 6 13 24 80
21 85 65 75 7 0 10 0.15 0.0 M 6.7 14 180 M M 5 3 19 200
22 76 67 72 4 0 7 0.40 0.0 M 8.0 21 140 M M 5 1 25 150
23 88 64 76 8 0 11 0.19 0.0 M 9.4 21 160 M M 1 13 27 150
24 86 66 76 9 0 11 1.00 0.0 M 4.5 26 350 M M 4 13 35 350
25 87 61 74 7 0 9 0.00 0.0 M 4.0 14 10 M M 2 12 23 70
26 87 58 73 7 0 8 0.00 0.0 M 2.8 10 230 M M 0 17 230
27 86 59 73 7 0 8 0.00 0.0 M 4.2 14 210 M M 0 8 19 210
28 88 59 74 8 0 9 0.00 0.0 M 3.2 13 210 M M 0 18 230
29 87 62 75 10 0 10 0.00 0.0 M 3.6 14 180 M M 0 18 180
30 87 58 73 8 0 8 0.00 0.0 M 3.6 13 160 M M 0 17 180
================================================================================
SM 2566 1837 0 260 4.49 0.0 160.2 M 57
================================================================================
AV 85.5 61.2 5.3 FASTST M M 2 MAX(MPH)
MISC ----> 33 360 46 360
================================================================================
NOTES:
# LAST OF SEVERAL OCCURRENCES
COLUMN 17 PEAK WIND IN M.P.H.
PRELIMINARY LOCAL CLIMATOLOGICAL DATA (WS FORM: F-6) , PAGE 2
STATION: HIGHFILL ARKANSAS
MONTH: SEPTEMBER
YEAR: 2023
LATITUDE: 36 16 N
LONGITUDE: 94 19 W
[TEMPERATURE DATA] [PRECIPITATION DATA] SYMBOLS USED IN COLUMN 16
AVERAGE MONTHLY: 73.4 TOTAL FOR MONTH: 4.49 1 = FOG OR MIST
DPTR FM NORMAL: 2.9 DPTR FM NORMAL: 0.63 2 = FOG REDUCING VISIBILITY
HIGHEST: 97 ON 5 GRTST 24HR 1.48 ON 19-20 TO 1/4 MILE OR LESS
LOWEST: 53 ON 18 3 = THUNDER
SNOW, ICE PELLETS, HAIL 4 = ICE PELLETS
TOTAL MONTH: 0.0 INCH 5 = HAIL
GRTST 24HR 0.0 6 = FREEZING RAIN OR DRIZZLE
GRTST DEPTH: M ON M 7 = DUSTSTORM OR SANDSTORM:
VSBY 1/2 MILE OR LESS
8 = SMOKE OR HAZE
[NO. OF DAYS WITH] [WEATHER - DAYS WITH] 9 = BLOWING SNOW
X = TORNADO
MAX 32 OR BELOW: 0 0.01 INCH OR MORE: 10
MAX 90 OR ABOVE: 6 0.10 INCH OR MORE: 10
MIN 32 OR BELOW: 0 0.50 INCH OR MORE: 4
MIN 0 OR BELOW: 0 1.00 INCH OR MORE: 1
[HDD (BASE 65) ]
TOTAL THIS MO. 0 CLEAR (SCALE 0-3) 22
DPTR FM NORMAL -30 PTCLDY (SCALE 4-7) 8
TOTAL FM JUL 1 0 CLOUDY (SCALE 8-10) 0
DPTR FM NORMAL -28
[CDD (BASE 65) ]
TOTAL THIS MO. 260
DPTR FM NORMAL 64 [PRESSURE DATA]
TOTAL FM JAN 1 1711 HIGHEST SLP M ON M
DPTR FM NORMAL 195 LOWEST SLP 29.76 ON 4
[REMARKS]
#FINAL-09-23#