000
CXUS56 KPDT 011810
CF6YKM
PRELIMINARY LOCAL CLIMATOLOGICAL DATA (WS FORM: F-6)
STATION: YAKIMA WA
MONTH: APRIL
YEAR: 2022
LATITUDE: 46 34 N
LONGITUDE: 120 32 W
TEMPERATURE IN F: :PCPN: SNOW: WIND :SUNSHINE: SKY :PK WND
================================================================================
1 2 3 4 5 6A 6B 7 8 9 10 11 12 13 14 15 16 17 18
12Z AVG MX 2MIN
DY MAX MIN AVG DEP HDD CDD WTR SNW DPTH SPD SPD DIR MIN PSBL S-S WX SPD DR
================================================================================
1 60 28 44 -3 21 0 T M M 3.4 10 160 M M 3 16 150
2 62 37 50 3 15 0 0.00 M M 7.6 22 270 M M 1 35 280
3 63 36 50 3 15 0 0.00 M M 11.0 30 190 M M 3 42 190
4 55 31 43 -4 22 0 T M M 14.3 36 280 M M 3 78 51 270
5 55 33 44 -3 21 0 T M M 12.8 30 280 M M 0 39 270
6 57 24 41 -7 24 0 0.00 M M 5.2 12 280 M M 0 18 170
7 68 30 49 1 16 0 0.00 M M 5.5 12 250 M M 0 15 250
8 62 35 49 1 16 0 0.00 M M 12.4 31 300 M M 1 42 300
9 56 37 47 -1 18 0 0.00 M M 13.9 31 270 M M 2 44 280
10 52 25 39 -9 26 0 T M M 6.0 23 10 M M 6 31 300
11 42 30 36 -13 29 0 M M M 8.0 21 320 M M 9 1 33 310
12 40 29 35 -14 30 0 0.13 M M 5.5 17 100 M M 10 1 23 90
13 38 28 33 -16 32 0 0.02 M M 6.0 17 270 M M 9 18 22 360
14 45 25 35 -14 30 0 T M M 6.6 15 30 M M 7 1 21 30
15 50 21 36 -14 29 0 0.00 M M 4.8 12 150 M M 2 17 170
16 46 27 37 -13 28 0 0.02 M M 5.9 15 350 M M 7 24 350
17 54 21 38 -12 27 0 0.00 M M 4.3 15 160 M M 1 19 170
18 55 39 47 -3 18 0 T M M 6.4 24 320 M M 7 35 300
19 57 26 42 -9 23 0 T M M 5.6 16 340 M M 2 24 200
20 53 25 39 -12 26 0 0.21 M M 4.7 14 250 M M 4 1 18 250
21 61 34 48 -3 17 0 0.07 M M 7.2 20 230 M M 5 1 31 230
22 64 29 47 -5 18 0 0.00 M M 8.1 21 20 M M 1 26 20
23 68 32 50 -2 15 0 0.00 M M 4.7 10 240 M M 0 16 220
24 69 34 52 0 13 0 0.00 M M 6.5 14 140 M M 0 24 150
25 65 41 53 1 12 0 0.00 M M 5.6 20 200 M M 1 27 190
26 62 38 50 -3 15 0 T M M 7.5 23 280 M M 1 30 280
27 59 36 48 -5 17 0 0.00 M M 5.3 15 210 M M 6 21 220
28 59 37 48 -5 17 0 T M M 7.4 18 310 M M 3 27 310
29 64 29 47 -7 18 0 0.01 M M 5.2 16 160 M M 3 26 110
30 59 40 50 -4 15 0 0.11 M M 4.2 16 360 M M 9 21 360
================================================================================
SM 1700 937 623 0 0.57 M 211.6 M 106
================================================================================
AV 56.7 31.2 7.1 FASTST M M 4 MAX(MPH)
MISC ----> 36 280 51 270
================================================================================
NOTES:
# LAST OF SEVERAL OCCURRENCES
COLUMN 17 PEAK WIND IN M.P.H.
PRELIMINARY LOCAL CLIMATOLOGICAL DATA (WS FORM: F-6) , PAGE 2
STATION: YAKIMA WA
MONTH: APRIL
YEAR: 2022
LATITUDE: 46 34 N
LONGITUDE: 120 32 W
[TEMPERATURE DATA] [PRECIPITATION DATA] SYMBOLS USED IN COLUMN 16
AVERAGE MONTHLY: 44.0 TOTAL FOR MONTH: 0.57 1 = FOG OR MIST
DPTR FM NORMAL: -6.0 DPTR FM NORMAL: 0.02 2 = FOG REDUCING VISIBILITY
HIGHEST: 69 ON 24 GRTST 24HR 0.28 ON 20-21 TO 1/4 MILE OR LESS
LOWEST: 21 ON 17,15 3 = THUNDER
SNOW, ICE PELLETS, HAIL 4 = ICE PELLETS
TOTAL MONTH: M 5 = HAIL
GRTST 24HR M ON M 6 = FREEZING RAIN OR DRIZZLE
GRTST DEPTH: M ON M 7 = DUSTSTORM OR SANDSTORM:
VSBY 1/2 MILE OR LESS
8 = SMOKE OR HAZE
[NO. OF DAYS WITH] [WEATHER - DAYS WITH] 9 = BLOWING SNOW
X = TORNADO
MAX 32 OR BELOW: 0 0.01 INCH OR MORE: 7
MAX 90 OR ABOVE: 0 0.10 INCH OR MORE: 3
MIN 32 OR BELOW: 17 0.50 INCH OR MORE: 0
MIN 0 OR BELOW: 0 1.00 INCH OR MORE: 0
[HDD (BASE 65) ]
TOTAL THIS MO. 623 CLEAR (SCALE 0-3) 18
DPTR FM NORMAL 171 PTCLDY (SCALE 4-7) 8
TOTAL FM JUL 1 5471 CLOUDY (SCALE 8-10) 4
DPTR FM NORMAL 16
[CDD (BASE 65) ]
TOTAL THIS MO. 0
DPTR FM NORMAL -1 [PRESSURE DATA]
TOTAL FM JAN 1 0 HIGHEST SLP 30.58 ON 6
DPTR FM NORMAL -1 LOWEST SLP 29.42 ON 4
[REMARKS]
#FINAL-04-22#