000
CXUS54 KFWD 270731
CF60F2
PRELIMINARY LOCAL CLIMATOLOGICAL DATA (WS FORM: F-6)

                                          STATION:   BOWIE
                                          MONTH:     MAY
                                          YEAR:      2019
                                          LATITUDE:   33 36 N
                                          LONGITUDE:  97 47 W

  TEMPERATURE IN F:       :PCPN:    SNOW:  WIND      :SUNSHINE: SKY     :PK WND
================================================================================
1   2   3   4   5  6A  6B    7    8   9   10  11  12  13   14  15   16   17  18
                                     12Z  AVG MX 2MIN
DY MAX MIN AVG DEP HDD CDD  WTR  SNW DPTH SPD SPD DIR MIN PSBL S-S WX    SPD DR
================================================================================

 1  82  60  71   5   0   6 3.03  0.0    0  7.7 13 150   M    M   8 1      22 130
 2  75  57  66   0   0   1 0.32  0.0    0  5.3 15 330   M    M   4        30  90
 3  73  56  65  -1   0   0 0.08  0.0    0  3.6 12 160   M    M   6 12     23  30
 4  71  56  64  -2   1   0 0.00  0.0    0  5.8  9 340   M    M   6         M  M
 5  80  54  67   0   0   2 0.00  0.0    0  4.9  9 140   M    M   2        20 150
 6  82  67  75   8   0  10 0.00  0.0    0  8.6 14 180   M    M   0        22 170
 7  83  62  73   6   0   8 0.00  0.0    0  7.7 14 130   M    M   5 1      22 160
 8  71  59  65  -3   0   0 1.01  0.0    0  8.2 17  80   M    M   7        22 150
 9  64  50  57 -11   8   0 0.00  0.0    0  8.8 16 340   M    M   8 1      24 340
10  59  45  52 -16  13   0 0.20  0.0    0  6.5 13 350   M    M   9        16 350
11  62  52  57 -11   8   0 0.14  0.0    0  4.5 15  10   M    M  10        21  10
12  75  50  63  -6   2   0 0.00  0.0    0  3.0 10 320   M    M   0         M  M
13  81  54  68  -1   0   3 0.00  0.0    0  5.3 13 190   M    M   1        17 160
14  83  54  69   0   0   4 0.00  0.0    0  4.8 14 200   M    M   0        20 200
15  84  59  72   2   0   7 0.00  0.0    0  5.0 10 180   M    M   1         M  M
16  85  62  74   4   0   9 0.00  0.0    0  7.0 13 150   M    M   1        18 170
17  84  67  76   6   0  11 0.00  0.0    0 11.9 18 160   M    M   5        23 160
18  76  62  69  -1   0   4 1.74  0.0    0  9.6 17 160   M    M   4 13     28 160
19  80  56  68  -2   0   3 0.00  0.0    0  5.2 13 360   M    M   0 1      18 360
20  84  66  75   4   0  10 0.00  0.0    0 12.2 20 140   M    M   7 1      29 150
21  79  60  70  -1   0   5 0.59  0.0    0 11.2 20 210   M    M   4        28 210
22  86  61  74   3   0   9 0.00  0.0    0 11.4 22 180   M    M   5        30 180
23  87  75  81   9   0  16 0.00  0.0    0 12.5 18 150   M    M   6        29 150
24  86  70  78   6   0  13 0.00  0.0    0 12.0 21 150   M    M   6        29 150
25  86  68  77   5   0  12 0.00  0.0    0  9.6 18 180   M    M   4        27 180
26  85  71  78   6   0  13 0.00  0.0    0  9.7 15 190   M    M   3        25 170
================================================================================
SM 2043 1553        32 146  7.11     0.0 202.0          M      112
================================================================================
AV 78.6 59.7                               7.8 FASTST   M    M   4    MAX(MPH)
                                 MISC ---->  # 22 180               # 30   90
================================================================================
NOTES:
# LAST OF SEVERAL OCCURRENCES

COLUMN 17 PEAK WIND IN M.P.H.

PRELIMINARY LOCAL CLIMATOLOGICAL DATA (WS FORM: F-6) , PAGE 2

                                          STATION:  BOWIE
                                          MONTH:    MAY
                                          YEAR:     2019
                                          LATITUDE:   33 36 N
                                          LONGITUDE:  97 47 W

[TEMPERATURE DATA]      [PRECIPITATION DATA]       SYMBOLS USED IN COLUMN 16

AVERAGE MONTHLY: 69.2   TOTAL FOR MONTH:   7.11    1 = FOG OR MIST
DPTR FM NORMAL:   0.1   DPTR FM NORMAL:    2.97    2 = FOG REDUCING VISIBILITY
HIGHEST:    87 ON 23    GRTST 24HR  3.03 ON  1- 1      TO 1/4 MILE OR LESS
LOWEST:     45 ON 10                               3 = THUNDER
                        SNOW, ICE PELLETS, HAIL    4 = ICE PELLETS
                        TOTAL MONTH:   0.0 INCH    5 = HAIL
                        GRTST 24HR     0.0         6 = FREEZING RAIN OR DRIZZLE
                        GRTST DEPTH:   0           7 = DUSTSTORM OR SANDSTORM:
                                                       VSBY 1/2 MILE OR LESS
                                                   8 = SMOKE OR HAZE
[NO. OF DAYS WITH]      [WEATHER - DAYS WITH]      9 = BLOWING SNOW
                                                   X = TORNADO
MAX 32 OR BELOW:   0    0.01 INCH OR MORE:   8
MAX 90 OR ABOVE:   0    0.10 INCH OR MORE:   7
MIN 32 OR BELOW:   0    0.50 INCH OR MORE:   4
MIN  0 OR BELOW:   0    1.00 INCH OR MORE:   3

[HDD (BASE 65) ]
TOTAL THIS MO.    32    CLEAR  (SCALE 0-3)   8
DPTR FM NORMAL     3    PTCLDY (SCALE 4-7)  15
TOTAL FM JUL 1  3014    CLOUDY (SCALE 8-10)  3
DPTR FM NORMAL   -64

[CDD (BASE 65) ]
TOTAL THIS MO.   146
DPTR FM NORMAL    11    [PRESSURE DATA]
TOTAL FM JAN 1   222    HIGHEST SLP M ON M
DPTR FM NORMAL    17    LOWEST  SLP M ON M

[REMARKS]
