000
CXUS54 KHGX 191515
CF611R
PRELIMINARY LOCAL CLIMATOLOGICAL DATA (WS FORM: F-6)

                                          STATION:   BRENHAM
                                          MONTH:     MARCH
                                          YEAR:      2019
                                          LATITUDE:   30 13 N
                                          LONGITUDE:  96 22 W

  TEMPERATURE IN F:       :PCPN:    SNOW:  WIND      :SUNSHINE: SKY     :PK WND
================================================================================
1   2   3   4   5  6A  6B    7    8   9   10  11  12  13   14  15   16   17  18
                                     12Z  AVG MX 2MIN
DY MAX MIN AVG DEP HDD CDD  WTR  SNW DPTH SPD SPD DIR MIN PSBL S-S WX    SPD DR
================================================================================

 1  54  43  49   M  16   0 0.00  0.0    0  3.2  8 340   M    M  10 1       M  M
 2  56  50  53   M  12   0 0.00  0.0    0  5.0 10 360   M    M  10 1       M  M
 3  52  36  44   M  21   0 0.01  0.0    0 13.9 23 350   M    M  10 1      30 360
 4  36  31  34   M  31   0 0.00  0.0    0 14.1 18 350   M    M  10        25 360
 5  47  27  37   M  28   0 0.00  0.0    0  9.4 17  10   M    M   0        25  10
 6  60  30  45   M  20   0 0.00  0.0    0  5.4 14 170   M    M   4        18 170
 7  74  51  63   M   2   0 0.00  0.0    0  7.2 15 210   M    M   9 1      21 210
 8  81  68  75   M   0  10 0.00  0.0    0 11.3 16 200   M    M  10        22 200
 9  84  70  77   M   0  12 0.00  0.0    0 10.2 18 230   M    M   7 1      28 230
10  82  66  74   M   0   9 0.00  0.0    0  5.4 10 150   M    M   9 1       M  M
11  71  62  67   M   0   2 0.00  0.0    0  3.7  8  10   M    M   9 1       M  M
12  80  63  72   M   0   7    T  0.0    0  9.9 17 150   M    M  10 12     25 150
13  73  55  64   M   1   0 0.43  0.0    0  9.7 18 150   M    M  10 1      29 160
14  73  53  63   M   2   0 0.36  0.0    0 11.7 18 340   M    M   5        28 180
15  62  47  55   M  10   0 0.00  0.0    0 10.5 16 350   M    M   3        25  10
16  63  46  55   M  10   0 0.00  0.0    0  3.8  9  50   M    M   5         M  M
17  67  46  57   M   8   0 0.00  0.0    0  2.9  8 110   M    M   1         M  M
18  71  45  58   M   7   0 0.00  0.0    0  3.1 10 150   M    M   0         M  M
================================================================================
SM 1186  889       168  40  0.80     0.0 140.4          M      122
================================================================================
AV 65.9 49.4                               7.8 FASTST   M    M   7    MAX(MPH)
                                 MISC ---->  # 23 350               # 30  360
================================================================================
NOTES:
# LAST OF SEVERAL OCCURRENCES

COLUMN 17 PEAK WIND IN M.P.H.

PRELIMINARY LOCAL CLIMATOLOGICAL DATA (WS FORM: F-6) , PAGE 2

                                          STATION:  BRENHAM
                                          MONTH:    MARCH
                                          YEAR:     2019
                                          LATITUDE:   30 13 N
                                          LONGITUDE:  96 22 W

[TEMPERATURE DATA]      [PRECIPITATION DATA]       SYMBOLS USED IN COLUMN 16

AVERAGE MONTHLY: 57.6   TOTAL FOR MONTH:   0.80    1 = FOG OR MIST
DPTR FM NORMAL:     M   DPTR FM NORMAL:       M    2 = FOG REDUCING VISIBILITY
HIGHEST:    84 ON  9    GRTST 24HR  0.43 ON 13-13      TO 1/4 MILE OR LESS
LOWEST:     27 ON  5                               3 = THUNDER
                        SNOW, ICE PELLETS, HAIL    4 = ICE PELLETS
                        TOTAL MONTH:   0.0 INCH    5 = HAIL
                        GRTST 24HR     0.0         6 = FREEZING RAIN OR DRIZZLE
                        GRTST DEPTH:   0           7 = DUSTSTORM OR SANDSTORM:
                                                       VSBY 1/2 MILE OR LESS
                                                   8 = SMOKE OR HAZE
[NO. OF DAYS WITH]      [WEATHER - DAYS WITH]      9 = BLOWING SNOW
                                                   X = TORNADO
MAX 32 OR BELOW:   0    0.01 INCH OR MORE:   3
MAX 90 OR ABOVE:   0    0.10 INCH OR MORE:   2
MIN 32 OR BELOW:   3    0.50 INCH OR MORE:   0
MIN  0 OR BELOW:   0    1.00 INCH OR MORE:   0

[HDD (BASE 65) ]
TOTAL THIS MO.   168    CLEAR  (SCALE 0-3)   4
DPTR FM NORMAL     M    PTCLDY (SCALE 4-7)   4
TOTAL FM JUL 1  1481    CLOUDY (SCALE 8-10) 10
DPTR FM NORMAL     M

[CDD (BASE 65) ]
TOTAL THIS MO.    40
DPTR FM NORMAL     M    [PRESSURE DATA]
TOTAL FM JAN 1    72    HIGHEST SLP M ON M
DPTR FM NORMAL     M    LOWEST  SLP M ON M

[REMARKS]
