311
CXUS55 KBOU 220734
CF620V
PRELIMINARY LOCAL CLIMATOLOGICAL DATA (WS FORM: F-6)

                                          STATION:   Kremmling
                                          MONTH:     MARCH
                                          YEAR:      2019
                                          LATITUDE:   40  3 N
                                          LONGITUDE: 106 22 W

  TEMPERATURE IN F:       :PCPN:    SNOW:  WIND      :SUNSHINE: SKY     :PK WND
================================================================================
1   2   3   4   5  6A  6B    7    8   9   10  11  12  13   14  15   16   17  18
                                     12Z  AVG MX 2MIN
DY MAX MIN AVG DEP HDD CDD  WTR  SNW DPTH SPD SPD DIR MIN PSBL S-S WX    SPD DR
================================================================================

 1  39  30  35   M  30   0    M    M    M  5.0 13 350   M    M   9        21 350
 2  36  27  32   M  33   0    M    M    M  7.8 21 250   M    M  10        27 250
 3  30  16  23   M  42   0    M    M    M  2.0  7 280   M    M  10         M  M
 4  32   1  17   M  48   0    M    M    M  3.0 17 350   M    M   2        23 350
 5  32   0  16   M  49   0    M    M    M  0.7  7 110   M    M   5         M  M
 6  41  30  36   M  29   0    M    M    M  7.7 17 240   M    M  10        30 240
 7  41  27  34   M  31   0    M    M    M  4.8 14 260   M    M   7 1      21 260
 8  32  21  27   M  38   0    M    M    M  1.2  6 270   M    M   9 1       9 140
 9  36  18  27   M  38   0    M    M    M  5.4 14 240   M    M   8        22 260
10  37  18  28   M  37   0    M    M    M  1.5  7 110   M    M   6         M  M
11  34  14  24   M  41   0    M    M    M  0.8  6 120   M    M   5         M  M
12  37  21  29   M  36   0    M    M    M  1.0  5 100   M    M   7 12      M  M
13  34  21  28   M  37   0    M    M    M  8.1 22 310   M    M  10 8      30 310
14  30   3  17   M  48   0    M    M    M  4.2 16 350   M    M   5 1      22 350
15  23  -6   9   M  56   0    M    M    M  0.3  5 260   M    M   0 1       M  M
16  30  -2  14   M  51   0    M    M    M  0.2  5 130   M    M   0         M  M
17  36   1  19   M  46   0    M    M    M  0.0  M   M   M    M   0         M  M
18  36   7  22   M  43   0    M    M    M  0.9  8 330   M    M   4 1       M  M
19  37  14  26   M  39   0    M    M    M  2.7 10 350   M    M   1         M  M
20  36   7  22   M  43   0    M    M    M  0.5  5 110   M    M   0         M  M
21  37  12  25   M  40   0 0.00  0.0    0  1.6 13 180   M    M   3        20 180
================================================================================
SM  726  280       855   0  0.00     0.0  59.4          M      111
================================================================================
AV 34.6 13.3                               2.8 FASTST   M    M   5    MAX(MPH)
                                 MISC ---->  # 22 310               # 30  240
================================================================================
NOTES:
# LAST OF SEVERAL OCCURRENCES

COLUMN 17 PEAK WIND IN M.P.H.

PRELIMINARY LOCAL CLIMATOLOGICAL DATA (WS FORM: F-6) , PAGE 2

                                          STATION:  Kremmling
                                          MONTH:    MARCH
                                          YEAR:     2019
                                          LATITUDE:   40  3 N
                                          LONGITUDE: 106 22 W

[TEMPERATURE DATA]      [PRECIPITATION DATA]       SYMBOLS USED IN COLUMN 16

AVERAGE MONTHLY: 24.0   TOTAL FOR MONTH:   0.00    1 = FOG OR MIST
DPTR FM NORMAL:     M   DPTR FM NORMAL:       M    2 = FOG REDUCING VISIBILITY
HIGHEST:    41 ON  7, 6 GRTST 24HR  0.00 ON 21-21      TO 1/4 MILE OR LESS
LOWEST:     -6 ON 15                               3 = THUNDER
                        SNOW, ICE PELLETS, HAIL    4 = ICE PELLETS
                        TOTAL MONTH:   0.0 INCH    5 = HAIL
                        GRTST 24HR     0.0         6 = FREEZING RAIN OR DRIZZLE
                        GRTST DEPTH:   0           7 = DUSTSTORM OR SANDSTORM:
                                                       VSBY 1/2 MILE OR LESS
                                                   8 = SMOKE OR HAZE
[NO. OF DAYS WITH]      [WEATHER - DAYS WITH]      9 = BLOWING SNOW
                                                   X = TORNADO
MAX 32 OR BELOW:   7    0.01 INCH OR MORE:   0
MAX 90 OR ABOVE:   0    0.10 INCH OR MORE:   0
MIN 32 OR BELOW:  21    0.50 INCH OR MORE:   0
MIN  0 OR BELOW:   3    1.00 INCH OR MORE:   0

[HDD (BASE 65) ]
TOTAL THIS MO.   855    CLEAR  (SCALE 0-3)   7
DPTR FM NORMAL     M    PTCLDY (SCALE 4-7)   8
TOTAL FM JUL 1  7250    CLOUDY (SCALE 8-10)  6
DPTR FM NORMAL     M

[CDD (BASE 65) ]
TOTAL THIS MO.     0
DPTR FM NORMAL     M    [PRESSURE DATA]
TOTAL FM JAN 1     0    HIGHEST SLP M ON M
DPTR FM NORMAL     M    LOWEST  SLP M ON M

[REMARKS]
