000
CXUS53 KUNR 260945
CF62WX
PRELIMINARY LOCAL CLIMATOLOGICAL DATA (WS FORM: F-6)

                                          STATION:   BUFFALO SD
                                          MONTH:     MAY
                                          YEAR:      2019
                                          LATITUDE:   45 35 N
                                          LONGITUDE: 103 33 W

  TEMPERATURE IN F:       :PCPN:    SNOW:  WIND      :SUNSHINE: SKY     :PK WND
================================================================================
1   2   3   4   5  6A  6B    7    8   9   10  11  12  13   14  15   16   17  18
                                     12Z  AVG MX 2MIN
DY MAX MIN AVG DEP HDD CDD  WTR  SNW DPTH SPD SPD DIR MIN PSBL S-S WX    SPD DR
================================================================================

 1  45  31  38 -11  27   0 0.18    M    M  5.2 13 360   M    M   M        15 360
 2  62  27  45  -4  20   0 0.00    M    M 10.7 31 210   M    M   M        42 250
 3  64  36  50   0  15   0 0.00    M    M 10.2 22 240   M    M   M        27 240
 4  61  35  48  -2  17   0 0.00    M    M 10.2 17  40   M    M   M        22  50
 5  39  35  37 -13  28   0 0.29    M    M  9.5 18  50   M    M   M        23  40
 6  43  34  39 -11  26   0 0.07    M    M  9.3 15 160   M    M   M        18 160
 7  42  35  39 -12  26   0 0.02    M    M 15.0 25 140   M    M   M        31 140
 8  49  34  42  -9  23   0 0.14    M    M 11.7 23  40   M    M   M        29  40
 9  54  31  43  -8  22   0 0.00    M    M  6.5 14  40   M    M   M        20 330
10  66  34  50  -2  15   0 0.02    M    M 13.3 28 300   M    M   M        33 300
11  55  35  45  -7  20   0 0.00    M    M 22.1 37 310   M    M   M        46 310
12  71  32  52   0  13   0 0.00    M    M  6.3 15 180   M    M   M        23 190
13  83  45  64  11   1   0 0.00    M    M 11.3 31 280   M    M   M        38 260
14  78  46  62   9   3   0 0.00    M    M  8.0 16 130   M    M   M        21 130
15  83  53  68  15   0   3 0.00    M    M 12.9 30 280   M    M   M        36 290
16  63  48  56   2   9   0 0.03    M    M 15.9 24  90   M    M   M        34  70
17  48  39  44 -10  21   0 1.10    M    M 21.0 30  60   M    M   M        39  70
18  40  34  37 -17  28   0 0.58    M    M 22.5 32  40   M    M   M        40  30
19  45  34  40 -14  25   0 0.03    M    M  8.9 18  30   M    M   M        23  30
20  44  33  39 -16  26   0 0.21    M    M 13.9 24 130   M    M   M        31 130
21  48  37  43 -12  22   0 0.68    M    M 16.1 32  80   M    M   M        44  80
22  48  40  44 -11  21   0 0.60    M    M 17.3 38  30   M    M   M        50  20
23  58  41  50  -6  15   0 0.38    M    M 14.3 26 110   M    M   M        36 100
24  54  40  47  -9  18   0 0.83    M    M 17.3 31 270   M    M   M        39 270
25  69  38  54  -2  11   0 0.00    M    M  9.3 18 300   M    M   M        23 300
================================================================================
SM 1412  927       452   3  5.16    M    318.7          M        M
================================================================================
AV 56.5 37.1                              12.7 FASTST   M    M   6    MAX(MPH)
                                 MISC ---->  # 38  30               # 50   20
================================================================================
NOTES:
# LAST OF SEVERAL OCCURRENCES

COLUMN 17 PEAK WIND IN M.P.H.

PRELIMINARY LOCAL CLIMATOLOGICAL DATA (WS FORM: F-6) , PAGE 2

                                          STATION:  BUFFALO SD
                                          MONTH:    MAY
                                          YEAR:     2019
                                          LATITUDE:   45 35 N
                                          LONGITUDE: 103 33 W

[TEMPERATURE DATA]      [PRECIPITATION DATA]       SYMBOLS USED IN COLUMN 16

AVERAGE MONTHLY: 46.8   TOTAL FOR MONTH:   5.16    1 = FOG OR MIST
DPTR FM NORMAL:  -5.8   DPTR FM NORMAL:    2.91    2 = FOG REDUCING VISIBILITY
HIGHEST:    83 ON 15,13 GRTST 24HR  1.10 ON 17-17      TO 1/4 MILE OR LESS
LOWEST:     27 ON  2                               3 = THUNDER
                        SNOW, ICE PELLETS, HAIL    4 = ICE PELLETS
                        TOTAL MONTH:    M          5 = HAIL
                        GRTST 24HR    M  ON   M    6 = FREEZING RAIN OR DRIZZLE
                        GRTST DEPTH:  M  ON   M    7 = DUSTSTORM OR SANDSTORM:
                                                       VSBY 1/2 MILE OR LESS
                                                   8 = SMOKE OR HAZE
[NO. OF DAYS WITH]      [WEATHER - DAYS WITH]      9 = BLOWING SNOW
                                                   X = TORNADO
MAX 32 OR BELOW:   0    0.01 INCH OR MORE:  15
MAX 90 OR ABOVE:   0    0.10 INCH OR MORE:  10
MIN 32 OR BELOW:   4    0.50 INCH OR MORE:   5
MIN  0 OR BELOW:   0    1.00 INCH OR MORE:   1

[HDD (BASE 65) ]
TOTAL THIS MO.   452    CLEAR  (SCALE 0-3)   0
DPTR FM NORMAL   138    PTCLDY (SCALE 4-7)   0
TOTAL FM JUL 1  8230    CLOUDY (SCALE 8-10)  0
DPTR FM NORMAL   463

[CDD (BASE 65) ]
TOTAL THIS MO.     3
DPTR FM NORMAL     3    [PRESSURE DATA]
TOTAL FM JAN 1     3    HIGHEST SLP M ON M
DPTR FM NORMAL     3    LOWEST  SLP 29.37 ON 22

[REMARKS]
