000
CXUS54 KEWX 250910
CF63T5
PRELIMINARY LOCAL CLIMATOLOGICAL DATA (WS FORM: F-6)

                                          STATION:   LA GRANGE
                                          MONTH:     JUNE
                                          YEAR:      2019
                                          LATITUDE:   29 54 N
                                          LONGITUDE:  96 57 W

  TEMPERATURE IN F:       :PCPN:    SNOW:  WIND      :SUNSHINE: SKY     :PK WND
================================================================================
1   2   3   4   5  6A  6B    7    8   9   10  11  12  13   14  15   16   17  18
                                     12Z  AVG MX 2MIN
DY MAX MIN AVG DEP HDD CDD  WTR  SNW DPTH SPD SPD DIR MIN PSBL S-S WX    SPD DR
================================================================================

 1  92  73  83   M   0  18 0.00    M    M  1.2  6 180   M    M   4 1       M  M
 2  93  74  84   M   0  19 0.00    M    M  1.8  5 180   M    M   4 12      M  M
 3  94  74  84   M   0  19 0.00    M    M  2.0  7 150   M    M   4         M  M
 4  93  73  83   M   0  18 1.21    M    M  2.0  9 150   M    M   5 1      16 150
 5  85  76  81   M   0  16 0.01    M    M  2.4  7  90   M    M  10         M  M
 6  92  71  82   M   0  17 0.46    M    M  2.0 25 310   M    M   3 3      40 160
 7  94  72  83   M   0  18 0.00    M    M  1.9  5 330   M    M   4 1       M  M
 8  95  71  83   M   0  18 0.00    M    M  1.2  5 320   M    M   0         M  M
 9  95  74  85   M   0  20 0.00    M    M  2.1 12 200   M    M   2         M  M
10  88  75  82   M   0  17 0.00    M    M  4.0  8 360   M    M   3         M  M
11  84  71  78   M   0  13 0.12    M    M  0.8  5 310   M    M   3         M  M
12  89  69  79   M   0  14 0.00    M    M  0.4  4 330   M    M   3 1       M  M
13  90  70  80   M   0  15 0.00    M    M  0.3  4  40   M    M   1         M  M
14  91  69  80   M   0  15 0.00    M    M  3.9  9 180   M    M   1         M  M
15  95  73  84   M   0  19 0.00    M    M  5.7 12 170   M    M   4 1       M  M
16  92  67  80   M   0  15 1.04    M    M  5.5  9 170   M    M   6 3      16 190
17  87  67  77   M   0  12 0.35    M    M  1.2  7 150   M    M   2 3       M  M
18  93  73  83   M   0  18 0.00    M    M  1.5  7 170   M    M   2         M  M
19  95  79  87   M   0  22 0.00    M    M  5.6  9 180   M    M   5         M  M
20  95  79  87   M   0  22 0.00    M    M  5.6 10 190   M    M   6 1       M  M
21  93  80  87   M   0  22 0.00    M    M  6.1 10 170   M    M   9         M  M
22  93  82  88   M   0  23 0.03    M    M  7.2 10 160   M    M   7 1      17 170
23  94  81  88   M   0  23 0.00    M    M  7.9 12 180   M    M   8        16 180
24  84  70  77   M   0  12 0.01    M    M  4.3 14 160   M    M   6 3      20 160
================================================================================
SM 2196 1763         0 425  3.23    M     76.6          M      102
================================================================================
AV 91.5 73.5                               3.2 FASTST   M    M   4    MAX(MPH)
                                 MISC ---->  # 25 310               # 40  160
================================================================================
NOTES:
# LAST OF SEVERAL OCCURRENCES

COLUMN 17 PEAK WIND IN M.P.H.

PRELIMINARY LOCAL CLIMATOLOGICAL DATA (WS FORM: F-6) , PAGE 2

                                          STATION:  LA GRANGE
                                          MONTH:    JUNE
                                          YEAR:     2019
                                          LATITUDE:   29 54 N
                                          LONGITUDE:  96 57 W

[TEMPERATURE DATA]      [PRECIPITATION DATA]       SYMBOLS USED IN COLUMN 16

AVERAGE MONTHLY: 82.5   TOTAL FOR MONTH:   3.23    1 = FOG OR MIST
DPTR FM NORMAL:     M   DPTR FM NORMAL:       M    2 = FOG REDUCING VISIBILITY
HIGHEST:    95 ON 20,19 GRTST 24HR  1.21 ON  4- 4      TO 1/4 MILE OR LESS
LOWEST:     67 ON 17,16                            3 = THUNDER
                        SNOW, ICE PELLETS, HAIL    4 = ICE PELLETS
                        TOTAL MONTH:    M          5 = HAIL
                        GRTST 24HR    M  ON   M    6 = FREEZING RAIN OR DRIZZLE
                        GRTST DEPTH:  M  ON   M    7 = DUSTSTORM OR SANDSTORM:
                                                       VSBY 1/2 MILE OR LESS
                                                   8 = SMOKE OR HAZE
[NO. OF DAYS WITH]      [WEATHER - DAYS WITH]      9 = BLOWING SNOW
                                                   X = TORNADO
MAX 32 OR BELOW:   0    0.01 INCH OR MORE:   8
MAX 90 OR ABOVE:  18    0.10 INCH OR MORE:   5
MIN 32 OR BELOW:   0    0.50 INCH OR MORE:   2
MIN  0 OR BELOW:   0    1.00 INCH OR MORE:   2

[HDD (BASE 65) ]
TOTAL THIS MO.     0    CLEAR  (SCALE 0-3)   8
DPTR FM NORMAL     M    PTCLDY (SCALE 4-7)  14
TOTAL FM JUL 1  1480    CLOUDY (SCALE 8-10)  2
DPTR FM NORMAL     M

[CDD (BASE 65) ]
TOTAL THIS MO.   425
DPTR FM NORMAL     M    [PRESSURE DATA]
TOTAL FM JAN 1  1115    HIGHEST SLP M ON M
DPTR FM NORMAL     M    LOWEST  SLP M ON M

[REMARKS]
