000
CXUS54 KEWX 260910
CF63T5
PRELIMINARY LOCAL CLIMATOLOGICAL DATA (WS FORM: F-6)

                                          STATION:   LA GRANGE
                                          MONTH:     MARCH
                                          YEAR:      2019
                                          LATITUDE:   29 54 N
                                          LONGITUDE:  96 57 W

  TEMPERATURE IN F:       :PCPN:    SNOW:  WIND      :SUNSHINE: SKY     :PK WND
================================================================================
1   2   3   4   5  6A  6B    7    8   9   10  11  12  13   14  15   16   17  18
                                     12Z  AVG MX 2MIN
DY MAX MIN AVG DEP HDD CDD  WTR  SNW DPTH SPD SPD DIR MIN PSBL S-S WX    SPD DR
================================================================================

 1  58  43  51   M  14   0 0.00    M    M  1.7  6  30   M    M  10 18      M  M
 2  57  51  54   M  11   0 0.00    M    M  4.1  6  20   M    M  10 1       M  M
 3  51  37  44   M  21   0 0.00    M    M  9.7 16 350   M    M  10 1      24 350
 4  37  31  34   M  31   0 0.00    M    M 10.5 14 360   M    M  10        23 360
 5  47  28  38   M  27   0 0.00    M    M  6.6 13  10   M    M   0        23 360
 6  60  31  46   M  19   0 0.00    M    M  4.5 13 180   M    M   4        17 180
 7  72  50  61   M   4   0 0.00    M    M  4.3 10 180   M    M   9 1      16 180
 8  82  68  75   M   0  10 0.00    M    M  9.4 14 210   M    M  10 1      21 210
 9  85  64  75   M   0  10 0.04    M    M  6.0 13 180   M    M   6 1      17 180
10  80  69  75   M   0  10 0.00    M    M  4.0  8 130   M    M   9 1       M  M
11  72  59  66   M   0   1 0.00    M    M  4.3  7  20   M    M  10 1       M  M
12  81  65  73   M   0   8 0.03    M    M  8.3 21 160   M    M   9 1      27 160
13  74  56  65   M   0   0 0.19    M    M  8.7 16 170   M    M   8 1      23 170
14  74  58  66   M   0   1 0.25    M    M  7.9 15 340   M    M   5        23 300
15  61  50  56   M   9   0 0.00    M    M  8.5 15  20   M    M   4        24  20
16  62  47  55   M  10   0 0.00    M    M  2.3  8  30   M    M   8         M  M
17  66  47  57   M   8   0 0.00    M    M  1.3  6  70   M    M   1         M  M
18  68  43  56   M   9   0 0.00    M    M  2.0  8 130   M    M   0         M  M
19  73  45  59   M   6   0 0.00    M    M  3.2 10 140   M    M   7        17 150
20  76  49  63   M   2   0 0.00    M    M  1.2  8  10   M    M   7         M  M
21  77  49  63   M   2   0 0.00    M    M  0.4  5 330   M    M   2         M  M
22  80  50  65   M   0   0 0.00    M    M  4.0 10 180   M    M   1 1       M  M
23  78  61  70   M   0   5 0.00    M    M  6.3 14 160   M    M   9        18 160
24  84  65  75   M   0  10 0.00    M    M  6.0  9 160   M    M   8 1       M  M
25  85  63  74   M   0   9 0.00    M    M  4.9 12  10   M    M   6 1       M  M
================================================================================
SM 1740 1279       173  64  0.51    M    130.1          M      163
================================================================================
AV 69.6 51.2                               5.2 FASTST   M    M   7    MAX(MPH)
                                 MISC ---->  # 21 160               # 27  160
================================================================================
NOTES:
# LAST OF SEVERAL OCCURRENCES

COLUMN 17 PEAK WIND IN M.P.H.

PRELIMINARY LOCAL CLIMATOLOGICAL DATA (WS FORM: F-6) , PAGE 2

                                          STATION:  LA GRANGE
                                          MONTH:    MARCH
                                          YEAR:     2019
                                          LATITUDE:   29 54 N
                                          LONGITUDE:  96 57 W

[TEMPERATURE DATA]      [PRECIPITATION DATA]       SYMBOLS USED IN COLUMN 16

AVERAGE MONTHLY: 60.4   TOTAL FOR MONTH:   0.51    1 = FOG OR MIST
DPTR FM NORMAL:     M   DPTR FM NORMAL:       M    2 = FOG REDUCING VISIBILITY
HIGHEST:    85 ON 25, 9 GRTST 24HR  0.25 ON 14-14      TO 1/4 MILE OR LESS
LOWEST:     28 ON  5                               3 = THUNDER
                        SNOW, ICE PELLETS, HAIL    4 = ICE PELLETS
                        TOTAL MONTH:    M          5 = HAIL
                        GRTST 24HR    M  ON   M    6 = FREEZING RAIN OR DRIZZLE
                        GRTST DEPTH:  M  ON   M    7 = DUSTSTORM OR SANDSTORM:
                                                       VSBY 1/2 MILE OR LESS
                                                   8 = SMOKE OR HAZE
[NO. OF DAYS WITH]      [WEATHER - DAYS WITH]      9 = BLOWING SNOW
                                                   X = TORNADO
MAX 32 OR BELOW:   0    0.01 INCH OR MORE:   4
MAX 90 OR ABOVE:   0    0.10 INCH OR MORE:   2
MIN 32 OR BELOW:   3    0.50 INCH OR MORE:   0
MIN  0 OR BELOW:   0    1.00 INCH OR MORE:   0

[HDD (BASE 65) ]
TOTAL THIS MO.   173    CLEAR  (SCALE 0-3)   5
DPTR FM NORMAL     M    PTCLDY (SCALE 4-7)  10
TOTAL FM JUL 1  1418    CLOUDY (SCALE 8-10) 10
DPTR FM NORMAL     M

[CDD (BASE 65) ]
TOTAL THIS MO.    64
DPTR FM NORMAL     M    [PRESSURE DATA]
TOTAL FM JAN 1   103    HIGHEST SLP M ON M
DPTR FM NORMAL     M    LOWEST  SLP M ON M

[REMARKS]
