000
CXUS51 KPHI 251500
CF655N
PRELIMINARY LOCAL CLIMATOLOGICAL DATA (WS FORM: F-6)

                                          STATION:   Atlantic City Marina
                                          MONTH:     MARCH
                                          YEAR:      2019
                                          LATITUDE:   39 22 N
                                          LONGITUDE:  74 25 W

  TEMPERATURE IN F:       :PCPN:    SNOW:  WIND      :SUNSHINE: SKY     :PK WND
================================================================================
1   2   3   4   5  6A  6B    7    8   9   10  11  12  13   14  15   16   17  18
                                     12Z  AVG MX 2MIN
DY MAX MIN AVG DEP HDD CDD  WTR  SNW DPTH SPD SPD DIR MIN PSBL S-S WX    SPD DR
================================================================================

 1  38  32  35  -5  30   0 0.30    M    M 11.1 17 100   M    M   M         M  M
 2  40  35  38  -2  27   0 0.42    M    M  8.0 16  50   M    M   M         M  M
 3  41  36  39  -1  26   0 1.10    M    M  6.3 19  60   M    M   M         M  M
 4  41  31  36  -4  29   0 0.25    M    M 10.2 15 330   M    M   M         M  M
 5  36  24  30 -11  35   0 0.00    M    M  7.0 17 330   M    M   M         M  M
 6  29  22  26 -15  39   0 0.00    M    M 10.5 19 330   M    M   M         M  M
 7  35  22  29 -12  36   0 0.00    M    M  6.8 17 290   M    M   M         M  M
 8  38  31  35  -6  30   0 0.06    M    M  4.1 10 160   M    M   M         M  M
 9  40  33  37  -5  28   0 0.00    M    M  5.5 12 120   M    M   M         M  M
10  52  40  46   4  19   0 1.28    M    M  9.9 20 100   M    M   M         M  M
11  55  43  49   7  16   0 0.00    M    M  8.5 16 300   M    M   M         M  M
12  48  37  43   1  22   0 0.00    M    M  8.7 18 330   M    M   M         M  M
13  42  34  38  -4  27   0 0.00    M    M  6.1 12 190   M    M   M         M  M
14  52  42  47   4  18   0 0.00    M    M 11.1 21 220   M    M   M         M  M
15  60  48  54  11  11   0 0.00    M    M 17.0 26 230   M    M   M         M  M
16  60  40  50   7  15   0 0.00    M    M 10.6 18 300   M    M   M         M  M
17  46  35  41  -2  24   0 0.00    M    M  6.3 13 290   M    M   M         M  M
18  41  36  39  -5  26   0 0.00    M    M  7.6 12 120   M    M   M         M  M
19  42  35  39  -5  26   0 0.00    M    M  8.0 13 110   M    M   M         M  M
20  45  38  42  -2  23   0 0.01    M    M  6.7 14 100   M    M   M         M  M
21  49  45  47   3  18   0 0.42    M    M 15.2 31  90   M    M   M         M  M
22  51  41  46   1  19   0 0.20    M    M 13.3 22 300   M    M   M         M  M
23  50  36  43  -2  22   0 0.00    M    M 14.1 23 300   M    M   M         M  M
24  58  37  48   3  17   0 0.00    M    M 11.8 21 230   M    M   M         M  M
================================================================================
SM 1089  853       583   0  4.04    M    224.4          M        M
================================================================================
AV 45.4 35.5                               9.4 FASTST   M    M   5    MAX(MPH)
                                 MISC ---->  # 31  90                  M    M
================================================================================
NOTES:
# LAST OF SEVERAL OCCURRENCES

COLUMN 17 PEAK WIND IN M.P.H.

PRELIMINARY LOCAL CLIMATOLOGICAL DATA (WS FORM: F-6) , PAGE 2

                                          STATION:  Atlantic City Marina
                                          MONTH:    MARCH
                                          YEAR:     2019
                                          LATITUDE:   39 22 N
                                          LONGITUDE:  74 25 W

[TEMPERATURE DATA]      [PRECIPITATION DATA]       SYMBOLS USED IN COLUMN 16

AVERAGE MONTHLY: 40.5   TOTAL FOR MONTH:   4.04    1 = FOG OR MIST
DPTR FM NORMAL:  -1.9   DPTR FM NORMAL:    0.97    2 = FOG REDUCING VISIBILITY
HIGHEST:    60 ON 16,15 GRTST 24HR  1.28 ON 10-10      TO 1/4 MILE OR LESS
LOWEST:     22 ON  7, 6                            3 = THUNDER
                        SNOW, ICE PELLETS, HAIL    4 = ICE PELLETS
                        TOTAL MONTH:    M          5 = HAIL
                        GRTST 24HR    M  ON   M    6 = FREEZING RAIN OR DRIZZLE
                        GRTST DEPTH:  M  ON   M    7 = DUSTSTORM OR SANDSTORM:
                                                       VSBY 1/2 MILE OR LESS
                                                   8 = SMOKE OR HAZE
[NO. OF DAYS WITH]      [WEATHER - DAYS WITH]      9 = BLOWING SNOW
                                                   X = TORNADO
MAX 32 OR BELOW:   1    0.01 INCH OR MORE:   9
MAX 90 OR ABOVE:   0    0.10 INCH OR MORE:   7
MIN 32 OR BELOW:   6    0.50 INCH OR MORE:   2
MIN  0 OR BELOW:   0    1.00 INCH OR MORE:   2

[HDD (BASE 65) ]
TOTAL THIS MO.   583    CLEAR  (SCALE 0-3)   0
DPTR FM NORMAL    40    PTCLDY (SCALE 4-7)   0
TOTAL FM JUL 1  3641    CLOUDY (SCALE 8-10)  0
DPTR FM NORMAL   -85

[CDD (BASE 65) ]
TOTAL THIS MO.     0
DPTR FM NORMAL     0    [PRESSURE DATA]
TOTAL FM JAN 1     0    HIGHEST SLP M ON M
DPTR FM NORMAL     0    LOWEST  SLP M ON M

[REMARKS]
