000
CXUS51 KPHI 221500
CF655N
PRELIMINARY LOCAL CLIMATOLOGICAL DATA (WS FORM: F-6)

                                          STATION:   Atlantic City Marina
                                          MONTH:     MAY
                                          YEAR:      2019
                                          LATITUDE:   39 22 N
                                          LONGITUDE:  74 25 W

  TEMPERATURE IN F:       :PCPN:    SNOW:  WIND      :SUNSHINE: SKY     :PK WND
================================================================================
1   2   3   4   5  6A  6B    7    8   9   10  11  12  13   14  15   16   17  18
                                     12Z  AVG MX 2MIN
DY MAX MIN AVG DEP HDD CDD  WTR  SNW DPTH SPD SPD DIR MIN PSBL S-S WX    SPD DR
================================================================================

 1  56  52  54  -2  11   0 0.00    M    M  9.8 17  90   M    M   M         M  M
 2  64  52  58   2   7   0 0.00    M    M  7.4 15  90   M    M   M 1       M  M
 3  59  51  55  -2  10   0 0.00    M    M  8.9 14  90   M    M   M         M  M
 4  61  53  57   0   8   0 0.00    M    M  6.0 13 110   M    M   M         M  M
 5  55  51  53  -4  12   0 0.87    M    M 13.2 29  60   M    M   M 1       M  M
 6  60  51  56  -2   9   0 0.01    M    M  8.4 18  50   M    M   M         M  M
 7  62  53  58   0   7   0 0.00    M    M  8.6 18 220   M    M   M         M  M
 8  62  55  59   1   6   0 0.20    M    M  7.8 16  90   M    M   M         M  M
 9  60  55  58   0   7   0 0.00    M    M 11.5 19 100   M    M   M         M  M
10  66  58  62   3   3   0 0.00    M    M 13.2 21 220   M    M   M         M  M
11  66  55  61   2   4   0 0.02    M    M  8.4 16 100   M    M   M         M  M
12  55  48  52  -7  13   0 0.94    M    M 21.0 30  90   M    M   M         M  M
13  51  48  50 -10  15   0 0.44    M    M 13.6 24  90   M    M   M         M  M
14  57  48  53  -7  12   0 0.00    M    M  5.4 13 290   M    M   M         M  M
15  70  46  58  -2   7   0 0.00    M    M  8.1 16 230   M    M   M         M  M
16  72  57  65   5   0   0 0.01    M    M  7.9 17 250   M    M   M         M  M
17  69  59  64   3   1   0 0.00    M    M 10.4 19 230   M    M   M         M  M
18  69  60  65   4   0   0 0.00    M    M  6.7 12 150   M    M   M         M  M
19  68  61  65   4   0   0 0.00    M    M 10.8 16 220   M    M   M         M  M
20  77  64  71   9   0   6 0.12    M    M 11.2 21 230   M    M   M         M  M
21  71  60  66   4   0   1 0.00    M    M  7.3 15 330   M    M   M         M  M
================================================================================
SM 1330 1137       132   7  2.61    M    205.6          M        M
================================================================================
AV 63.3 54.1                               9.8 FASTST   M    M   7    MAX(MPH)
                                 MISC ---->  # 30  90                  M    M
================================================================================
NOTES:
# LAST OF SEVERAL OCCURRENCES

COLUMN 17 PEAK WIND IN M.P.H.

PRELIMINARY LOCAL CLIMATOLOGICAL DATA (WS FORM: F-6) , PAGE 2

                                          STATION:  Atlantic City Marina
                                          MONTH:    MAY
                                          YEAR:     2019
                                          LATITUDE:   39 22 N
                                          LONGITUDE:  74 25 W

[TEMPERATURE DATA]      [PRECIPITATION DATA]       SYMBOLS USED IN COLUMN 16

AVERAGE MONTHLY: 58.7   TOTAL FOR MONTH:   2.61    1 = FOG OR MIST
DPTR FM NORMAL:  -0.3   DPTR FM NORMAL:    0.45    2 = FOG REDUCING VISIBILITY
HIGHEST:    77 ON 20    GRTST 24HR  0.94 ON 12-12      TO 1/4 MILE OR LESS
LOWEST:     46 ON 15                               3 = THUNDER
                        SNOW, ICE PELLETS, HAIL    4 = ICE PELLETS
                        TOTAL MONTH:    M          5 = HAIL
                        GRTST 24HR    M  ON   M    6 = FREEZING RAIN OR DRIZZLE
                        GRTST DEPTH:  M  ON   M    7 = DUSTSTORM OR SANDSTORM:
                                                       VSBY 1/2 MILE OR LESS
                                                   8 = SMOKE OR HAZE
[NO. OF DAYS WITH]      [WEATHER - DAYS WITH]      9 = BLOWING SNOW
                                                   X = TORNADO
MAX 32 OR BELOW:   0    0.01 INCH OR MORE:   8
MAX 90 OR ABOVE:   0    0.10 INCH OR MORE:   5
MIN 32 OR BELOW:   0    0.50 INCH OR MORE:   2
MIN  0 OR BELOW:   0    1.00 INCH OR MORE:   0

[HDD (BASE 65) ]
TOTAL THIS MO.   132    CLEAR  (SCALE 0-3)   0
DPTR FM NORMAL    -7    PTCLDY (SCALE 4-7)   0
TOTAL FM JUL 1  4214    CLOUDY (SCALE 8-10)  0
DPTR FM NORMAL  -189

[CDD (BASE 65) ]
TOTAL THIS MO.     7
DPTR FM NORMAL    -7    [PRESSURE DATA]
TOTAL FM JAN 1     8    HIGHEST SLP M ON M
DPTR FM NORMAL   -10    LOWEST  SLP M ON M

[REMARKS]
