000
CXUS54 KEWX 250910
CF65C1
PRELIMINARY LOCAL CLIMATOLOGICAL DATA (WS FORM: F-6)

                                          STATION:   Boerne
                                          MONTH:     JUNE
                                          YEAR:      2019
                                          LATITUDE:   29 43 N
                                          LONGITUDE:  98 42 W

  TEMPERATURE IN F:       :PCPN:    SNOW:  WIND      :SUNSHINE: SKY     :PK WND
================================================================================
1   2   3   4   5  6A  6B    7    8   9   10  11  12  13   14  15   16   17  18
                                     12Z  AVG MX 2MIN
DY MAX MIN AVG DEP HDD CDD  WTR  SNW DPTH SPD SPD DIR MIN PSBL S-S WX    SPD DR
================================================================================

 1  86  72  79   M   0  14 0.00    M    M  1.1  7 170   M    M   6         M  M
 2  88  72  80   M   0  15 0.00    M    M  1.9 12 170   M    M   6         M  M
 3  86  72  79   M   0  14 0.00    M    M  3.3  9 150   M    M   5        17 150
 4  77  70  74   M   0   9 0.15    M    M  0.6 10 110   M    M   8        16 110
 5  88  72  80   M   0  15 0.00    M    M  2.1 10  60   M    M   7         M  M
 6  88  64  76   M   0  11 0.00    M    M  3.6 15  10   M    M   4        27  10
 7  91  66  79   M   0  14 0.00    M    M  3.0  9 330   M    M   0        17 330
 8  93  63  78   M   0  13 0.00    M    M  2.0  6 160   M    M   0         M  M
 9  91  68  80   M   0  15 0.00    M    M  4.8 22  20   M    M   2        44  20
10  81  70  76   M   0  11 0.00    M    M  6.2 15  10   M    M   4        24  10
11  70  63  67   M   0   2 0.00    M    M  0.0  M   M   M    M   6         M  M
12  82  59  71   M   0   6 0.00    M    M  0.0  M   M   M    M   2         M  M
13  86  63  75   M   0  10 0.00    M    M  0.5  9  60   M    M   2         M  M
14  86  68  77   M   0  12 0.00    M    M  6.9 16 190   M    M   1        25 150
15  90  72  81   M   0  16 0.00    M    M 12.3 16 170   M    M   7        23 190
16  88  63  76   M   0  11 0.00    M    M 10.0 14 170   M    M   8        32 300
17  84  63  74   M   0   9 0.00    M    M  4.3 14 330   M    M   4        23 330
18  88  64  76   M   0  11 0.00    M    M  3.0  9 190   M    M   2        16 200
19  91  73  82   M   0  17 0.00    M    M  7.6 13 200   M    M   2        22 180
20  91  75  83   M   0  18 0.00    M    M  7.7 10 140   M    M   6        16 160
21  91  73  82   M   0  17 0.00    M    M 10.9 15 140   M    M   9        24 150
22  88  68  78   M   0  13 0.00    M    M  8.7 16 180   M    M   7        23 160
23  90  75  83   M   0  18 0.00    M    M 10.0 14 180   M    M   8        23 180
24  79  64  72   M   0   7    M    M    M  6.4 12 100   M    M   7        20 100
================================================================================
SM 2073 1632         0 298  0.15    M    116.9          M      113
================================================================================
AV 86.4 68.0                               4.9 FASTST   M    M   5    MAX(MPH)
                                 MISC ---->  # 22  20               # 44   20
================================================================================
NOTES:
# LAST OF SEVERAL OCCURRENCES

COLUMN 17 PEAK WIND IN M.P.H.

PRELIMINARY LOCAL CLIMATOLOGICAL DATA (WS FORM: F-6) , PAGE 2

                                          STATION:  Boerne
                                          MONTH:    JUNE
                                          YEAR:     2019
                                          LATITUDE:   29 43 N
                                          LONGITUDE:  98 42 W

[TEMPERATURE DATA]      [PRECIPITATION DATA]       SYMBOLS USED IN COLUMN 16

AVERAGE MONTHLY: 77.2   TOTAL FOR MONTH:   0.15    1 = FOG OR MIST
DPTR FM NORMAL:     M   DPTR FM NORMAL:       M    2 = FOG REDUCING VISIBILITY
HIGHEST:    93 ON  8    GRTST 24HR  0.15 ON  4- 4      TO 1/4 MILE OR LESS
LOWEST:     59 ON 12                               3 = THUNDER
                        SNOW, ICE PELLETS, HAIL    4 = ICE PELLETS
                        TOTAL MONTH:    M          5 = HAIL
                        GRTST 24HR    M  ON   M    6 = FREEZING RAIN OR DRIZZLE
                        GRTST DEPTH:  M  ON   M    7 = DUSTSTORM OR SANDSTORM:
                                                       VSBY 1/2 MILE OR LESS
                                                   8 = SMOKE OR HAZE
[NO. OF DAYS WITH]      [WEATHER - DAYS WITH]      9 = BLOWING SNOW
                                                   X = TORNADO
MAX 32 OR BELOW:   0    0.01 INCH OR MORE:   1
MAX 90 OR ABOVE:   8    0.10 INCH OR MORE:   1
MIN 32 OR BELOW:   0    0.50 INCH OR MORE:   0
MIN  0 OR BELOW:   0    1.00 INCH OR MORE:   0

[HDD (BASE 65) ]
TOTAL THIS MO.     0    CLEAR  (SCALE 0-3)   8
DPTR FM NORMAL     M    PTCLDY (SCALE 4-7)  12
TOTAL FM JUL 1  2193    CLOUDY (SCALE 8-10)  4
DPTR FM NORMAL     M

[CDD (BASE 65) ]
TOTAL THIS MO.   298
DPTR FM NORMAL     M    [PRESSURE DATA]
TOTAL FM JAN 1   656    HIGHEST SLP M ON M
DPTR FM NORMAL     M    LOWEST  SLP M ON M

[REMARKS]
