000
CXUS54 KEWX 260910
CF65C1
PRELIMINARY LOCAL CLIMATOLOGICAL DATA (WS FORM: F-6)

                                          STATION:   Boerne
                                          MONTH:     MARCH
                                          YEAR:      2019
                                          LATITUDE:   29 43 N
                                          LONGITUDE:  98 42 W

  TEMPERATURE IN F:       :PCPN:    SNOW:  WIND      :SUNSHINE: SKY     :PK WND
================================================================================
1   2   3   4   5  6A  6B    7    8   9   10  11  12  13   14  15   16   17  18
                                     12Z  AVG MX 2MIN
DY MAX MIN AVG DEP HDD CDD  WTR  SNW DPTH SPD SPD DIR MIN PSBL S-S WX    SPD DR
================================================================================

 1  61  43  52   M  13   0 0.00    M    M  2.4  9 170   M    M  10         M  M
 2  54  50  52   M  13   0 0.00    M    M  2.5  6  40   M    M  10         M  M
 3  50  32  41   M  24   0 0.01    M    M 10.9 18  10   M    M   9        29  30
 4  36  27  32   M  33   0 0.00    M    M 11.6 18  10   M    M  10        29  10
 5  45  25  35   M  30   0 0.00    M    M  6.8 15  10   M    M   0        22  10
 6  52  28  40   M  25   0 0.00    M    M  4.3 10 170   M    M   4        18 160
 7  64  48  56   M   9   0 0.00    M    M  6.7 18 210   M    M   6        24 210
 8  79  61  70   M   0   5 0.00    M    M  9.7 13 160   M    M   8        22 170
 9  82  52  67   M   0   2 0.01    M    M  6.4 16 340   M    M   5        25 340
10  73  52  63   M   2   0 0.01    M    M  4.0 12 130   M    M   8        17 140
11  66  52  59   M   6   0 0.02    M    M  5.2  9  20   M    M  10         M  M
12  73  55  64   M   1   0 0.08    M    M 10.3 20 170   M    M  10        29 160
13  81  54  68   M   0   3 0.37    M    M 10.0 23 170   M    M   4        41 160
14  70  54  62   M   3   0 0.00    M    M  9.5 23 360   M    M   1        31 360
15  54  43  49   M  16   0 0.00    M    M  9.9 17  20   M    M   5        25  20
16  55  39  47   M  18   0 0.00    M    M  2.9 13  50   M    M   9        20  70
17  61  34  48   M  17   0 0.00    M    M  0.0  M   M   M    M   0         M  M
18  64  39  52   M  13   0 0.00    M    M  2.3 10 130   M    M   3         M  M
19  64  36  50   M  15   0 0.00    M    M  4.0 10 160   M    M   8        16 160
20  72  52  62   M   3   0 0.01    M    M  2.8  6 120   M    M   9         M  M
21  72  46  59   M   6   0 0.00    M    M  0.8  5 140   M    M   4         M  M
22  72  45  59   M   6   0 0.00    M    M  6.4 14 150   M    M   6        20 170
23  68  59  64   M   1   0 0.00    M    M  8.9 13 160   M    M  10        18 170
24  77  61  69   M   0   4 0.00    M    M  6.1 13 190   M    M   8        16 190
25  79  57  68   M   0   3 0.00    M    M  4.7 10  60   M    M   6        17  40
================================================================================
SM 1624 1144       254  17  0.51    M    149.1          M      163
================================================================================
AV 65.0 45.8                               6.0 FASTST   M    M   7    MAX(MPH)
                                 MISC ---->  # 23 170               # 41  160
================================================================================
NOTES:
# LAST OF SEVERAL OCCURRENCES

COLUMN 17 PEAK WIND IN M.P.H.

PRELIMINARY LOCAL CLIMATOLOGICAL DATA (WS FORM: F-6) , PAGE 2

                                          STATION:  Boerne
                                          MONTH:    MARCH
                                          YEAR:     2019
                                          LATITUDE:   29 43 N
                                          LONGITUDE:  98 42 W

[TEMPERATURE DATA]      [PRECIPITATION DATA]       SYMBOLS USED IN COLUMN 16

AVERAGE MONTHLY: 55.4   TOTAL FOR MONTH:   0.51    1 = FOG OR MIST
DPTR FM NORMAL:     M   DPTR FM NORMAL:       M    2 = FOG REDUCING VISIBILITY
HIGHEST:    82 ON  9    GRTST 24HR  0.37 ON 13-13      TO 1/4 MILE OR LESS
LOWEST:     25 ON  5                               3 = THUNDER
                        SNOW, ICE PELLETS, HAIL    4 = ICE PELLETS
                        TOTAL MONTH:    M          5 = HAIL
                        GRTST 24HR    M  ON   M    6 = FREEZING RAIN OR DRIZZLE
                        GRTST DEPTH:  M  ON   M    7 = DUSTSTORM OR SANDSTORM:
                                                       VSBY 1/2 MILE OR LESS
                                                   8 = SMOKE OR HAZE
[NO. OF DAYS WITH]      [WEATHER - DAYS WITH]      9 = BLOWING SNOW
                                                   X = TORNADO
MAX 32 OR BELOW:   0    0.01 INCH OR MORE:   7
MAX 90 OR ABOVE:   0    0.10 INCH OR MORE:   1
MIN 32 OR BELOW:   4    0.50 INCH OR MORE:   0
MIN  0 OR BELOW:   0    1.00 INCH OR MORE:   0

[HDD (BASE 65) ]
TOTAL THIS MO.   254    CLEAR  (SCALE 0-3)   4
DPTR FM NORMAL     M    PTCLDY (SCALE 4-7)  11
TOTAL FM JUL 1  2055    CLOUDY (SCALE 8-10) 10
DPTR FM NORMAL     M

[CDD (BASE 65) ]
TOTAL THIS MO.    17
DPTR FM NORMAL     M    [PRESSURE DATA]
TOTAL FM JAN 1    25    HIGHEST SLP M ON M
DPTR FM NORMAL     M    LOWEST  SLP M ON M

[REMARKS]
