000
CXUS54 KEWX 240910
CF65T9
PRELIMINARY LOCAL CLIMATOLOGICAL DATA (WS FORM: F-6)

                                          STATION:   Eagle Pass
                                          MONTH:     MARCH
                                          YEAR:      2019
                                          LATITUDE:   28 51 N
                                          LONGITUDE: 100 31 W

  TEMPERATURE IN F:       :PCPN:    SNOW:  WIND      :SUNSHINE: SKY     :PK WND
================================================================================
1   2   3   4   5  6A  6B    7    8   9   10  11  12  13   14  15   16   17  18
                                     12Z  AVG MX 2MIN
DY MAX MIN AVG DEP HDD CDD  WTR  SNW DPTH SPD SPD DIR MIN PSBL S-S WX    SPD DR
================================================================================

 1  68  52  60   M   5   0 0.00    M    M  6.9 12 100   M    M   9 128     M  M
 2  68  59  64   M   1   0 0.00    M    M  6.6 10 130   M    M  10 12     14  70
 3  64  41  53   M  12   0 0.00    M    M  6.1 12 350   M    M  10 12     16  10
 4  46  34  40   M  25   0 0.00    M    M  7.8 13 340   M    M  10        17 350
 5  50  28  39   M  26   0 0.00    M    M  3.2  6  99   M    M   2        14 310
 6  61  30  46   M  19   0 0.00    M    M  8.2 14 160   M    M   2        22 150
 7  75  36  56   M   9   0 0.00    M    M  5.2  9 110   M    M   0        13  99
 8  86  50  68   M   0   3 0.00    M    M  7.6 12 170   M    M   3 12     17 140
 9  88  63  76   M   0  11 0.00    M    M  6.0 16 330   M    M   3 1      23 330
10  77  63  70   M   0   5 0.00    M    M  5.8 10 110   M    M   8 12     15  90
11  73  66  70   M   0   5 0.00    M    M  9.1 16  70   M    M  10 1      22  70
12  82  64  73   M   0   8 0.00    M    M 14.0 21 130   M    M   9 1      31 140
13  90  52  71   M   0   6 0.00    M    M  6.7 18 140   M    M   1        27 140
14  81  48  65   M   0   0 0.00    M    M  8.8 20 350   M    M   1        28 330
15  61  52  57   M   8   0 0.00    M    M  5.1 10  70   M    M   6        13  10
16  61  43  52   M  13   0 0.00    M    M  6.0 12 110   M    M   9        18 100
17  68  43  56   M   9   0 0.00    M    M  3.1  7  99   M    M   4        16   0
18  70  48  59   M   6   0 0.00    M    M  5.8 15  70   M    M   8        14   0
19  73  41  57   M   8   0 0.00    M    M  7.2 15 130   M    M   3        17 140
20  68  54  61   M   4   0 0.00    M    M  4.6  8 110   M    M   8 18      M  M
21  77  52  65   M   0   0 0.00    M    M  5.2  9 130   M    M   9 12     15 140
22  75  64  70   M   0   5 0.00    M    M  9.9 16 160   M    M  10        27 150
23  81  63  72   M   0   7 0.00    M    M  7.4 20 130   M    M   6 1      32 130
================================================================================
SM 1643 1146       145  50  0.00    M    156.3          M      141
================================================================================
AV 71.4 49.8                               6.8 FASTST   M    M   6    MAX(MPH)
                                 MISC ---->  # 21 130               # 32  130
================================================================================
NOTES:
# LAST OF SEVERAL OCCURRENCES

COLUMN 17 PEAK WIND IN M.P.H.

PRELIMINARY LOCAL CLIMATOLOGICAL DATA (WS FORM: F-6) , PAGE 2

                                          STATION:  Eagle Pass
                                          MONTH:    MARCH
                                          YEAR:     2019
                                          LATITUDE:   28 51 N
                                          LONGITUDE: 100 31 W

[TEMPERATURE DATA]      [PRECIPITATION DATA]       SYMBOLS USED IN COLUMN 16

AVERAGE MONTHLY: 60.6   TOTAL FOR MONTH:   0.00    1 = FOG OR MIST
DPTR FM NORMAL:     M   DPTR FM NORMAL:       M    2 = FOG REDUCING VISIBILITY
HIGHEST:    90 ON 13    GRTST 24HR  0.00 ON 23-23      TO 1/4 MILE OR LESS
LOWEST:     28 ON  5                               3 = THUNDER
                        SNOW, ICE PELLETS, HAIL    4 = ICE PELLETS
                        TOTAL MONTH:    M          5 = HAIL
                        GRTST 24HR    M  ON   M    6 = FREEZING RAIN OR DRIZZLE
                        GRTST DEPTH:  M  ON   M    7 = DUSTSTORM OR SANDSTORM:
                                                       VSBY 1/2 MILE OR LESS
                                                   8 = SMOKE OR HAZE
[NO. OF DAYS WITH]      [WEATHER - DAYS WITH]      9 = BLOWING SNOW
                                                   X = TORNADO
MAX 32 OR BELOW:   0    0.01 INCH OR MORE:   0
MAX 90 OR ABOVE:   1    0.10 INCH OR MORE:   0
MIN 32 OR BELOW:   2    0.50 INCH OR MORE:   0
MIN  0 OR BELOW:   0    1.00 INCH OR MORE:   0

[HDD (BASE 65) ]
TOTAL THIS MO.   145    CLEAR  (SCALE 0-3)   7
DPTR FM NORMAL     M    PTCLDY (SCALE 4-7)   6
TOTAL FM JUL 1   868    CLOUDY (SCALE 8-10) 10
DPTR FM NORMAL     M

[CDD (BASE 65) ]
TOTAL THIS MO.    50
DPTR FM NORMAL     M    [PRESSURE DATA]
TOTAL FM JAN 1    63    HIGHEST SLP M ON M
DPTR FM NORMAL     M    LOWEST  SLP M ON M

[REMARKS]
