360
CXUS54 KEWX 220910
CF65T9
PRELIMINARY LOCAL CLIMATOLOGICAL DATA (WS FORM: F-6)

                                          STATION:   Eagle Pass
                                          MONTH:     MAY
                                          YEAR:      2019
                                          LATITUDE:   28 51 N
                                          LONGITUDE: 100 31 W

  TEMPERATURE IN F:       :PCPN:    SNOW:  WIND      :SUNSHINE: SKY     :PK WND
================================================================================
1   2   3   4   5  6A  6B    7    8   9   10  11  12  13   14  15   16   17  18
                                     12Z  AVG MX 2MIN
DY MAX MIN AVG DEP HDD CDD  WTR  SNW DPTH SPD SPD DIR MIN PSBL S-S WX    SPD DR
================================================================================

 1  82  73  78   M   0  13 0.00    M    M  8.2 13  60   M    M   5 18     18  60
 2  84  73  79   M   0  14 0.00    M    M 11.1 18  90   M    M   8 18     29  90
 3   M   M   M   M   M   M    M    M    M   M   M   M   M    M   M         M  M
 4  82   M   M   M   M   M 0.00    M    M  5.3  9 120   M    M   7        14 110
 5  90  64  77   M   0  12 0.00    M    M  8.2 14 130   M    M   8 1      20 130
 6  84  66  75   M   0  10 0.00    M    M  8.5 14 100   M    M   4 1      24  40
 7  88  72  80   M   0  15 0.00    M    M  9.3 16 110   M    M   7        28 110
 8  91  72  82   M   0  17 0.00    M    M  8.3 17 360   M    M   4 18     28 360
 9  84  66  75   M   0  10 0.00    M    M  5.4 13 310   M    M   7 18     17  30
10  64  57  61   M   4   0 0.00    M    M  6.0 10 340   M    M   9 1      17 340
11  75  57  66   M   0   1 0.00    M    M  7.3 10 340   M    M   7 1      18 320
12  82  57  70   M   0   5 0.00    M    M  4.5  9  80   M    M   4        15 110
13  81  61  71   M   0   6 0.00    M    M  7.7 16 140   M    M   5 1      22 140
14  82  66  74   M   0   9 0.00    M    M  3.0  9 120   M    M  10 1       M  M
15   M   M   M   M   M   M    M    M    M   M   M   M   M    M   M         M  M
16  90  77  84   M   0  19 0.00    M    M  8.5 13 100   M    M   6        22 130
17  90  73  82   M   0  17 0.00    M    M 13.1 17 120   M    M   8 1      24 140
18  95  75  85   M   0  20 0.00    M    M  7.7 17 120   M    M   5 18     24 120
19   M  73   M   M   M   M 0.00    M    M  9.0 12 290   M    M   7 1      20 290
20  93  81  87   M   0  22 0.00    M    M 14.5 20 140   M    M   4        30 140
21  88  70  79   M   0  14 0.00    M    M  6.2 14 340   M    M   3        22 340
================================================================================
SM 1525 1233         4 204  0.00    M    151.8          M      118
================================================================================
AV 84.7 68.5                               8.0 FASTST   M    M   6    MAX(MPH)
                                 MISC ---->  # 20 140               # 30  140
================================================================================
NOTES:
# LAST OF SEVERAL OCCURRENCES

COLUMN 17 PEAK WIND IN M.P.H.

PRELIMINARY LOCAL CLIMATOLOGICAL DATA (WS FORM: F-6) , PAGE 2

                                          STATION:  Eagle Pass
                                          MONTH:    MAY
                                          YEAR:     2019
                                          LATITUDE:   28 51 N
                                          LONGITUDE: 100 31 W

[TEMPERATURE DATA]      [PRECIPITATION DATA]       SYMBOLS USED IN COLUMN 16

AVERAGE MONTHLY: 76.6   TOTAL FOR MONTH:   0.00    1 = FOG OR MIST
DPTR FM NORMAL:     M   DPTR FM NORMAL:       M    2 = FOG REDUCING VISIBILITY
HIGHEST:    95 ON 18    GRTST 24HR  0.00 ON 21-21      TO 1/4 MILE OR LESS
LOWEST:     57 ON 12,11                            3 = THUNDER
                        SNOW, ICE PELLETS, HAIL    4 = ICE PELLETS
                        TOTAL MONTH:    M          5 = HAIL
                        GRTST 24HR    M  ON   M    6 = FREEZING RAIN OR DRIZZLE
                        GRTST DEPTH:  M  ON   M    7 = DUSTSTORM OR SANDSTORM:
                                                       VSBY 1/2 MILE OR LESS
                                                   8 = SMOKE OR HAZE
[NO. OF DAYS WITH]      [WEATHER - DAYS WITH]      9 = BLOWING SNOW
                                                   X = TORNADO
MAX 32 OR BELOW:   0    0.01 INCH OR MORE:   0
MAX 90 OR ABOVE:   6    0.10 INCH OR MORE:   0
MIN 32 OR BELOW:   0    0.50 INCH OR MORE:   0
MIN  0 OR BELOW:   0    1.00 INCH OR MORE:   0

[HDD (BASE 65) ]
TOTAL THIS MO.     4    CLEAR  (SCALE 0-3)   1
DPTR FM NORMAL     M    PTCLDY (SCALE 4-7)  16
TOTAL FM JUL 1   903    CLOUDY (SCALE 8-10)  2
DPTR FM NORMAL     M

[CDD (BASE 65) ]
TOTAL THIS MO.   204
DPTR FM NORMAL     M    [PRESSURE DATA]
TOTAL FM JAN 1   536    HIGHEST SLP M ON M
DPTR FM NORMAL     M    LOWEST  SLP M ON M

[REMARKS]
