000
CXUS54 KMAF 181100
CF66R6
PRELIMINARY LOCAL CLIMATOLOGICAL DATA (WS FORM: F-6)

                                          STATION:   Terrell County Airport
                                          MONTH:     MARCH
                                          YEAR:      2019
                                          LATITUDE:   30  2 N
                                          LONGITUDE: 102 13 W

  TEMPERATURE IN F:       :PCPN:    SNOW:  WIND      :SUNSHINE: SKY     :PK WND
================================================================================
1   2   3   4   5  6A  6B    7    8   9   10  11  12  13   14  15   16   17  18
                                     12Z  AVG MX 2MIN
DY MAX MIN AVG DEP HDD CDD  WTR  SNW DPTH SPD SPD DIR MIN PSBL S-S WX    SPD DR
================================================================================

 1  89  54  72  15   0   7 0.00  0.0    0  7.7 20 230   M    M   0        28 240
 2  69  56  63   5   2   0 0.00  0.0    0  6.3 14  90   M    M   0        18  90
 3  63  34  49  -9  16   0 0.00  0.0    0 10.8 24  20   M    M   0        30  40
 4  41  27  34 -24  31   0 0.00  0.0    0  9.1 15  40   M    M   0        20  50
 5  51  23  37 -21  28   0 0.00  0.0    0  6.4 14  90   M    M   0        20  80
 6  60  33  47 -12  18   0 0.00  0.0    0  8.4 17 130   M    M   0        20 120
 7  72  32  52  -7  13   0 0.00  0.0    0  4.7 12 180   M    M   0        16 140
 8  78  46  62   3   3   0 0.00  0.0    0  6.3 24  10   M    M   0        30  20
 9  82  52  67   8   0   2 0.00  0.0    0 10.4 25 320   M    M   0        30 330
10  76  58  67   7   0   2 0.00  0.0    M  9.1 20 360   M    M   0        26 360
11  62  53  58  -2   7   0 0.02  0.0    0 10.2 21  10   M    M   0        27 360
12  73  58  66   6   0   1 0.16  0.0    0 14.1 35 120   M    M   0        53 120
13  83  50  67   7   0   2 0.00  0.0    0 14.9 28 260   M    M   0        39 240
14  73  50  62   2   3   0 0.00  0.0    0 10.5 21 320   M    M   0        30 330
15  58  42  50 -11  15   0 0.00  0.0    0  9.8 17  90   M    M   0        22  70
16  62  37  50 -11  15   0 0.00  0.0    0  9.8 21 120   M    M   0        30 110
17  65  39  52  -9  13   0 0.00  0.0    0  7.5 14 110   M    M   0        20 140
================================================================================
SM 1157  744       164  14  0.18     0.0 156.0          M        0
================================================================================
AV 68.1 43.8                               9.2 FASTST   M    M   0    MAX(MPH)
                                 MISC ---->  # 35 120               # 53  120
================================================================================
NOTES:
# LAST OF SEVERAL OCCURRENCES

COLUMN 17 PEAK WIND IN M.P.H.

PRELIMINARY LOCAL CLIMATOLOGICAL DATA (WS FORM: F-6) , PAGE 2

                                          STATION:  Terrell County Airport
                                          MONTH:    MARCH
                                          YEAR:     2019
                                          LATITUDE:   30  2 N
                                          LONGITUDE: 102 13 W

[TEMPERATURE DATA]      [PRECIPITATION DATA]       SYMBOLS USED IN COLUMN 16

AVERAGE MONTHLY: 55.9   TOTAL FOR MONTH:   0.18    1 = FOG OR MIST
DPTR FM NORMAL:  -3.4   DPTR FM NORMAL:   -0.16    2 = FOG REDUCING VISIBILITY
HIGHEST:    89 ON  1    GRTST 24HR  0.16 ON 12-12      TO 1/4 MILE OR LESS
LOWEST:     23 ON  5                               3 = THUNDER
                        SNOW, ICE PELLETS, HAIL    4 = ICE PELLETS
                        TOTAL MONTH:   0.0 INCH    5 = HAIL
                        GRTST 24HR     0.0         6 = FREEZING RAIN OR DRIZZLE
                        GRTST DEPTH:   0           7 = DUSTSTORM OR SANDSTORM:
                                                       VSBY 1/2 MILE OR LESS
                                                   8 = SMOKE OR HAZE
[NO. OF DAYS WITH]      [WEATHER - DAYS WITH]      9 = BLOWING SNOW
                                                   X = TORNADO
MAX 32 OR BELOW:   0    0.01 INCH OR MORE:   2
MAX 90 OR ABOVE:   0    0.10 INCH OR MORE:   1
MIN 32 OR BELOW:   3    0.50 INCH OR MORE:   0
MIN  0 OR BELOW:   0    1.00 INCH OR MORE:   0

[HDD (BASE 65) ]
TOTAL THIS MO.   164    CLEAR  (SCALE 0-3)  17
DPTR FM NORMAL    52    PTCLDY (SCALE 4-7)   0
TOTAL FM JUL 1  1873    CLOUDY (SCALE 8-10)  0
DPTR FM NORMAL   155

[CDD (BASE 65) ]
TOTAL THIS MO.    14
DPTR FM NORMAL    -3    [PRESSURE DATA]
TOTAL FM JAN 1    29    HIGHEST SLP M ON M
DPTR FM NORMAL     4    LOWEST  SLP 29.36 ON 12

[REMARKS]
