000
CXUS55 KABR 261400
CF68D3
PRELIMINARY LOCAL CLIMATOLOGICAL DATA (WS FORM: F-6)

                                          STATION:   SISSETON SD
                                          MONTH:     MAY
                                          YEAR:      2019
                                          LATITUDE:   45 40 N
                                          LONGITUDE:  96 59 W

  TEMPERATURE IN F:       :PCPN:    SNOW:  WIND      :SUNSHINE: SKY     :PK WND
================================================================================
1   2   3   4   5  6A  6B    7    8   9   10  11  12  13   14  15   16   17  18
                                     12Z  AVG MX 2MIN
DY MAX MIN AVG DEP HDD CDD  WTR  SNW DPTH SPD SPD DIR MIN PSBL S-S WX    SPD DR
================================================================================

 1  43  38  41 -11  24   0 0.11  0.0    0  5.6 10  20   M    M   0        13 100
 2  57  37  47  -5  18   0 0.01  0.0    0  6.7 15 320   M    M   0        19 300
 3  65  39  52  -1  13   0 0.03  0.0    0 10.9 23 150   M    M   0        30 160
 4  69  39  54   1  11   0 0.00  0.0    0 13.2 24 240   M    M   0        34 230
 5  57  38  48  -6  17   0 0.03  0.0    0  9.3 20 360   M    M   0        25  10
 6  50  33  42 -12  23   0 0.00  0.0    0  8.1 17  20   M    M   0        26  10
 7  59  26  43 -11  22   0 0.07  0.0    0  5.8 17 150   M    M   0        27 140
 8  46  40  43 -12  22   0 0.75  0.0    0 14.8 26  40   M    M   0        34  40
 9  55  36  46  -9  19   0 0.00  0.0    0 14.9 28 360   M    M   0        39 340
10  62  32  47  -8  18   0 0.00  0.0    0  8.1 18 250   M    M   0        27 230
11  66  40  53  -3  12   0 0.01  0.0    0 16.9 33 200   M    M   0        44 160
12  61  42  52  -4  13   0 0.00  0.0    0  8.1 15 140   M    M   0        21 170
13  71  47  59   3   6   0 0.00  0.0    0 11.7 20 220   M    M   0        26 210
14  79  46  63   6   2   0 0.00  0.0    0  6.6 20  20   M    M   0        23  20
15  82  44  63   6   2   0 0.10  0.0    0 14.0 33 310   M    M   0        47 310
16  67  42  55  -3  10   0 0.00  0.0    0 14.5 26  10   M    M   0        32 350
17  69  40  55  -3  10   0 0.54  0.0    0 12.9 25  70   M    M   0        33  80
18  47  41  44 -14  21   0 1.17  0.0    0 17.2 25  60   M    M   0        33  60
19  44  40  42 -16  23   0 0.10  0.0    0 14.5 26  40   M    M   0        35  30
20  59  40  50  -9  15   0 0.00  0.0    0  6.4 15 270   M    M   0        19 250
21  60  44  52  -7  13   0 0.48  0.0    0 15.1 31 110   M    M   0        45 100
22  54  45  50  -9  15   0 0.46  0.0    0 12.1 24  90   M    M   0        33  80
23  55  47  51  -9  14   0 0.00  0.0    0  9.0 21 310   M    M   0        27 310
24  73  48  61   1   4   0 0.24  0.0    0 11.7 24 200   M    M   0        33 250
25  62  46  54  -6  11   0 0.01  0.0    0 12.1 25 340   M    M   0        35 310
================================================================================
SM 1512 1010       358   0  4.11     0.0 280.2          M        0
================================================================================
AV 60.5 40.4                              11.2 FASTST   M    M   0    MAX(MPH)
                                 MISC ---->  # 33 200               # 47  310
================================================================================
NOTES:
# LAST OF SEVERAL OCCURRENCES

COLUMN 17 PEAK WIND IN M.P.H.

PRELIMINARY LOCAL CLIMATOLOGICAL DATA (WS FORM: F-6) , PAGE 2

                                          STATION:  SISSETON SD
                                          MONTH:    MAY
                                          YEAR:     2019
                                          LATITUDE:   45 40 N
                                          LONGITUDE:  96 59 W

[TEMPERATURE DATA]      [PRECIPITATION DATA]       SYMBOLS USED IN COLUMN 16

AVERAGE MONTHLY: 50.4   TOTAL FOR MONTH:   4.11    1 = FOG OR MIST
DPTR FM NORMAL:  -5.9   DPTR FM NORMAL:    1.93    2 = FOG REDUCING VISIBILITY
HIGHEST:    82 ON 15    GRTST 24HR  1.17 ON 18-18      TO 1/4 MILE OR LESS
LOWEST:     26 ON  7                               3 = THUNDER
                        SNOW, ICE PELLETS, HAIL    4 = ICE PELLETS
                        TOTAL MONTH:   0.0 INCH    5 = HAIL
                        GRTST 24HR     0.0         6 = FREEZING RAIN OR DRIZZLE
                        GRTST DEPTH:   0           7 = DUSTSTORM OR SANDSTORM:
                                                       VSBY 1/2 MILE OR LESS
                                                   8 = SMOKE OR HAZE
[NO. OF DAYS WITH]      [WEATHER - DAYS WITH]      9 = BLOWING SNOW
                                                   X = TORNADO
MAX 32 OR BELOW:   0    0.01 INCH OR MORE:  15
MAX 90 OR ABOVE:   0    0.10 INCH OR MORE:   9
MIN 32 OR BELOW:   2    0.50 INCH OR MORE:   3
MIN  0 OR BELOW:   0    1.00 INCH OR MORE:   1

[HDD (BASE 65) ]
TOTAL THIS MO.   358    CLEAR  (SCALE 0-3)  25
DPTR FM NORMAL   127    PTCLDY (SCALE 4-7)   0
TOTAL FM JUL 1  9310    CLOUDY (SCALE 8-10)  0
DPTR FM NORMAL  1120

[CDD (BASE 65) ]
TOTAL THIS MO.     0
DPTR FM NORMAL   -16    [PRESSURE DATA]
TOTAL FM JAN 1     2    HIGHEST SLP M ON M
DPTR FM NORMAL   -15    LOWEST  SLP 29.45 ON 22

[REMARKS]
