000
CXUS55 KABR 221400
CF68D3
PRELIMINARY LOCAL CLIMATOLOGICAL DATA (WS FORM: F-6)

                                          STATION:   SISSETON SD
                                          MONTH:     MARCH
                                          YEAR:      2019
                                          LATITUDE:   45 40 N
                                          LONGITUDE:  96 59 W

  TEMPERATURE IN F:       :PCPN:    SNOW:  WIND      :SUNSHINE: SKY     :PK WND
================================================================================
1   2   3   4   5  6A  6B    7    8   9   10  11  12  13   14  15   16   17  18
                                     12Z  AVG MX 2MIN
DY MAX MIN AVG DEP HDD CDD  WTR  SNW DPTH SPD SPD DIR MIN PSBL S-S WX    SPD DR
================================================================================

 1  16  -2   7 -16  58   0 0.19  4.3   24  7.4 18 320   M    M   0        22 330
 2   4 -12  -4 -28  69   0 0.00  0.0   24 14.4 25 320   M    M   0        30 320
 3  -2 -15  -8 -32  73   0 0.00  0.0   23 18.6 26 290   M    M   0        33 300
 4  10  -3   4 -21  61   0 0.01    T   23 21.0 31 270   M    M   0        41 260
 5  15   3   9 -16  56   0 0.00  0.0   23 15.3 24 320   M    M   0        32 330
 6  15  -3   6 -20  59   0 0.00  0.0   22 11.4 21 280   M    M   0        27 270
 7  12  -6   3 -23  62   0 0.00  0.0   21  7.5 15 160   M    M   0        18 160
 8  26  12  19  -7  46   0 0.00  0.0   20 10.0 15 120   M    M   0        19 120
 9  30  20  25  -2  40   0 0.66  9.0   21 15.0 33 320   M    M   0        41 310
10  22  10  16 -11  49   0 0.01  0.1   29 14.3 29 320   M    M   0        36 310
11  28  -1  14 -14  51   0 0.00  0.0   27  8.0 17 130   M    M   0        25 130
12  41  19  30   2  35   0 0.00  0.0   25 16.5 32 210   M    M   0        46 220
13  33  20  27  -2  38   0 0.89  0.2   24 10.3 25  10   M    M   0 6      32  10
14  33  25  29   0  36   0 0.12  1.2   21 29.7 45 330   M    M   0        55 330
15  32  18  25  -5  40   0 0.00  0.0   21 15.2 32 310   M    M   0        40 320
16  29  12  21  -9  44   0 0.00  0.0   20  3.4 18 260   M    M   0        23 270
17  34  24  29  -1  36   0 0.00  0.0   20 11.6 21 250   M    M   0        27 270
18  36  21  29  -2  36   0 0.00  0.0   18 10.4 22 230   M    M   0        33 240
19  41  25  33   2  32   0 0.00  0.0   16  7.9 22 250   M    M   0        31 240
20  36  28  32   0  33   0 0.00  0.0   16 15.6 26 250   M    M   0        42 260
21  45  25  35   3  30   0 0.00  0.0   14 10.4 21 260   M    M   0        28 250
================================================================================
SM  536  220       984   0  1.88    14.8 273.9          M        0
================================================================================
AV 25.5 10.5                              13.0 FASTST   M    M   0    MAX(MPH)
                                 MISC ---->  # 45 330               # 55  330
================================================================================
NOTES:
# LAST OF SEVERAL OCCURRENCES

COLUMN 17 PEAK WIND IN M.P.H.

PRELIMINARY LOCAL CLIMATOLOGICAL DATA (WS FORM: F-6) , PAGE 2

                                          STATION:  SISSETON SD
                                          MONTH:    MARCH
                                          YEAR:     2019
                                          LATITUDE:   45 40 N
                                          LONGITUDE:  96 59 W

[TEMPERATURE DATA]      [PRECIPITATION DATA]       SYMBOLS USED IN COLUMN 16

AVERAGE MONTHLY: 18.0   TOTAL FOR MONTH:   1.88    1 = FOG OR MIST
DPTR FM NORMAL:  -9.8   DPTR FM NORMAL:    1.17    2 = FOG REDUCING VISIBILITY
HIGHEST:    45 ON 21    GRTST 24HR  0.89 ON 13-13      TO 1/4 MILE OR LESS
LOWEST:    -15 ON  3                               3 = THUNDER
                        SNOW, ICE PELLETS, HAIL    4 = ICE PELLETS
                        TOTAL MONTH:  14.8 INCHES  5 = HAIL
                        GRTST 24HR   9.0 ON  9- 9  6 = FREEZING RAIN OR DRIZZLE
                        GRTST DEPTH:  29 ON 10     7 = DUSTSTORM OR SANDSTORM:
                                                       VSBY 1/2 MILE OR LESS
                                                   8 = SMOKE OR HAZE
[NO. OF DAYS WITH]      [WEATHER - DAYS WITH]      9 = BLOWING SNOW
                                                   X = TORNADO
MAX 32 OR BELOW:  13    0.01 INCH OR MORE:   6
MAX 90 OR ABOVE:   0    0.10 INCH OR MORE:   4
MIN 32 OR BELOW:  21    0.50 INCH OR MORE:   2
MIN  0 OR BELOW:   7    1.00 INCH OR MORE:   0

[HDD (BASE 65) ]
TOTAL THIS MO.   984    CLEAR  (SCALE 0-3)  21
DPTR FM NORMAL   202    PTCLDY (SCALE 4-7)   0
TOTAL FM JUL 1  8002    CLOUDY (SCALE 8-10)  0
DPTR FM NORMAL   961

[CDD (BASE 65) ]
TOTAL THIS MO.     0
DPTR FM NORMAL     0    [PRESSURE DATA]
TOTAL FM JAN 1     0    HIGHEST SLP M ON M
DPTR FM NORMAL     0    LOWEST  SLP 29.40 ON 13

[REMARKS]
