000
CXUS56 KMFR 201000
CF6AAT
PRELIMINARY LOCAL CLIMATOLOGICAL DATA (WS FORM: F-6)

                                          STATION:   ALTURAS CA
                                          MONTH:     MARCH
                                          YEAR:      2019
                                          LATITUDE:   41 29 N
                                          LONGITUDE: 120 34 W

  TEMPERATURE IN F:       :PCPN:    SNOW:  WIND      :SUNSHINE: SKY     :PK WND
================================================================================
1   2   3   4   5  6A  6B    7    8   9   10  11  12  13   14  15   16   17  18
                                     12Z  AVG MX 2MIN
DY MAX MIN AVG DEP HDD CDD  WTR  SNW DPTH SPD SPD DIR MIN PSBL S-S WX    SPD DR
================================================================================

 1  43  20  32  -5  33   0 0.00    M    M  4.7 20 260   M    M   4 18     24 260
 2  40  30  35  -2  30   0 0.20    M    M  1.5  9 150   M    M  10 1      13 130
 3  44  27  36  -1  29   0 0.00    M    M  2.4  8  50   M    M   9 1      10 330
 4  47  26  37   0  28   0 0.13    M    M  2.9 15 260   M    M   6 1      19 260
 5  44  26  35  -2  30   0 0.07    M    M  3.0 16 180   M    M   8 1      20 180
 6  50  34  42   5  23   0 0.15    M    M  8.7 23 170   M    M  10 1      29 190
 7  37  32  35  -3  30   0 0.21    M    M  3.7 12 350   M    M  10 1      13 330
 8  37  25  31  -7  34   0 0.10    M    M  5.6 14 330   M    M  10 1      20 310
 9  34  25  30  -8  35   0 0.04    M    M  2.3 14 170   M    M  10 1      17 190
10  46  27  37  -1  28   0    T    M    M  5.8 16 360   M    M   7 1      22  10
11  50  21  36  -2  29   0 0.00    M    M  1.9 12  10   M    M   0 18     14  10
12  43  23  33  -5  32   0 0.04    M    M 11.0 28 310   M    M   5 18     37 310
13  43  18  31  -7  34   0 0.00    M    M  3.9 14 330   M    M   5 18     18 330
14  49  15  32  -6  33   0 0.00    M    M  2.5 10 170   M    M   0 18     13 150
15  55  18  37  -1  28   0 0.00    M    M  2.2  9 140   M    M   0 18     17 210
16  60  18  39   1  26   0 0.00    M    M  3.3 13 170   M    M   0 18     17 150
17  63  20  42   3  23   0 0.00    M    M  2.5 10  60   M    M   0 1      14  40
18  63  24  44   5  21   0 0.00    M    M  3.5 17 180   M    M   0 18     25 180
19  67  27  47   8  18   0 0.00    M    M  5.9 26 170   M    M   1        35 170
================================================================================
SM  915  456       544   0  0.94    M     77.3          M       95
================================================================================
AV 48.2 24.0                               4.1 FASTST   M    M   5    MAX(MPH)
                                 MISC ---->  # 28 310               # 37  310
================================================================================
NOTES:
# LAST OF SEVERAL OCCURRENCES

COLUMN 17 PEAK WIND IN M.P.H.

PRELIMINARY LOCAL CLIMATOLOGICAL DATA (WS FORM: F-6) , PAGE 2

                                          STATION:  ALTURAS CA
                                          MONTH:    MARCH
                                          YEAR:     2019
                                          LATITUDE:   41 29 N
                                          LONGITUDE: 120 34 W

[TEMPERATURE DATA]      [PRECIPITATION DATA]       SYMBOLS USED IN COLUMN 16

AVERAGE MONTHLY: 36.1   TOTAL FOR MONTH:   0.94    1 = FOG OR MIST
DPTR FM NORMAL:  -1.8   DPTR FM NORMAL:    0.05    2 = FOG REDUCING VISIBILITY
HIGHEST:    67 ON 19    GRTST 24HR  0.21 ON  7- 7      TO 1/4 MILE OR LESS
LOWEST:     15 ON 14                               3 = THUNDER
                        SNOW, ICE PELLETS, HAIL    4 = ICE PELLETS
                        TOTAL MONTH:    M          5 = HAIL
                        GRTST 24HR    M  ON   M    6 = FREEZING RAIN OR DRIZZLE
                        GRTST DEPTH:  M  ON   M    7 = DUSTSTORM OR SANDSTORM:
                                                       VSBY 1/2 MILE OR LESS
                                                   8 = SMOKE OR HAZE
[NO. OF DAYS WITH]      [WEATHER - DAYS WITH]      9 = BLOWING SNOW
                                                   X = TORNADO
MAX 32 OR BELOW:   0    0.01 INCH OR MORE:   8
MAX 90 OR ABOVE:   0    0.10 INCH OR MORE:   5
MIN 32 OR BELOW:  18    0.50 INCH OR MORE:   0
MIN  0 OR BELOW:   0    1.00 INCH OR MORE:   0

[HDD (BASE 65) ]
TOTAL THIS MO.   544    CLEAR  (SCALE 0-3)   7
DPTR FM NORMAL    27    PTCLDY (SCALE 4-7)   6
TOTAL FM JUL 1  5097    CLOUDY (SCALE 8-10)  6
DPTR FM NORMAL  -287

[CDD (BASE 65) ]
TOTAL THIS MO.     0
DPTR FM NORMAL     0    [PRESSURE DATA]
TOTAL FM JAN 1     0    HIGHEST SLP M ON M
DPTR FM NORMAL     0    LOWEST  SLP 29.54 ON  6

[REMARKS]
