000
CXUS54 KSJT 241000
CF6ABI
PRELIMINARY LOCAL CLIMATOLOGICAL DATA (WS FORM: F-6)

                                          STATION:   ABILENE
                                          MONTH:     MAY
                                          YEAR:      2019
                                          LATITUDE:   32 25 N
                                          LONGITUDE:  99 41 W

  TEMPERATURE IN F:       :PCPN:    SNOW:  WIND      :SUNSHINE: SKY     :PK WND
================================================================================
1   2   3   4   5  6A  6B    7    8   9   10  11  12  13   14  15   16   17  18
                                     12Z  AVG MX 2MIN
DY MAX MIN AVG DEP HDD CDD  WTR  SNW DPTH SPD SPD DIR MIN PSBL S-S WX    SPD DR
================================================================================

 1  86  61  74   5   0   9 0.38  0.0    0 12.4 25 160   M    M   4 13     35  80
 2  71  58  65  -4   0   0 0.60  0.0    0 11.0 28 110   M    M   5 138    34 120
 3  78  58  68  -2   0   3 0.43  0.0    0  7.0 23 360   M    M   7 1358   31 350
 4  75  54  65  -5   0   0 0.00  0.0    0  5.2 12  50   M    M   5 123    16 110
 5  81  58  70   0   0   5 0.00  0.0    0 10.4 21 140   M    M   6        27 140
 6  83  63  73   3   0   8 0.00  0.0    0 12.8 22 140   M    M   0        29 160
 7  84  58  71   0   0   6 1.00  0.0    0 13.4 33 280   M    M   5 13     45 290
 8  82  59  71   0   0   6 1.02  0.0    0 10.0 23 300   M    M   2 13     29 300
 9  65  51  58 -13   7   0 0.00  0.0    0 13.2 24 360   M    M   8        30 350
10  55  47  51 -21  14   0 0.04    M    0 10.0 21  10   M    M   9 1      26  10
11  61  51  56 -16   9   0 0.36  0.0    0  6.3 16 300   M    M   9 13     21 280
12  77  46  62 -10   3   0 0.00  0.0    0  4.7 10 270   M    M   0        14 260
13  82  57  70  -2   0   5 0.00  0.0    0  7.6 18 140   M    M   0        24 120
14  83  59  71  -2   0   6 0.00  0.0    0  5.1 13 150   M    M   1        15 150
15  86  61  74   1   0   9 0.00  0.0    0  6.5 13 140   M    M   1        16 210
16  85  66  76   3   0  11 0.00  0.0    0 11.1 18 150   M    M   2 18     29 170
17  86  69  78   5   0  13 0.00  0.0    0 17.7 26 170   M    M   4        34 170
18  87  62  75   1   0  10 0.21  0.0    0 12.8 32 130   M    M   1 13     42 130
19  84  52  68  -6   0   3 0.00  0.0    0  8.0 17 120   M    M   0        22 120
20  87  68  78   4   0  13    T  0.0    0 22.3 33 180   M    M   4 138    47 170
21  81  57  69  -5   0   4 1.24  0.0    0 13.3 31 270   M    M   3 13     42 270
22  88  61  75   0   0  10    T  0.0    0 15.6 26 160   M    M   2 8      34 160
23  88  74  81   6   0  16 0.00  0.0    0 20.5 31 180   M    M   4 18     40 180
================================================================================
SM 1835 1350        33 137  5.28     0.0 256.9          M       82
================================================================================
AV 79.8 58.7                              11.2 FASTST   M    M   4    MAX(MPH)
                                 MISC ---->  # 33 280               # 47  170
================================================================================
NOTES:
# LAST OF SEVERAL OCCURRENCES

COLUMN 17 PEAK WIND IN M.P.H.

PRELIMINARY LOCAL CLIMATOLOGICAL DATA (WS FORM: F-6) , PAGE 2

                                          STATION:  ABILENE
                                          MONTH:    MAY
                                          YEAR:     2019
                                          LATITUDE:   32 25 N
                                          LONGITUDE:  99 41 W

[TEMPERATURE DATA]      [PRECIPITATION DATA]       SYMBOLS USED IN COLUMN 16

AVERAGE MONTHLY: 69.2   TOTAL FOR MONTH:   5.28    1 = FOG OR MIST
DPTR FM NORMAL:  -2.8   DPTR FM NORMAL:    3.10    2 = FOG REDUCING VISIBILITY
HIGHEST:    88 ON 23,22 GRTST 24HR  1.24 ON 21-21      TO 1/4 MILE OR LESS
LOWEST:     46 ON 12                               3 = THUNDER
                        SNOW, ICE PELLETS, HAIL    4 = ICE PELLETS
                        TOTAL MONTH:   0.0 INCH    5 = HAIL
                        GRTST 24HR     0.0         6 = FREEZING RAIN OR DRIZZLE
                        GRTST DEPTH:   0           7 = DUSTSTORM OR SANDSTORM:
                                                       VSBY 1/2 MILE OR LESS
                                                   8 = SMOKE OR HAZE
[NO. OF DAYS WITH]      [WEATHER - DAYS WITH]      9 = BLOWING SNOW
                                                   X = TORNADO
MAX 32 OR BELOW:   0    0.01 INCH OR MORE:   9
MAX 90 OR ABOVE:   0    0.10 INCH OR MORE:   8
MIN 32 OR BELOW:   0    0.50 INCH OR MORE:   4
MIN  0 OR BELOW:   0    1.00 INCH OR MORE:   3

[HDD (BASE 65) ]
TOTAL THIS MO.    33    CLEAR  (SCALE 0-3)  11
DPTR FM NORMAL    20    PTCLDY (SCALE 4-7)  10
TOTAL FM JUL 1  2551    CLOUDY (SCALE 8-10)  2
DPTR FM NORMAL    -4

[CDD (BASE 65) ]
TOTAL THIS MO.   137
DPTR FM NORMAL   -40    [PRESSURE DATA]
TOTAL FM JAN 1   299    HIGHEST SLP M ON M
DPTR FM NORMAL   -11    LOWEST  SLP 29.38 ON 20

[REMARKS]
