000
CXUS55 KABQ 231000
CF6ABQ
PRELIMINARY LOCAL CLIMATOLOGICAL DATA (WS FORM: F-6)

                                          STATION:   ALBUQUERQUE  NM
                                          MONTH:     MAY
                                          YEAR:      2019
                                          LATITUDE:   35  2 N
                                          LONGITUDE: 106 37 W

  TEMPERATURE IN F:       :PCPN:    SNOW:  WIND      :SUNSHINE: SKY     :PK WND
================================================================================
1   2   3   4   5  6A  6B    7    8   9   10  11  12  13   14  15   16   17  18
                                     12Z  AVG MX 2MIN
DY MAX MIN AVG DEP HDD CDD  WTR  SNW DPTH SPD SPD DIR MIN PSBL S-S WX    SPD DR
================================================================================

 1  76  48  62   1   3   0 0.00  0.0    0  9.1 25 270   M    M   3        32 280
 2  76  47  62   1   3   0 0.00  0.0    0  9.5 24 190   M    M   5        33 190
 3  75  52  64   2   1   0 0.00  0.0    0  9.2 18 310   M    M   3        24 290
 4  78  50  64   2   1   0 0.00  0.0    0  6.0 16 180   M    M   3        22 190
 5  81  50  66   4   0   1 0.00  0.0    0  6.7 18 240   M    M   6        25 280
 6  81  50  66   4   0   1 0.00  0.0    0  8.3 29 170   M    M   7        34 170
 7  74  50  62  -1   3   0    T  0.0    0 10.0 38 280   M    M   8 3      59 170
 8  67  43  55  -8  10   0    T  0.0    0  7.3 25 290   M    M   7        34 240
 9  65  45  55  -9  10   0    T  0.0    0 15.3 33  90   M    M   8        40  80
10  51  41  46 -18  19   0 0.19  0.0    0 14.4 30  90   M    M   9 1      36  80
11  66  46  56  -8   9   0 0.01  0.0    0  4.9 18 300   M    M   8 3      21 290
12  72  44  58  -6   7   0    T  0.0    0  5.0 26  90   M    M   3 3      31  90
13  79  47  63  -2   2   0 0.00  0.0    0  4.9 14 150   M    M   2        17 320
14  83  53  68   3   0   3 0.00  0.0    0  5.5 18 300   M    M   3 8      21 300
15  84  55  70   5   0   5 0.00  0.0    0  7.3 18 180   M    M   4        25 190
16  85  57  71   5   0   6 0.00  0.0    0 11.4 31 180   M    M   8        38 180
17  75  55  65  -1   0   0 0.00  0.0    0 14.2 31 270   M    M   7        42 270
18  71  46  59  -7   6   0 0.00  0.0    0 10.7 25 300   M    M   3        34 300
19  71  45  58  -9   7   0 0.00  0.0    0 10.3 40 170   M    M   9        65 170
20  66  41  54 -13  11   0 0.04    M    0 12.7 32 340   M    M  10        43 310
21  64  38  51 -16  14   0 0.00  0.0    0 13.0 30 280   M    M   7        36 280
22  79  40  60  -8   5   0 0.00  0.0    0 10.9 31 190   M    M   4        40 190
================================================================================
SM 1619 1043       111  16  0.24     0.0 206.6          M      127
================================================================================
AV 73.6 47.4                               9.4 FASTST   M    M   6    MAX(MPH)
                                 MISC ---->  # 40 170               # 65  170
================================================================================
NOTES:
# LAST OF SEVERAL OCCURRENCES

COLUMN 17 PEAK WIND IN M.P.H.

PRELIMINARY LOCAL CLIMATOLOGICAL DATA (WS FORM: F-6) , PAGE 2

                                          STATION:  ALBUQUERQUE  NM
                                          MONTH:    MAY
                                          YEAR:     2019
                                          LATITUDE:   35  2 N
                                          LONGITUDE: 106 37 W

[TEMPERATURE DATA]      [PRECIPITATION DATA]       SYMBOLS USED IN COLUMN 16

AVERAGE MONTHLY: 60.5   TOTAL FOR MONTH:   0.24    1 = FOG OR MIST
DPTR FM NORMAL:  -3.8   DPTR FM NORMAL:   -0.11    2 = FOG REDUCING VISIBILITY
HIGHEST:    85 ON 16    GRTST 24HR  0.19 ON 10-10      TO 1/4 MILE OR LESS
LOWEST:     38 ON 21                               3 = THUNDER
                        SNOW, ICE PELLETS, HAIL    4 = ICE PELLETS
                        TOTAL MONTH:   0.0 INCH    5 = HAIL
                        GRTST 24HR     0.0         6 = FREEZING RAIN OR DRIZZLE
                        GRTST DEPTH:   0           7 = DUSTSTORM OR SANDSTORM:
                                                       VSBY 1/2 MILE OR LESS
                                                   8 = SMOKE OR HAZE
[NO. OF DAYS WITH]      [WEATHER - DAYS WITH]      9 = BLOWING SNOW
                                                   X = TORNADO
MAX 32 OR BELOW:   0    0.01 INCH OR MORE:   3
MAX 90 OR ABOVE:   0    0.10 INCH OR MORE:   1
MIN 32 OR BELOW:   0    0.50 INCH OR MORE:   0
MIN  0 OR BELOW:   0    1.00 INCH OR MORE:   0

[HDD (BASE 65) ]
TOTAL THIS MO.   111    CLEAR  (SCALE 0-3)   4
DPTR FM NORMAL    48    PTCLDY (SCALE 4-7)  15
TOTAL FM JUL 1  4157    CLOUDY (SCALE 8-10)  3
DPTR FM NORMAL   -10

[CDD (BASE 65) ]
TOTAL THIS MO.    16
DPTR FM NORMAL   -31    [PRESSURE DATA]
TOTAL FM JAN 1    24    HIGHEST SLP M ON M
DPTR FM NORMAL   -30    LOWEST  SLP 29.44 ON 20

[REMARKS]
