000
CXUS55 KABQ 191000
CF6ABQ
PRELIMINARY LOCAL CLIMATOLOGICAL DATA (WS FORM: F-6)

                                          STATION:   ALBUQUERQUE  NM
                                          MONTH:     MARCH
                                          YEAR:      2019
                                          LATITUDE:   35  2 N
                                          LONGITUDE: 106 37 W

  TEMPERATURE IN F:       :PCPN:    SNOW:  WIND      :SUNSHINE: SKY     :PK WND
================================================================================
1   2   3   4   5  6A  6B    7    8   9   10  11  12  13   14  15   16   17  18
                                     12Z  AVG MX 2MIN
DY MAX MIN AVG DEP HDD CDD  WTR  SNW DPTH SPD SPD DIR MIN PSBL S-S WX    SPD DR
================================================================================

 1  65  41  53   8  12   0 0.00  0.0    0  5.2 15 280   M    M   7        18 290
 2  67  46  57  12   8   0    T  0.0    0  9.6 39 270   M    M   7        47 270
 3  63  38  51   6  14   0 0.00  0.0    0 11.9 28 270   M    M   7        34 240
 4  58  26  42  -4  23   0 0.00  0.0    0  9.4 22 310   M    M   5        25 310
 5  62  33  48   2  17   0 0.00  0.0    0  4.3 12 110   M    M   2        15 170
 6  69  31  50   4  15   0 0.00  0.0    0  8.2 18 260   M    M   4        26 220
 7  72  45  59  13   6   0 0.00  0.0    0 12.7 40 270   M    M   8 78     54 240
 8  66  35  51   5  14   0    T  0.0    0 16.1 53 280   M    M   9 78     69 280
 9  55  29  42  -5  23   0 0.00  0.0    0  7.6 21 260   M    M   5        30 280
10  62  35  49   2  16   0 0.00  0.0    0 12.6 26 170   M    M   7        32 170
11  59  42  51   4  14   0 0.21  0.0    0  9.8 26 170   M    M   8 1      31 180
12  62  38  50   3  15   0 0.32  0.0    0 10.4 30 230   M    M   8 13     52 210
13  50  37  44  -4  21   0 0.00  0.0    0 20.7 41 270   M    M   7        52 270
14  46  32  39  -9  26   0    T    M    0  8.1 20 270   M    M   7 1      24 270
15  52  31  42  -6  23   0 0.00  0.0    0 11.1 23  80   M    M   4        29  80
16  56  32  44  -4  21   0 0.00  0.0    0  6.1 14 140   M    M   4        17 170
17  60  33  47  -1  18   0 0.00  0.0    0  5.5 12 350   M    M   1        13 350
18  61  39  50   2  15   0 0.00  0.0    0  7.3 20  80   M    M   2        24  90
================================================================================
SM 1085  643       301   0  0.53     0.0 176.6          M      102
================================================================================
AV 60.3 35.7                               9.8 FASTST   M    M   6    MAX(MPH)
                                 MISC ---->  # 53 280               # 69  280
================================================================================
NOTES:
# LAST OF SEVERAL OCCURRENCES

COLUMN 17 PEAK WIND IN M.P.H.

PRELIMINARY LOCAL CLIMATOLOGICAL DATA (WS FORM: F-6) , PAGE 2

                                          STATION:  ALBUQUERQUE  NM
                                          MONTH:    MARCH
                                          YEAR:     2019
                                          LATITUDE:   35  2 N
                                          LONGITUDE: 106 37 W

[TEMPERATURE DATA]      [PRECIPITATION DATA]       SYMBOLS USED IN COLUMN 16

AVERAGE MONTHLY: 48.0   TOTAL FOR MONTH:   0.53    1 = FOG OR MIST
DPTR FM NORMAL:   1.3   DPTR FM NORMAL:    0.21    2 = FOG REDUCING VISIBILITY
HIGHEST:    72 ON  7    GRTST 24HR  0.32 ON 12-12      TO 1/4 MILE OR LESS
LOWEST:     26 ON  4                               3 = THUNDER
                        SNOW, ICE PELLETS, HAIL    4 = ICE PELLETS
                        TOTAL MONTH:   0.0 INCH    5 = HAIL
                        GRTST 24HR     0.0         6 = FREEZING RAIN OR DRIZZLE
                        GRTST DEPTH:   0           7 = DUSTSTORM OR SANDSTORM:
                                                       VSBY 1/2 MILE OR LESS
                                                   8 = SMOKE OR HAZE
[NO. OF DAYS WITH]      [WEATHER - DAYS WITH]      9 = BLOWING SNOW
                                                   X = TORNADO
MAX 32 OR BELOW:   0    0.01 INCH OR MORE:   2
MAX 90 OR ABOVE:   0    0.10 INCH OR MORE:   2
MIN 32 OR BELOW:   6    0.50 INCH OR MORE:   0
MIN  0 OR BELOW:   0    1.00 INCH OR MORE:   0

[HDD (BASE 65) ]
TOTAL THIS MO.   301    CLEAR  (SCALE 0-3)   3
DPTR FM NORMAL   -29    PTCLDY (SCALE 4-7)  13
TOTAL FM JUL 1  3669    CLOUDY (SCALE 8-10)  2
DPTR FM NORMAL    36

[CDD (BASE 65) ]
TOTAL THIS MO.     0
DPTR FM NORMAL     0    [PRESSURE DATA]
TOTAL FM JAN 1     0    HIGHEST SLP M ON M
DPTR FM NORMAL     0    LOWEST  SLP 29.36 ON 13

[REMARKS]
