000
CXAK56 PAFC 010910
CF6ACD
PRELIMINARY LOCAL CLIMATOLOGICAL DATA (WS FORM: F-6)

                                          STATION:   COLD BAY
                                          MONTH:     APRIL
                                          YEAR:      2019
                                          LATITUDE:   55 13 N
                                          LONGITUDE: 162 44 W

  TEMPERATURE IN F:       :PCPN:    SNOW:  WIND      :SUNSHINE: SKY     :PK WND
================================================================================
1   2   3   4   5  6A  6B    7    8   9   10  11  12  13   14  15   16   17  18
                                     12Z  AVG MX 2MIN
DY MAX MIN AVG DEP HDD CDD  WTR  SNW DPTH SPD SPD DIR MIN PSBL S-S WX    SPD DR
================================================================================

 1  45  40  43  12  22   0 0.06    M    M 20.0 30 120   M    M  10 M    38 120
 2  46  40  43  12  22   0    T    M    M 32.6 44 140   M    M   8 8    58 140
 3  51  41  46  14  19   0    T    M    M 22.4 29 150   M    M   5 M    44 140
 4  49  41  45  13  20   0 0.00  0.0    M 10.6 20 130   M    M  10 M    23 130
 5  48  34  41   9  24   0 0.00  0.0    M  7.2 23 100   M    M   9 M    29 100
 6  45  36  41   9  24   0    T    M    M 15.2 23 350   M    M   9 M    28 350
 7  43  26  35   3  30   0    T    M    M  9.0 15 310   M    M  10 M    21 310
 8  43  20  32   0  33   0 0.00  0.0    M  6.1 13 140   M    M   8 M    15 150
 9  47  31  39   6  26   0    T    M    M 14.5 35 130   M    M   7 M    48 130
10  48  39  44  11  21   0 0.08    M    M 26.8 41  70   M    M   9 8    54 130
11  47  38  43  10  22   0 0.25    M    M 15.0 36 120   M    M  10 1    46 110
12  46  39  43  10  22   0 0.04    M    M 13.5 29 200   M    M  10 M    35 200
13  46  39  43  10  22   0    T    M    M 10.0 23 150   M    M  10 1    27 150
14  49  30  40   6  25   0 0.00  0.0    M  7.3 21 160   M    M   5 M    26 180
15  42  38  40   6  25   0 0.07    M    M 17.1 28 140   M    M   9 M    36 130
16  39  28  34   0  31   0 0.01    M    M 13.1 26 360   M    M   8 M    31 360
17   M   M   M   M   M   M    M    M    M    M  M   M   M    M   M M     M   M
18  38  31  35   1  30   0 0.32    M    M 11.4 22 280   M    M   9 1    24 280
19  40  30  35   0  30   0 0.01    M    M  8.5 18 310   M    M   9 1    21 290
20  39  27  33  -2  32   0 0.00  0.0    M  7.0 14 310   M    M   9 M    16 300
21  34  28  31  -4  34   0 0.12    M    M 12.6 30 300   M    M   9 1    36 320
22  34  25  30  -5  35   0 0.05    M    M 21.4 37 290   M    M   8 18   43 290
23  36  21  29  -7  36   0 0.26    M    M  8.5 24 310   M    M   9 1    18 250
24  40  25  33  -3  32   0 0.04    M    M  7.9 17 360   M    M   8 18   22 350
25   M   M   M   M   M   M    M    M    M    M  M   M   M    M   M M     M   M
26  46  22  34  -2  31   0    T    M    M  8.2 22 130   M    M   6 M    26 130
27  50  39  45   9  20   0 0.01    M    M 20.7 28  90   M    M  10 M    39  90
28  57  39  48  11  17   0    T    M    M 14.2 22 150   M    M   3 M    32 130
29  50  45  48  11  17   0 0.07    M    M 21.6 30 130   M    M  10 M    37 130
30  47  43  45   8  20   0 0.05    M    M 22.3 35 140   M    M  10 1    43 130
================================================================================
SM 1245  935       722   0  1.44  0.0    404.5          M      237
================================================================================
AV 44.5 33.4                              14.4 FASTST   M    M   8    MAX(MPH)
                                 MISC ---->    44 140                 58 140
================================================================================
NOTES:
# LAST OF SEVERAL OCCURRENCES

COLUMN 17 PEAK WIND IN M.P.H.

PRELIMINARY LOCAL CLIMATOLOGICAL DATA (WS FORM: F-6) , PAGE 2

                                          STATION:   COLD BAY
                                          MONTH:     APRIL
                                          YEAR:      2019
                                          LATITUDE:   55 13 N
                                          LONGITUDE: 162 44 W

[TEMPERATURE DATA]      [PRECIPITATION DATA]       SYMBOLS USED IN COLUMN 16

AVERAGE MONTHLY: 38.9   TOTAL FOR MONTH:   1.44    1 = FOG OR MIST
DPTR FM NORMAL:   4.9   DPTR FM NORMAL:   -0.98    2 = FOG REDUCING VISIBILITY
HIGHEST:    57 ON 28    GRTST 24HR  0.35 ON 17-18      TO 1/4 MILE OR LESS
LOWEST:     20 ON  8                               3 = THUNDER
                        SNOW, ICE PELLETS, HAIL    4 = ICE PELLETS
                        TOTAL MONTH:   0.0 INCH    5 = HAIL
                        GRTST 24HR  0.0            6 = FREEZING RAIN OR DRIZZLE
                        GRTST DEPTH:  M  ON   M    7 = DUSTSTORM OR SANDSTORM:
                                                       VSBY 1/2 MILE OR LESS
                                                   8 = SMOKE OR HAZE
[NO. OF DAYS WITH]      [WEATHER - DAYS WITH]      9 = BLOWING SNOW
                                                   X = TORNADO
MAX 32 OR BELOW:   0    0.01 INCH OR MORE:  12
MAX 90 OR ABOVE:   0    0.10 INCH OR MORE:   4
MIN 32 OR BELOW:  13    0.50 INCH OR MORE:   0
MIN  0 OR BELOW:   0    1.00 INCH OR MORE:   0

[HDD (BASE 65) ]
TOTAL THIS MO.   722    CLEAR  (SCALE 0-3)   1
DPTR FM NORMAL  -208    PTCLDY (SCALE 4-7)   8
TOTAL FM JUL 1  6810    CLOUDY (SCALE 8-10) 19
DPTR FM NORMAL -1420

[CDD (BASE 65) ]
TOTAL THIS MO.     0
DPTR FM NORMAL     0    [PRESSURE DATA]
TOTAL FM JAN 1     0    HIGHEST SLP M ON M
DPTR FM NORMAL     0    LOWEST  SLP 28.59 ON 11

[REMARKS]
#FINAL-04-19#
