000
CXAK56 PAFC 181704
CF6ACD
PRELIMINARY LOCAL CLIMATOLOGICAL DATA (WS FORM: F-6)

                                          STATION:   COLD BAY
                                          MONTH:     MARCH
                                          YEAR:      2019
                                          LATITUDE:   55 13 N
                                          LONGITUDE: 162 44 W

  TEMPERATURE IN F:       :PCPN:    SNOW:  WIND      :SUNSHINE: SKY     :PK WND
================================================================================
1   2   3   4   5  6A  6B    7    8   9   10  11  12  13   14  15   16   17  18
                                     12Z  AVG MX 2MIN
DY MAX MIN AVG DEP HDD CDD  WTR  SNW DPTH SPD SPD DIR MIN PSBL S-S WX    SPD DR
================================================================================

 1  42  27  35   5  30   0 0.00  0.0    M  4.5 13 230   M    M   1 M    18 250
 2  40  20  30   0  35   0 0.00  0.0    M  2.4 13 130   M    M   0 M    15 140
 3  41  31  36   6  29   0 0.04    M    M 20.1 33 160   M    M   8 1    42 150
 4  41  36  39   9  26   0 1.08    M    M 29.7 37 160   M    M  10 1    52 160
 5  38  32  35   5  30   0 0.10    M    M 14.7 31 280   M    M   8 18   36 280
 6  37  25  31   1  34   0    T    M    M 13.4 39 160   M    M   4 18   48 160
 7  43  29  36   6  29   0 0.10    M    M 14.9 25 140   M    M   4 M    45 140
 8  43  25  34   4  31   0    T    M    M 11.9 33 160   M    M   2 1    40 160
 9  44  36  40  10  25   0 0.15    M    M 22.7 32 160   M    M   8 1    41 150
10  42  36  39   9  26   0 0.20    M    M 19.7 36 270   M    M  10 1    43 270
11  40  32  36   6  29   0 0.06    M    M 19.4 40 280   M    M   7 1    50 280
12  41  33  37   7  28   0 0.01    M    M 13.9 24 250   M    M   7 1    28 260
13  38  31  35   5  30   0 0.04    M    M 22.1 33 250   M    M   9 1    39 250
14  35  28  32   2  33   0 0.02    M    M 12.5 23 300   M    M   8 1    28 300
15  34  22  28  -2  37   0 0.00  0.0    M 13.8 25 360   M    M   6 M    31 360
16  36  29  33   3  32   0    T    M    M 21.7 28 330   M    M  10 1    36 330
17  37  25  31   1  34   0    T    M    M 13.4 26 320   M    M   4 M    31 320
================================================================================
SM  672  497       518   0  1.80  0.0    270.8          M      106
================================================================================
AV 39.5 29.2                              15.9 FASTST   M    M   6    MAX(MPH)
                                 MISC ---->    40 280                 52 160
================================================================================
NOTES:
# LAST OF SEVERAL OCCURRENCES

COLUMN 17 PEAK WIND IN M.P.H.

PRELIMINARY LOCAL CLIMATOLOGICAL DATA (WS FORM: F-6) , PAGE 2

                                          STATION:   COLD BAY
                                          MONTH:     MARCH
                                          YEAR:      2019
                                          LATITUDE:   55 13 N
                                          LONGITUDE: 162 44 W

[TEMPERATURE DATA]      [PRECIPITATION DATA]       SYMBOLS USED IN COLUMN 16

AVERAGE MONTHLY: 34.4   TOTAL FOR MONTH:   1.80    1 = FOG OR MIST
DPTR FM NORMAL:   4.4   DPTR FM NORMAL:    0.21    2 = FOG REDUCING VISIBILITY
HIGHEST:    44 ON  9    GRTST 24HR  1.17 ON  3- 4      TO 1/4 MILE OR LESS
LOWEST:     20 ON  2                               3 = THUNDER
                        SNOW, ICE PELLETS, HAIL    4 = ICE PELLETS
                        TOTAL MONTH:   0.0 INCH    5 = HAIL
                        GRTST 24HR  0.0            6 = FREEZING RAIN OR DRIZZLE
                        GRTST DEPTH:  M  ON   M    7 = DUSTSTORM OR SANDSTORM:
                                                       VSBY 1/2 MILE OR LESS
                                                   8 = SMOKE OR HAZE
[NO. OF DAYS WITH]      [WEATHER - DAYS WITH]      9 = BLOWING SNOW
                                                   X = TORNADO
MAX 32 OR BELOW:   0    0.01 INCH OR MORE:   9
MAX 90 OR ABOVE:   0    0.10 INCH OR MORE:   4
MIN 32 OR BELOW:  13    0.50 INCH OR MORE:   1
MIN  0 OR BELOW:   0    1.00 INCH OR MORE:   1

[HDD (BASE 65) ]
TOTAL THIS MO.   518    CLEAR  (SCALE 0-3)   3
DPTR FM NORMAL   -77    PTCLDY (SCALE 4-7)   9
TOTAL FM JUL 1  5756    CLOUDY (SCALE 8-10)  5
DPTR FM NORMAL -1057

[CDD (BASE 65) ]
TOTAL THIS MO.     0
DPTR FM NORMAL     0    [PRESSURE DATA]
TOTAL FM JAN 1     0    HIGHEST SLP M ON M
DPTR FM NORMAL     0    LOWEST  SLP 28.36 ON  9

[REMARKS]
