000
CXUS51 KPHI 231500
CF6ACY
PRELIMINARY LOCAL CLIMATOLOGICAL DATA (WS FORM: F-6)

                                          STATION:   ATLANTIC CITY NJ
                                          MONTH:     MAY
                                          YEAR:      2019
                                          LATITUDE:   39 27 N
                                          LONGITUDE:  74 34 W

  TEMPERATURE IN F:       :PCPN:    SNOW:  WIND      :SUNSHINE: SKY     :PK WND
================================================================================
1   2   3   4   5  6A  6B    7    8   9   10  11  12  13   14  15   16   17  18
                                     12Z  AVG MX 2MIN
DY MAX MIN AVG DEP HDD CDD  WTR  SNW DPTH SPD SPD DIR MIN PSBL S-S WX    SPD DR
================================================================================

 1  58  51  55  -2  10   0 0.00  0.0    0  8.3 17 100   M    M   9 12     24 100
 2  86  53  70  13   0   5 0.00  0.0    0  6.4 17  50   M    M   7 12     25  70
 3  70  52  61   4   4   0 0.00  0.0    0  7.8 14  60   M    M   8 12     19  70
 4  71  54  63   5   2   0 0.02  0.0    0  5.5 14 140   M    M   9 12     16  80
 5  58  51  55  -3  10   0 0.78  0.0    0 11.9 23  50   M    M  10 1      37  40
 6  70  50  60   2   5   0    T  0.0    0  9.2 17 350   M    M   4 1      25  30
 7  70  48  59   1   6   0 0.00  0.0    0  7.8 18 160   M    M   1        26 170
 8  67  56  62   3   3   0 0.00  0.0    0  7.0 16  60   M    M   9        25  90
 9  64  57  61   2   4   0 0.00  0.0    0 10.2 20  90   M    M   8        28  80
10  77  60  69  10   0   4    T  0.0    0 10.2 21 200   M    M   4        30 210
11  72  55  64   4   1   0 0.07  0.0    0  7.4 14 130   M    M   7 1      17 100
12  54  47  51  -9  14   0 0.84  0.0    0 19.1 31  70   M    M  10 1      46  70
13  54  47  51  -9  14   0 0.36  0.0    0 11.5 22  80   M    M  10 1      31  80
14  60  46  53  -7  12   0    T  0.0    0  7.9 22 290   M    M   9 1      29 290
15  73  42  58  -3   7   0 0.00  0.0    0  9.7 22 300   M    M   3        30 300
16  75  55  65   4   0   0 0.01  0.0    0  7.6 17 310   M    M   4        25 280
17  83  58  71  10   0   6    T  0.0    0  9.2 21 210   M    M   2        28 240
18  74  58  66   4   0   1 0.00  0.0    0  7.0 15 170   M    M   1 1      23 160
19  78  60  69   7   0   4 0.00  0.0    0 12.5 25 200   M    M   5 1      35 190
20  90  67  79  17   0  14 0.34  0.0    0  9.9 32 290   M    M   2 138    45 290
21  73  55  64   1   1   0 0.00  0.0    0 11.1 22 310   M    M   0 8      32 300
22  74  47  61  -2   4   0 0.00  0.0    0  6.4 16 140   M    M   0        20 160
================================================================================
SM 1551 1169        97  34  2.42     0.0 203.6          M      122
================================================================================
AV 70.5 53.1                               9.3 FASTST   M    M   6    MAX(MPH)
                                 MISC ---->  # 32 290               # 46   70
================================================================================
NOTES:
# LAST OF SEVERAL OCCURRENCES

COLUMN 17 PEAK WIND IN M.P.H.

PRELIMINARY LOCAL CLIMATOLOGICAL DATA (WS FORM: F-6) , PAGE 2

                                          STATION:  ATLANTIC CITY NJ
                                          MONTH:    MAY
                                          YEAR:     2019
                                          LATITUDE:   39 27 N
                                          LONGITUDE:  74 34 W

[TEMPERATURE DATA]      [PRECIPITATION DATA]       SYMBOLS USED IN COLUMN 16

AVERAGE MONTHLY: 61.8   TOTAL FOR MONTH:   2.42    1 = FOG OR MIST
DPTR FM NORMAL:   2.0   DPTR FM NORMAL:    0.12    2 = FOG REDUCING VISIBILITY
HIGHEST:    90 ON 20    GRTST 24HR  0.84 ON 12-12      TO 1/4 MILE OR LESS
LOWEST:     42 ON 15                               3 = THUNDER
                        SNOW, ICE PELLETS, HAIL    4 = ICE PELLETS
                        TOTAL MONTH:   0.0 INCH    5 = HAIL
                        GRTST 24HR     0.0         6 = FREEZING RAIN OR DRIZZLE
                        GRTST DEPTH:   0           7 = DUSTSTORM OR SANDSTORM:
                                                       VSBY 1/2 MILE OR LESS
                                                   8 = SMOKE OR HAZE
[NO. OF DAYS WITH]      [WEATHER - DAYS WITH]      9 = BLOWING SNOW
                                                   X = TORNADO
MAX 32 OR BELOW:   0    0.01 INCH OR MORE:   7
MAX 90 OR ABOVE:   1    0.10 INCH OR MORE:   4
MIN 32 OR BELOW:   0    0.50 INCH OR MORE:   2
MIN  0 OR BELOW:   0    1.00 INCH OR MORE:   0

[HDD (BASE 65) ]
TOTAL THIS MO.    97    CLEAR  (SCALE 0-3)   6
DPTR FM NORMAL   -48    PTCLDY (SCALE 4-7)   9
TOTAL FM JUL 1  4469    CLOUDY (SCALE 8-10)  7
DPTR FM NORMAL  -380

[CDD (BASE 65) ]
TOTAL THIS MO.    34
DPTR FM NORMAL     4    [PRESSURE DATA]
TOTAL FM JAN 1    43    HIGHEST SLP M ON M
DPTR FM NORMAL     4    LOWEST  SLP 29.70 ON M

[REMARKS]
