000
CXUS51 KPHI 240815
CF6ACY
PRELIMINARY LOCAL CLIMATOLOGICAL DATA (WS FORM: F-6)
STATION: ATLANTIC CITY AIRPORT NJ
MONTH: APRIL
YEAR: 2024
LATITUDE: 39 27 N
LONGITUDE: 74 34 W
TEMPERATURE IN F: :PCPN: SNOW: WIND :SUNSHINE: SKY :PK WND
================================================================================
1 2 3 4 5 6A 6B 7 8 9 10 11 12 13 14 15 16 17 18
12Z AVG MX 2MIN
DY MAX MIN AVG DEP HDD CDD WTR SNW DPTH SPD SPD DIR MIN PSBL S-S WX SPD DR
================================================================================
1 50 43 47 0 18 0 0.40 0.0 0 5.3 22 130 M M 8 1 30 120
2 48 40 44 -4 21 0 0.98 0.0 0 12.9 26 70 M M 8 12 39 50
3 50 45 48 0 17 0 0.87 0.0 0 15.8 26 70 M M 10 13 37 70
4 56 39 48 0 17 0 0.09 0.0 0 10.9 30 310 M M 8 1 39 310
5 52 39 46 -3 19 0 0.00 0.0 0 13.1 23 290 M M 6 33 310
6 56 37 47 -2 18 0 0.00 0.0 0 15.2 29 310 M M 5 38 310
7 54 38 46 -4 19 0 0.00 0.0 0 8.5 20 340 M M 5 26 330
8 67 30 49 -1 16 0 0.00 0.0 0 4.1 13 160 M M 1 18 230
9 77 38 58 8 7 0 0.00 0.0 0 5.2 14 130 M M 0 20 160
10 73 50 62 11 3 0 0.00 0.0 0 5.7 15 160 M M 2 21 170
11 66 53 60 9 5 0 0.19 0.0 0 10.1 21 160 M M 7 1 35 160
12 69 56 63 12 2 0 0.17 0.0 0 16.9 29 260 M M 9 123 48 140
13 64 43 54 2 11 0 0.05 0.0 0 14.5 25 280 M M 2 45 280
14 71 37 54 2 11 0 0.00 0.0 0 10.4 25 350 M M 0 38 340
15 86 56 71 19 0 6 T 0.0 0 7.3 18 10 M M 3 27 10
16 74 45 60 7 5 0 0.00 0.0 0 9.7 23 340 M M 0 34 350
17 67 45 56 3 9 0 0.30 0.0 0 6.6 17 130 M M 6 1 23 120
18 54 46 50 -3 15 0 0.00 0.0 0 12.4 21 30 M M 10 12 28 30
19 56 45 51 -3 14 0 0.01 0.0 0 7.0 16 60 M M 10 1 20 50
20 69 49 59 5 6 0 0.08 0.0 0 7.0 20 280 M M 6 1 27 290
21 52 37 45 -9 20 0 0.00 0.0 0 7.0 14 300 M M 1 M M
22 61 34 48 -7 17 0 0.00 0.0 0 7.6 18 310 M M 0 26 340
23 61 32 47 -8 18 0 0.00 0.0 0 8.8 21 160 M M 0 31 170
================================================================================
SM 1433 977 288 6 3.14 0.0 222.0 M 107
================================================================================
AV 62.3 42.5 9.7 FASTST M M 5 MAX(MPH)
MISC ----> 30 310 48 140
================================================================================
NOTES:
# LAST OF SEVERAL OCCURRENCES
COLUMN 17 PEAK WIND IN M.P.H.
PRELIMINARY LOCAL CLIMATOLOGICAL DATA (WS FORM: F-6) , PAGE 2
STATION: ATLANTIC CITY AIRPORT NJ
MONTH: APRIL
YEAR: 2024
LATITUDE: 39 27 N
LONGITUDE: 74 34 W
[TEMPERATURE DATA] [PRECIPITATION DATA] SYMBOLS USED IN COLUMN 16
AVERAGE MONTHLY: 52.4 TOTAL FOR MONTH: 3.14 1 = FOG OR MIST
DPTR FM NORMAL: 1.1 DPTR FM NORMAL: 0.57 2 = FOG REDUCING VISIBILITY
HIGHEST: 86 ON 15 GRTST 24HR 0.98 ON 2- 2 TO 1/4 MILE OR LESS
LOWEST: 30 ON 8 3 = THUNDER
SNOW, ICE PELLETS, HAIL 4 = ICE PELLETS
TOTAL MONTH: 0.0 INCH 5 = HAIL
GRTST 24HR 0.0 6 = FREEZING RAIN OR DRIZZLE
GRTST DEPTH: 0 7 = DUSTSTORM OR SANDSTORM:
VSBY 1/2 MILE OR LESS
8 = SMOKE OR HAZE
[NO. OF DAYS WITH] [WEATHER - DAYS WITH] 9 = BLOWING SNOW
X = TORNADO
MAX 32 OR BELOW: 0 0.01 INCH OR MORE: 10
MAX 90 OR ABOVE: 0 0.10 INCH OR MORE: 6
MIN 32 OR BELOW: 2 0.50 INCH OR MORE: 2
MIN 0 OR BELOW: 0 1.00 INCH OR MORE: 0
[HDD (BASE 65) ]
TOTAL THIS MO. 288 CLEAR (SCALE 0-3) 9
DPTR FM NORMAL -34 PTCLDY (SCALE 4-7) 7
TOTAL FM JUL 1 3982 CLOUDY (SCALE 8-10) 7
DPTR FM NORMAL -477
[CDD (BASE 65) ]
TOTAL THIS MO. 6
DPTR FM NORMAL 4 [PRESSURE DATA]
TOTAL FM JAN 1 6 HIGHEST SLP M ON M
DPTR FM NORMAL 3 LOWEST SLP 29.22 ON 3
[REMARKS]