000
CXAK56 PAFC 221320
CF6ADQ
PRELIMINARY LOCAL CLIMATOLOGICAL DATA (WS FORM: F-6)

                                          STATION:   KODIAK
                                          MONTH:     MAY
                                          YEAR:      2019
                                          LATITUDE:   57 45 N
                                          LONGITUDE: 152 31 W

  TEMPERATURE IN F:       :PCPN:    SNOW:  WIND      :SUNSHINE: SKY     :PK WND
================================================================================
1   2   3   4   5  6A  6B    7    8   9   10  11  12  13   14  15   16   17  18
                                     12Z  AVG MX 2MIN
DY MAX MIN AVG DEP HDD CDD  WTR  SNW DPTH SPD SPD DIR MIN PSBL S-S WX    SPD DR
================================================================================

 1  56  42  49   8  16   0 0.00    M    M  7.9 17 190   M    M   8 12     22 190
 2  57  42  50   8  15   0    T    M    M 11.7 21 300   M    M   6        28 280
 3  49  36  43   1  22   0 0.00    M    M  8.0 17 300   M    M   3        21 300
 4  54  35  45   3  20   0 0.00    M    M  7.6 15 310   M    M   2        19 310
 5  51  41  46   4  19   0 0.26    M    M 13.2 25  90   M    M   9 1      29  80
 6  50  43  47   5  18   0 0.05    M    M 11.2 23  90   M    M   9 1      28  90
 7  49  44  47   4  18   0 0.11    M    M 13.0 24 110   M    M  10 1      30 140
 8  56  33  45   2  20   0 0.00    M    M  7.4 17 180   M    M   2        24 180
 9  47  39  43   0  22   0 0.97    M    M 17.5 31  60   M    M   9 1      38  50
10  53  43  48   5  17   0 0.21    M    M 12.9 31  50   M    M  10 18     38  60
11  53  42  48   4  17   0    T    M    M 10.5 20 200   M    M   6        25 210
12  49  42  46   2  19   0 0.11    M    M 16.2 30 100   M    M   9 1      36 100
13  46  43  45   1  20   0 0.18    M    M 11.1 21 100   M    M  10 1      24 110
14  54  42  48   4  17   0 0.01    M    M  6.8 16 280   M    M   7 1      20 280
15  56  44  50   6  15   0 0.15    M    M 10.3 18  60   M    M   9 1      22  70
16  50  43  47   3  18   0 0.14    M    M 10.9 21  40   M    M  10 1      24  30
17  50  42  46   1  19   0 0.07    M    M  7.2 13  50   M    M  10 1      16 300
18  52  43  48   3  17   0 0.16    M    M  9.2 21  40   M    M  10 1      25 350
19  50  44  47   2  18   0 0.65    M    M 14.1 23  40   M    M  10 1      27  40
20  53  41  47   2  18   0 0.00    M    M  6.6 17 130   M    M   7        23 170
21  57  33  45   0  20   0 0.00    M    M  8.3 17 110   M    M   1        20 100
================================================================================
SM 1092  857       385   0  3.07    M    221.6          M      157
================================================================================
AV 52.0 40.8                              10.6 FASTST   M    M   7    MAX(MPH)
                                 MISC ---->  # 31  60               # 38   50
================================================================================
NOTES:
# LAST OF SEVERAL OCCURRENCES

COLUMN 17 PEAK WIND IN M.P.H.

PRELIMINARY LOCAL CLIMATOLOGICAL DATA (WS FORM: F-6) , PAGE 2

                                          STATION:  KODIAK
                                          MONTH:    MAY
                                          YEAR:     2019
                                          LATITUDE:   57 45 N
                                          LONGITUDE: 152 31 W

[TEMPERATURE DATA]      [PRECIPITATION DATA]       SYMBOLS USED IN COLUMN 16

AVERAGE MONTHLY: 46.4   TOTAL FOR MONTH:   3.07    1 = FOG OR MIST
DPTR FM NORMAL:   3.0   DPTR FM NORMAL:   -0.60    2 = FOG REDUCING VISIBILITY
HIGHEST:    57 ON 21, 2 GRTST 24HR  0.97 ON  9- 9      TO 1/4 MILE OR LESS
LOWEST:     33 ON 21, 8                            3 = THUNDER
                        SNOW, ICE PELLETS, HAIL    4 = ICE PELLETS
                        TOTAL MONTH:    M          5 = HAIL
                        GRTST 24HR    M  ON   M    6 = FREEZING RAIN OR DRIZZLE
                        GRTST DEPTH:  M  ON   M    7 = DUSTSTORM OR SANDSTORM:
                                                       VSBY 1/2 MILE OR LESS
                                                   8 = SMOKE OR HAZE
[NO. OF DAYS WITH]      [WEATHER - DAYS WITH]      9 = BLOWING SNOW
                                                   X = TORNADO
MAX 32 OR BELOW:   0    0.01 INCH OR MORE:  13
MAX 90 OR ABOVE:   0    0.10 INCH OR MORE:  10
MIN 32 OR BELOW:   0    0.50 INCH OR MORE:   2
MIN  0 OR BELOW:   0    1.00 INCH OR MORE:   0

[HDD (BASE 65) ]
TOTAL THIS MO.   385    CLEAR  (SCALE 0-3)   4
DPTR FM NORMAL   -69    PTCLDY (SCALE 4-7)   5
TOTAL FM JUL 1  6950    CLOUDY (SCALE 8-10) 12
DPTR FM NORMAL -1196

[CDD (BASE 65) ]
TOTAL THIS MO.     0
DPTR FM NORMAL     0    [PRESSURE DATA]
TOTAL FM JAN 1     0    HIGHEST SLP M ON M
DPTR FM NORMAL     0    LOWEST  SLP 29.12 ON 10

[REMARKS]
