000
CXAK56 PAFC 251320
CF6ADQ
PRELIMINARY LOCAL CLIMATOLOGICAL DATA (WS FORM: F-6)

                                          STATION:   KODIAK
                                          MONTH:     MARCH
                                          YEAR:      2019
                                          LATITUDE:   57 45 N
                                          LONGITUDE: 152 31 W

  TEMPERATURE IN F:       :PCPN:    SNOW:  WIND      :SUNSHINE: SKY     :PK WND
================================================================================
1   2   3   4   5  6A  6B    7    8   9   10  11  12  13   14  15   16   17  18
                                     12Z  AVG MX 2MIN
DY MAX MIN AVG DEP HDD CDD  WTR  SNW DPTH SPD SPD DIR MIN PSBL S-S WX    SPD DR
================================================================================

 1  42  21  32   0  33   0 0.00    M    M  5.2  8 280   M    M   0        12 140
 2  43  26  35   3  30   0 0.02    M    M  3.8  8 280   M    M   9 1       8 270
 3  43  28  36   4  29   0 0.00    M    M  4.5  8  90   M    M   7        11 100
 4  43  29  36   4  29   0    T    M    M  5.8 13 150   M    M   8        17 150
 5  40  37  39   7  26   0 0.10    M    M 10.2 20 140   M    M   9 1      26 140
 6  44  34  39   7  26   0 0.01    M    M  4.0 13 100   M    M  10 1      15 100
 7  39  35  37   5  28   0 0.05    M    M  8.8 21 110   M    M   9 1      24 100
 8  46  36  41   9  24   0 0.19    M    M  5.3 21 110   M    M   8        24 110
 9  40  34  37   5  28   0 1.19    M    M 15.0 36 140   M    M   9 1      46 120
10  46  34  40   8  25   0    T    M    M  7.3 21 180   M    M   6        29 180
11  43  32  38   6  27   0    T    M    M 11.5 33 260   M    M   4        41 270
12  42  27  35   3  30   0 0.15    M    M 11.0 31  90   M    M   7 18     39  90
13   M   M   M   M   M   M 0.85    M    M 23.3 33  30   M    M  10 1      48  10
14  45  33  39   7  26   0 0.01    M    M  9.7 24  90   M    M   5        29  90
15  43  38  41   8  24   0 0.77    M    M 19.2 28  40   M    M  10 1      35  40
16  45  42  44  11  21   0 0.54    M    M 14.9 23  70   M    M   9 1      29  70
17  46  41  44  11  21   0 0.86    M    M 12.9 23  90   M    M  10 1      29  40
18  42  27  35   2  30   0 0.09    M    M  4.6 17 310   M    M   8 12     21 310
19  40  22  31  -2  34   0 0.07    M    M  8.1 20  20   M    M   6 1      26  30
20  44  35  40   7  25   0 0.86    M    M 17.2 23 120   M    M  10 1      31  70
21  43  41  42   9  23   0 1.02    M    M 24.5 37  80   M    M  10 1      46  60
22  45  40  43  10  22   0 0.06  0.0    M 21.6 39 100   M    M  10 18     46 100
23  45  32  39   6  26   0    T    M    M  5.3 14  90   M    M   7 1      16  90
24  48  36  42   9  23   0 0.04    M    M  7.3 18  60   M    M   7 1      23  60
================================================================================
SM  997  760       610   0  6.88     0.0 261.0          M      188
================================================================================
AV 43.4 33.0                              10.9 FASTST   M    M   8    MAX(MPH)
                                 MISC ---->  # 39 100               # 48   10
================================================================================
NOTES:
# LAST OF SEVERAL OCCURRENCES

COLUMN 17 PEAK WIND IN M.P.H.

PRELIMINARY LOCAL CLIMATOLOGICAL DATA (WS FORM: F-6) , PAGE 2

                                          STATION:  KODIAK
                                          MONTH:    MARCH
                                          YEAR:     2019
                                          LATITUDE:   57 45 N
                                          LONGITUDE: 152 31 W

[TEMPERATURE DATA]      [PRECIPITATION DATA]       SYMBOLS USED IN COLUMN 16

AVERAGE MONTHLY: 38.2   TOTAL FOR MONTH:   6.88    1 = FOG OR MIST
DPTR FM NORMAL:   5.8   DPTR FM NORMAL:    2.59    2 = FOG REDUCING VISIBILITY
HIGHEST:    48 ON 24    GRTST 24HR  1.19 ON  9- 9      TO 1/4 MILE OR LESS
LOWEST:     21 ON  1                               3 = THUNDER
                        SNOW, ICE PELLETS, HAIL    4 = ICE PELLETS
                        TOTAL MONTH:   0.0 INCH    5 = HAIL
                        GRTST 24HR     0.0         6 = FREEZING RAIN OR DRIZZLE
                        GRTST DEPTH:  M  ON   M    7 = DUSTSTORM OR SANDSTORM:
                                                       VSBY 1/2 MILE OR LESS
                                                   8 = SMOKE OR HAZE
[NO. OF DAYS WITH]      [WEATHER - DAYS WITH]      9 = BLOWING SNOW
                                                   X = TORNADO
MAX 32 OR BELOW:   0    0.01 INCH OR MORE:  18
MAX 90 OR ABOVE:   0    0.10 INCH OR MORE:  10
MIN 32 OR BELOW:   9    0.50 INCH OR MORE:   7
MIN  0 OR BELOW:   0    1.00 INCH OR MORE:   2

[HDD (BASE 65) ]
TOTAL THIS MO.   610    CLEAR  (SCALE 0-3)   1
DPTR FM NORMAL  -171    PTCLDY (SCALE 4-7)  11
TOTAL FM JUL 1  5599    CLOUDY (SCALE 8-10) 12
DPTR FM NORMAL -1054

[CDD (BASE 65) ]
TOTAL THIS MO.     0
DPTR FM NORMAL     0    [PRESSURE DATA]
TOTAL FM JAN 1     0    HIGHEST SLP M ON M
DPTR FM NORMAL     0    LOWEST  SLP 28.76 ON  9

[REMARKS]
