816
CXUS54 KFWD 190730
CF6AFW
PRELIMINARY LOCAL CLIMATOLOGICAL DATA (WS FORM: F-6)

                                          STATION:   FORT WORTH ALLIANCE
                                          MONTH:     MAY
                                          YEAR:      2019
                                          LATITUDE:   32 58 N
                                          LONGITUDE:  97 19 W

  TEMPERATURE IN F:       :PCPN:    SNOW:  WIND      :SUNSHINE: SKY     :PK WND
================================================================================
1   2   3   4   5  6A  6B    7    8   9   10  11  12  13   14  15   16   17  18
                                     12Z  AVG MX 2MIN
DY MAX MIN AVG DEP HDD CDD  WTR  SNW DPTH SPD SPD DIR MIN PSBL S-S WX    SPD DR
================================================================================

 1  85  62  74   6   0   9 1.40  0.0    0 14.9 29 360   M    M   9 138    35 350
 2  78  60  69   1   0   4 0.53  0.0    0  9.8 31 120   M    M   7 13     38 120
 3  79  61  70   1   0   5 0.02  0.0    0  7.4 24 150   M    M   8        31 150
 4  78  61  70   1   0   5 0.05  0.0    0  9.4 17 360   M    M   6 1      21  10
 5  83  59  71   2   0   6 0.00  0.0    0  7.9 20 160   M    M   3        23 160
 6  83  68  76   6   0  11 0.00  0.0    0 12.5 22 160   M    M   8        26 180
 7  86  66  76   6   0  11    T  0.0    0 11.6 30 150   M    M   7 18     36 150
 8  72  62  67  -3   0   2 1.44  0.0    0 11.0 29 100   M    M   9 13     36 280
 9  68  52  60 -11   5   0 0.01  0.0    0 11.7 23 360   M    M   9 12     28 360
10  58  50  54 -17  11   0 0.13  0.0    0 11.4 23 360   M    M  10 13     30 360
11  65  55  60 -11   5   0 0.72  0.0    0  7.0 17  20   M    M  10 13     20  20
12  78  53  66  -6   0   1 0.00  0.0    0  4.9 12 290   M    M   3 8      16 310
13  84  58  71  -1   0   6 0.00  0.0    0  8.0 16 190   M    M   2        20 210
14  84  61  73   1   0   8 0.00  0.0    0  7.0 15 210   M    M   4 8      20 200
15  86  63  75   2   0  10 0.00  0.0    0  8.8 16 190   M    M   1 8      19 180
16  87  65  76   3   0  11 0.00  0.0    0 11.6 20 160   M    M   3        24 150
17  87  69  78   5   0  13 0.00  0.0    0 17.0 28 170   M    M   7 18     35 170
18  78  63  71  -3   0   6 2.81  0.0    0 13.8 41 210   M    M   9 1358   58 220
================================================================================
SM 1419 1088        21 108  7.11     0.0 185.7          M      115
================================================================================
AV 78.8 60.4                              10.3 FASTST   M    M   6    MAX(MPH)
                                 MISC ---->  # 41 210               # 58  220
================================================================================
NOTES:
# LAST OF SEVERAL OCCURRENCES

COLUMN 17 PEAK WIND IN M.P.H.

PRELIMINARY LOCAL CLIMATOLOGICAL DATA (WS FORM: F-6) , PAGE 2

                                          STATION:  FORT WORTH ALLIANCE
                                          MONTH:    MAY
                                          YEAR:     2019
                                          LATITUDE:   32 58 N
                                          LONGITUDE:  97 19 W

[TEMPERATURE DATA]      [PRECIPITATION DATA]       SYMBOLS USED IN COLUMN 16

AVERAGE MONTHLY: 69.6   TOTAL FOR MONTH:   7.11    1 = FOG OR MIST
DPTR FM NORMAL:  -1.2   DPTR FM NORMAL:    4.25    2 = FOG REDUCING VISIBILITY
HIGHEST:    87 ON 17,16 GRTST 24HR  2.81 ON 18-18      TO 1/4 MILE OR LESS
LOWEST:     50 ON 10                               3 = THUNDER
                        SNOW, ICE PELLETS, HAIL    4 = ICE PELLETS
                        TOTAL MONTH:   0.0 INCH    5 = HAIL
                        GRTST 24HR     0.0         6 = FREEZING RAIN OR DRIZZLE
                        GRTST DEPTH:   0           7 = DUSTSTORM OR SANDSTORM:
                                                       VSBY 1/2 MILE OR LESS
                                                   8 = SMOKE OR HAZE
[NO. OF DAYS WITH]      [WEATHER - DAYS WITH]      9 = BLOWING SNOW
                                                   X = TORNADO
MAX 32 OR BELOW:   0    0.01 INCH OR MORE:   9
MAX 90 OR ABOVE:   0    0.10 INCH OR MORE:   6
MIN 32 OR BELOW:   0    0.50 INCH OR MORE:   5
MIN  0 OR BELOW:   0    1.00 INCH OR MORE:   3

[HDD (BASE 65) ]
TOTAL THIS MO.    21    CLEAR  (SCALE 0-3)   3
DPTR FM NORMAL    12    PTCLDY (SCALE 4-7)   8
TOTAL FM JUL 1  2416    CLOUDY (SCALE 8-10)  7
DPTR FM NORMAL   -47

[CDD (BASE 65) ]
TOTAL THIS MO.   108
DPTR FM NORMAL    -8    [PRESSURE DATA]
TOTAL FM JAN 1   246    HIGHEST SLP M ON M
DPTR FM NORMAL    12    LOWEST  SLP 29.51 ON  8

[REMARKS]
