000
CXUS54 KFWD 180730
CF6AFW
PRELIMINARY LOCAL CLIMATOLOGICAL DATA (WS FORM: F-6)

                                          STATION:   FORT WORTH ALLIANCE
                                          MONTH:     MARCH
                                          YEAR:      2019
                                          LATITUDE:   32 58 N
                                          LONGITUDE:  97 19 W

  TEMPERATURE IN F:       :PCPN:    SNOW:  WIND      :SUNSHINE: SKY     :PK WND
================================================================================
1   2   3   4   5  6A  6B    7    8   9   10  11  12  13   14  15   16   17  18
                                     12Z  AVG MX 2MIN
DY MAX MIN AVG DEP HDD CDD  WTR  SNW DPTH SPD SPD DIR MIN PSBL S-S WX    SPD DR
================================================================================

 1  46  31  39 -13  26   0 0.00  0.0    0  6.1 14  40   M    M  10 8      17  40
 2  42  37  40 -12  25   0 0.03  0.0    0  9.1 17  20   M    M  10 18     21  10
 3  40  27  34 -19  31   0    T  0.0    0 17.9 26 360   M    M   7 18     32  10
 4  34  21  28 -25  37   0 0.00  0.0    0 14.4 23 360   M    M   7        28 360
 5  47  19  33 -20  32   0 0.00  0.0    0  7.6 18 340   M    M   1        22 350
 6  55  26  41 -13  24   0 0.00  0.0    0  9.4 23 170   M    M   4        28 170
 7  76  39  58   4   7   0 0.00  0.0    0 14.2 25 180   M    M   7        31 190
 8  79  57  68  14   0   3 0.00  0.0    0 11.2 29 180   M    M  10        35 170
 9  76  55  66  12   0   1 0.48  0.0    0 11.8 32 260   M    M   6 13     46 270
10  58  49  54  -1  11   0    T  0.0    0 11.6 17 350   M    M   9        22  20
11  59  49  54  -1  11   0    T  0.0    0  9.2 18 350   M    M  10        22  50
12  68  57  63   8   2   0 0.03  0.0    0 13.4 41 150   M    M  10 1      52 150
13  76  54  65   9   0   0 1.08  0.0    0 18.3 40 150   M    M   6 13     53 150
14  68  46  57   1   8   0 0.00  0.0    0 15.3 30 260   M    M   3 78     42 260
15  60  39  50  -6  15   0 0.00  0.0    0 14.4 28  10   M    M   5        33  20
16  60  36  48  -9  17   0 0.00  0.0    0  6.2 16  40   M    M   3        21  40
17  67  38  53  -4  12   0 0.00  0.0    0  2.2  8 120   M    M   1        12 120
================================================================================
SM 1011  680       258   4  1.62     0.0 192.3          M      109
================================================================================
AV 59.5 40.0                              11.3 FASTST   M    M   6    MAX(MPH)
                                 MISC ---->  # 41 150               # 53  150
================================================================================
NOTES:
# LAST OF SEVERAL OCCURRENCES

COLUMN 17 PEAK WIND IN M.P.H.

PRELIMINARY LOCAL CLIMATOLOGICAL DATA (WS FORM: F-6) , PAGE 2

                                          STATION:  FORT WORTH ALLIANCE
                                          MONTH:    MARCH
                                          YEAR:     2019
                                          LATITUDE:   32 58 N
                                          LONGITUDE:  97 19 W

[TEMPERATURE DATA]      [PRECIPITATION DATA]       SYMBOLS USED IN COLUMN 16

AVERAGE MONTHLY: 49.7   TOTAL FOR MONTH:   1.62    1 = FOG OR MIST
DPTR FM NORMAL:  -4.7   DPTR FM NORMAL:   -0.19    2 = FOG REDUCING VISIBILITY
HIGHEST:    79 ON  8    GRTST 24HR  1.08 ON 13-13      TO 1/4 MILE OR LESS
LOWEST:     19 ON  5                               3 = THUNDER
                        SNOW, ICE PELLETS, HAIL    4 = ICE PELLETS
                        TOTAL MONTH:   0.0 INCH    5 = HAIL
                        GRTST 24HR     0.0         6 = FREEZING RAIN OR DRIZZLE
                        GRTST DEPTH:   0           7 = DUSTSTORM OR SANDSTORM:
                                                       VSBY 1/2 MILE OR LESS
                                                   8 = SMOKE OR HAZE
[NO. OF DAYS WITH]      [WEATHER - DAYS WITH]      9 = BLOWING SNOW
                                                   X = TORNADO
MAX 32 OR BELOW:   0    0.01 INCH OR MORE:   4
MAX 90 OR ABOVE:   0    0.10 INCH OR MORE:   2
MIN 32 OR BELOW:   5    0.50 INCH OR MORE:   1
MIN  0 OR BELOW:   0    1.00 INCH OR MORE:   1

[HDD (BASE 65) ]
TOTAL THIS MO.   258    CLEAR  (SCALE 0-3)   2
DPTR FM NORMAL    70    PTCLDY (SCALE 4-7)   9
TOTAL FM JUL 1  2254    CLOUDY (SCALE 8-10)  6
DPTR FM NORMAL     6

[CDD (BASE 65) ]
TOTAL THIS MO.     4
DPTR FM NORMAL   -10    [PRESSURE DATA]
TOTAL FM JAN 1    23    HIGHEST SLP M ON M
DPTR FM NORMAL     2    LOWEST  SLP 29.44 ON 13

[REMARKS]
