000
CXUS55 KCAE 251400
CF6AGS
PRELIMINARY LOCAL CLIMATOLOGICAL DATA (WS FORM: F-6)

                                          STATION:   AUGUSTA BUSH FIELD GA
                                          MONTH:     MAY
                                          YEAR:      2019
                                          LATITUDE:   33 22 N
                                          LONGITUDE:  81 58 W

  TEMPERATURE IN F:       :PCPN:    SNOW:  WIND      :SUNSHINE: SKY     :PK WND
================================================================================
1   2   3   4   5  6A  6B    7    8   9   10  11  12  13   14  15   16   17  18
                                     12Z  AVG MX 2MIN
DY MAX MIN AVG DEP HDD CDD  WTR  SNW DPTH SPD SPD DIR MIN PSBL S-S WX    SPD DR
================================================================================

 1  88  62  75   8   0  10 0.00  0.0    0  4.1 13 100   M    M   5 1      16 120
 2  88  58  73   6   0   8 0.00  0.0    0  4.0 10 120   M    M   4 12     15 120
 3  88  62  75   8   0  10    T  0.0    0  2.6 15  60   M    M   6 1      19  70
 4  92  65  79  11   0  14 2.40  0.0    0  5.7 22 300   M    M   6 1238   35 310
 5  85  67  76   8   0  11 0.07  0.0    0  9.2 21 260   M    M   5 13     28 240
 6  88  62  75   7   0  10 0.00  0.0    0  3.4  9 130   M    M   3        12 110
 7  88  67  78  10   0  13 0.00  0.0    0  5.2 14 120   M    M   5        19 120
 8  88  66  77   8   0  12 0.00  0.0    0  5.3 15 160   M    M   5 1      18 170
 9  86  58  72   3   0   7 0.00  0.0    0  5.7 13 140   M    M   3 12     20 170
10  89  69  79  10   0  14 0.37  0.0    0  5.9 14 180   M    M   6 3      19 200
11  87  67  77   7   0  12 0.32  0.0    0  6.1 30 260   M    M   5 13     42 240
12  74  67  71   1   0   6 0.54  0.0    0  6.5 16 310   M    M   6 13     19 300
13  84  65  75   5   0  10 0.00  0.0    0 10.3 21 310   M    M   3        25 290
14  77  51  64  -7   1   0 0.00  0.0    0  3.6 13 340   M    M   0        17  50
15  79  50  65  -6   0   0 0.00  0.0    0  2.4 12 140   M    M   2        18 140
16  87  58  73   2   0   8 0.00  0.0    0  3.9 12 260   M    M   4        16 300
17  93  61  77   5   0  12 0.00  0.0    0  2.9 13 350   M    M   1 1      17 350
18  94  63  79   7   0  14 0.00  0.0    0  3.3 16 170   M    M   2 12     24 160
19  92  66  79   7   0  14 0.00  0.0    0  6.7 15 210   M    M   1 1      19 160
20  93  68  81   9   0  16 0.00  0.0    0  5.0 15 260   M    M   4 1      20 220
21  95  62  79   6   0  14 0.00  0.0    0  2.5 13 270   M    M   0 12     17 310
22  95  66  81   8   0  16 0.00  0.0    0  5.8 16 150   M    M   2 1      21 120
23  93  71  82   9   0  17 0.00  0.0    0  3.8 10 140   M    M   5 1      14 140
24  98  67  83   9   0  18 0.00  0.0    0  4.5 14 260   M    M   0 1      17 240
================================================================================
SM 2121 1518         1 266  3.70     0.0 118.4          M       83
================================================================================
AV 88.4 63.3                               4.9 FASTST   M    M   3    MAX(MPH)
                                 MISC ---->  # 30 260               # 42  240
================================================================================
NOTES:
# LAST OF SEVERAL OCCURRENCES

COLUMN 17 PEAK WIND IN M.P.H.

PRELIMINARY LOCAL CLIMATOLOGICAL DATA (WS FORM: F-6) , PAGE 2

                                          STATION:  AUGUSTA BUSH FIELD GA
                                          MONTH:    MAY
                                          YEAR:     2019
                                          LATITUDE:   33 22 N
                                          LONGITUDE:  81 58 W

[TEMPERATURE DATA]      [PRECIPITATION DATA]       SYMBOLS USED IN COLUMN 16

AVERAGE MONTHLY: 75.8   TOTAL FOR MONTH:   3.70    1 = FOG OR MIST
DPTR FM NORMAL:   5.6   DPTR FM NORMAL:    1.83    2 = FOG REDUCING VISIBILITY
HIGHEST:    98 ON 24    GRTST 24HR  2.40 ON  4- 4      TO 1/4 MILE OR LESS
LOWEST:     50 ON 15                               3 = THUNDER
                        SNOW, ICE PELLETS, HAIL    4 = ICE PELLETS
                        TOTAL MONTH:   0.0 INCH    5 = HAIL
                        GRTST 24HR     0.0         6 = FREEZING RAIN OR DRIZZLE
                        GRTST DEPTH:   0           7 = DUSTSTORM OR SANDSTORM:
                                                       VSBY 1/2 MILE OR LESS
                                                   8 = SMOKE OR HAZE
[NO. OF DAYS WITH]      [WEATHER - DAYS WITH]      9 = BLOWING SNOW
                                                   X = TORNADO
MAX 32 OR BELOW:   0    0.01 INCH OR MORE:   5
MAX 90 OR ABOVE:   9    0.10 INCH OR MORE:   4
MIN 32 OR BELOW:   0    0.50 INCH OR MORE:   2
MIN  0 OR BELOW:   0    1.00 INCH OR MORE:   1

[HDD (BASE 65) ]
TOTAL THIS MO.     1    CLEAR  (SCALE 0-3)  11
DPTR FM NORMAL   -17    PTCLDY (SCALE 4-7)  13
TOTAL FM JUL 1  1935    CLOUDY (SCALE 8-10)  0
DPTR FM NORMAL  -535

[CDD (BASE 65) ]
TOTAL THIS MO.   266
DPTR FM NORMAL   124    [PRESSURE DATA]
TOTAL FM JAN 1   408    HIGHEST SLP M ON M
DPTR FM NORMAL   193    LOWEST  SLP 29.68 ON  5

[REMARKS]
