510
CXUS52 KFFC 191110
CF6AHN
PRELIMINARY LOCAL CLIMATOLOGICAL DATA (WS FORM: F-6)

                                          STATION:   ATHENS
                                          MONTH:     MAY
                                          YEAR:      2019
                                          LATITUDE:   33 57 N
                                          LONGITUDE:  83 19 W

  TEMPERATURE IN F:       :PCPN:    SNOW:  WIND      :SUNSHINE: SKY     :PK WND
================================================================================
1   2   3   4   5  6A  6B    7    8   9   10  11  12  13   14  15   16   17  18
                                     12Z  AVG MX 2MIN
DY MAX MIN AVG DEP HDD CDD  WTR  SNW DPTH SPD SPD DIR MIN PSBL S-S WX    SPD DR
================================================================================

 1  83  63  73   7   0   8 0.00  0.0    0  3.9 10 190   M    M   3        15 190
 2  85  60  73   7   0   8 0.00  0.0    0  4.0  8 150   M    M   1 1      13 230
 3  84  64  74   8   0   9 0.00  0.0    0  2.3  7 260   M    M   5 1      12 160
 4  86  64  75   8   0  10 0.20  0.0    0  2.7 14 300   M    M   4 13     20 300
 5  81  64  73   6   0   8    T  0.0    0  8.4 17 300   M    M   5 1      25 270
 6  84  58  71   4   0   6 0.00  0.0    0  3.1 12  60   M    M   1        15 110
 7  81  59  70   3   0   5 0.00  0.0    0  3.5  9  70   M    M   4 12     12  80
 8  85  64  75   7   0  10 0.00  0.0    0  4.5 12 110   M    M   4        15 100
 9  82  63  73   5   0   8 0.18  0.0    0  4.7 17 350   M    M   6 1      26 270
10  85  67  76   8   0  11 0.11  0.0    0  3.5 10 100   M    M   7 1      12 110
11  83  67  75   6   0  10 0.89  0.0    0  4.3 15 240   M    M   8 13     23 240
12  76  65  71   2   0   6 0.21  0.0    0  3.9 10 230   M    M   7 1      19 230
13  76  56  66  -3   0   1 0.00  0.0    0  7.2 16 300   M    M   3 1      26 270
14  75  48  62  -8   3   0 0.00  0.0    0  3.4 10 320   M    M   0        14 360
15  76  50  63  -7   2   0 0.00  0.0    0  4.4 14 100   M    M   2        17 110
16  86  55  71   1   0   6 0.00  0.0    0  3.0 13 280   M    M   3        17 300
17  88  62  75   5   0  10 0.03  0.0    0  2.4 10 200   M    M   1        16 200
18  91  63  77   6   0  12 0.00  0.0    0  2.3  9 170   M    M   1 1      14 180
================================================================================
SM 1487 1092         5 128  1.62     0.0  71.5          M       65
================================================================================
AV 82.6 60.7                               4.0 FASTST   M    M   4    MAX(MPH)
                                 MISC ---->  # 17 300               # 26  270
================================================================================
NOTES:
# LAST OF SEVERAL OCCURRENCES

COLUMN 17 PEAK WIND IN M.P.H.

PRELIMINARY LOCAL CLIMATOLOGICAL DATA (WS FORM: F-6) , PAGE 2

                                          STATION:  ATHENS
                                          MONTH:    MAY
                                          YEAR:     2019
                                          LATITUDE:   33 57 N
                                          LONGITUDE:  83 19 W

[TEMPERATURE DATA]      [PRECIPITATION DATA]       SYMBOLS USED IN COLUMN 16

AVERAGE MONTHLY: 71.6   TOTAL FOR MONTH:   1.62    1 = FOG OR MIST
DPTR FM NORMAL:   3.4   DPTR FM NORMAL:   -0.16    2 = FOG REDUCING VISIBILITY
HIGHEST:    91 ON 18    GRTST 24HR  0.89 ON 11-11      TO 1/4 MILE OR LESS
LOWEST:     48 ON 14                               3 = THUNDER
                        SNOW, ICE PELLETS, HAIL    4 = ICE PELLETS
                        TOTAL MONTH:   0.0 INCH    5 = HAIL
                        GRTST 24HR     0.0         6 = FREEZING RAIN OR DRIZZLE
                        GRTST DEPTH:   0           7 = DUSTSTORM OR SANDSTORM:
                                                       VSBY 1/2 MILE OR LESS
                                                   8 = SMOKE OR HAZE
[NO. OF DAYS WITH]      [WEATHER - DAYS WITH]      9 = BLOWING SNOW
                                                   X = TORNADO
MAX 32 OR BELOW:   0    0.01 INCH OR MORE:   6
MAX 90 OR ABOVE:   1    0.10 INCH OR MORE:   5
MIN 32 OR BELOW:   0    0.50 INCH OR MORE:   1
MIN  0 OR BELOW:   0    1.00 INCH OR MORE:   0

[HDD (BASE 65) ]
TOTAL THIS MO.     5    CLEAR  (SCALE 0-3)   8
DPTR FM NORMAL   -19    PTCLDY (SCALE 4-7)  10
TOTAL FM JUL 1  2541    CLOUDY (SCALE 8-10)  0
DPTR FM NORMAL  -226

[CDD (BASE 65) ]
TOTAL THIS MO.   128
DPTR FM NORMAL    48    [PRESSURE DATA]
TOTAL FM JAN 1   208    HIGHEST SLP M ON M
DPTR FM NORMAL    70    LOWEST  SLP 29.70 ON  5

[REMARKS]
