000
CXUS55 KCYS 251000
CF6AIA
PRELIMINARY LOCAL CLIMATOLOGICAL DATA (WS FORM: F-6)

                                          STATION:   ALLIANCE NEBRASKA AIRPORT
                                          MONTH:     MAY
                                          YEAR:      2019
                                          LATITUDE:   42  2 N
                                          LONGITUDE: 102 48 W

  TEMPERATURE IN F:       :PCPN:    SNOW:  WIND      :SUNSHINE: SKY     :PK WND
================================================================================
1   2   3   4   5  6A  6B    7    8   9   10  11  12  13   14  15   16   17  18
                                     12Z  AVG MX 2MIN
DY MAX MIN AVG DEP HDD CDD  WTR  SNW DPTH SPD SPD DIR MIN PSBL S-S WX    SPD DR
================================================================================

 1  40  22  31 -19  34   0 0.24    M    M  8.5 20 350   M    M   7 16     22 110
 2  61  21  41  -9  24   0    T    M    M 12.2 31 230   M    M   1 1      43 240
 3  62  33  48  -2  17   0 0.00    M    M  8.1 21 350   M    M   2        24 360
 4  72  32  52   2  13   0 0.00    M    M  7.9 20 290   M    M   1        28 270
 5  66  32  49  -2  16   0    T    M    M 11.5 24  70   M    M   3        28  70
 6  47  38  43  -8  22   0 0.01    M    M 10.0 16  80   M    M  10 1      19  80
 7  44  38  41 -11  24   0 0.53    M    M 12.4 28 130   M    M  10 1      33 130
 8  42  36  39 -13  26   0 0.02    M    M 19.3 30 360   M    M  10 1      37  10
 9  51  27  39 -13  26   0 0.01    M    M  7.9 16  40   M    M   8 1      19  70
10  58  27  43 -10  22   0 0.00    M    M 10.0 20 160   M    M   4        25 170
11  55  26  41 -12  24   0 0.04    M    M 10.5 38 340   M    M   4 3      45 330
12  66  23  45  -8  20   0 0.00    M    M  7.6 21 340   M    M   0        27 320
13  80  32  56   2   9   0    T    M    M  7.0 25 250   M    M   2 3      32 250
14  83  36  60   6   5   0 0.02    M    M  8.5 24  10   M    M   1 3      28  10
15  85  45  65  11   0   0 0.00    M    M  8.8 29 230   M    M   0        36 230
16  82  46  64   9   1   0 0.03    M    M 12.5 28  70   M    M   1 3      34 100
17  56  42  49  -6  16   0 0.22    M    M 14.0 35  10   M    M  10 13     40  10
18  58  35  47  -9  18   0 0.00    M    M 14.0 26 330   M    M   8 1      34 330
19  49  34  42 -14  23   0    T    M    M 14.4 22 350   M    M   9 1      26 350
20  40  35  38 -18  27   0 0.67    M    M 12.6 20  80   M    M   9 1      24  80
21  40  33  37 -20  28   0 0.79    M    M 16.3 26 340   M    M  10 1      32 340
22  51  32  42 -15  23   0 0.16    M    M 15.6 24 280   M    M   7 1      29 280
23  60  26  43 -14  22   0 0.11    M    M 10.2 22 140   M    M   5 1      27 140
24  73  34  54  -4  11   0 0.00    M    M 14.7 30 220   M    M   3        37 240
================================================================================
SM 1421  785       451   0  2.85    M    274.5          M      125
================================================================================
AV 59.2 32.7                              11.4 FASTST   M    M   5    MAX(MPH)
                                 MISC ---->  # 38 340               # 45  330
================================================================================
NOTES:
# LAST OF SEVERAL OCCURRENCES

COLUMN 17 PEAK WIND IN M.P.H.

PRELIMINARY LOCAL CLIMATOLOGICAL DATA (WS FORM: F-6) , PAGE 2

                                          STATION:  ALLIANCE NEBRASKA AIRPORT
                                          MONTH:    MAY
                                          YEAR:     2019
                                          LATITUDE:   42  2 N
                                          LONGITUDE: 102 48 W

[TEMPERATURE DATA]      [PRECIPITATION DATA]       SYMBOLS USED IN COLUMN 16

AVERAGE MONTHLY: 46.0   TOTAL FOR MONTH:   2.85    1 = FOG OR MIST
DPTR FM NORMAL:  -7.6   DPTR FM NORMAL:    0.97    2 = FOG REDUCING VISIBILITY
HIGHEST:    85 ON 15    GRTST 24HR  0.79 ON 21-21      TO 1/4 MILE OR LESS
LOWEST:     21 ON  2                               3 = THUNDER
                        SNOW, ICE PELLETS, HAIL    4 = ICE PELLETS
                        TOTAL MONTH:    M          5 = HAIL
                        GRTST 24HR    M  ON   M    6 = FREEZING RAIN OR DRIZZLE
                        GRTST DEPTH:  M  ON   M    7 = DUSTSTORM OR SANDSTORM:
                                                       VSBY 1/2 MILE OR LESS
                                                   8 = SMOKE OR HAZE
[NO. OF DAYS WITH]      [WEATHER - DAYS WITH]      9 = BLOWING SNOW
                                                   X = TORNADO
MAX 32 OR BELOW:   0    0.01 INCH OR MORE:  13
MAX 90 OR ABOVE:   0    0.10 INCH OR MORE:   7
MIN 32 OR BELOW:  11    0.50 INCH OR MORE:   3
MIN  0 OR BELOW:   0    1.00 INCH OR MORE:   0

[HDD (BASE 65) ]
TOTAL THIS MO.   451    CLEAR  (SCALE 0-3)  10
DPTR FM NORMAL   172    PTCLDY (SCALE 4-7)   7
TOTAL FM JUL 1  7259    CLOUDY (SCALE 8-10)  7
DPTR FM NORMAL    91

[CDD (BASE 65) ]
TOTAL THIS MO.     0
DPTR FM NORMAL     0    [PRESSURE DATA]
TOTAL FM JAN 1     0    HIGHEST SLP M ON M
DPTR FM NORMAL     0    LOWEST  SLP 29.42 ON 17

[REMARKS]
