000
CXAK56 PAJK 221233
CF6AJN
PRELIMINARY LOCAL CLIMATOLOGICAL DATA (WS FORM: F-6)

                                          STATION:   JUNEAU
                                          MONTH:     MAY
                                          YEAR:      2019
                                          LATITUDE:   58 22 N
                                          LONGITUDE: 134 35 W

  TEMPERATURE IN F:       :PCPN:    SNOW:  WIND      :SUNSHINE: SKY     :PK WND
================================================================================
1   2   3   4   5  6A  6B    7    8   9   10  11  12  13   14  15   16   17  18
                                     12Z  AVG MX 2MIN
DY MAX MIN AVG DEP HDD CDD  WTR  SNW DPTH SPD SPD DIR MIN PSBL S-S WX    SPD DR
================================================================================

 1  62  39  51   6  14   0 0.00  0.0    0  8.6 21 250   M    M   7        24 240
 2  50  44  47   2  18   0 0.08  0.0    0  4.4 10 120   M    M  10 18     14 110
 3  49  44  47   2  18   0 0.10  0.0    0  7.7 15 110   M    M  10 1       M  M
 4  47  40  44  -2  21   0 0.32  0.0    0  5.9 14 260   M    M  10 1      18 270
 5  49  40  45  -1  20   0 0.40  0.0    0  8.2 17 120   M    M  10 1      22 130
 6  47  41  44  -2  21   0 0.55  0.0    0 13.1 22 120   M    M  10 1      28 110
 7  47  44  46   0  19   0 0.34  0.0    0 13.1 20 120   M    M  10 1      23 110
 8  51  46  49   3  16   0 0.17  0.0    0 12.2 18 110   M    M  10 1      24 110
 9  59  42  51   4  14   0 0.09  0.0    0  7.1 14 230   M    M   8 1      17  90
10  59  40  50   3  15   0    T  0.0    0  5.8 20 270   M    M   9 12     23 270
11  56  43  50   3  15   0 0.02  0.0    0  7.9 20 270   M    M   9        24 250
12  58  34  46  -2  19   0 0.00  0.0    0  6.6 16 230   M    M   3        23 240
13  69  32  51   3  14   0 0.00  0.0    0  3.1 14 230   M    M   6 1      16 230
14  63  37  50   2  15   0 0.02  0.0    0  4.9 15 140   M    M  10        19 140
15  61  42  52   4  13   0 0.04  0.0    0  9.0 18 120   M    M   9        24 140
16  65  38  52   3  13   0 0.01  0.0    0  4.7 17 270   M    M   9 1      22 280
17  59  48  54   5  11   0 0.28  0.0    0  7.7 23 130   M    M  10 1      26 130
18  64  44  54   5  11   0 0.01    M    0  5.7 17 120   M    M   9        21 130
19  65  41  53   4  12   0    T  0.0    0  4.1 14 300   M    M   8        23 300
20  70  44  57   7   8   0    T  0.0    0  5.9 14 240   M    M   7        22 250
21  72  47  60  10   5   0    T  0.0    0  9.6 17 250   M    M   4        20 250
================================================================================
SM 1222  870       312   0  2.43     0.0 155.3          M      178
================================================================================
AV 58.2 41.4                               7.4 FASTST   M    M   8    MAX(MPH)
                                 MISC ---->  # 23 130               # 28  110
================================================================================
NOTES:
# LAST OF SEVERAL OCCURRENCES

COLUMN 17 PEAK WIND IN M.P.H.

PRELIMINARY LOCAL CLIMATOLOGICAL DATA (WS FORM: F-6) , PAGE 2

                                          STATION:  JUNEAU
                                          MONTH:    MAY
                                          YEAR:     2019
                                          LATITUDE:   58 22 N
                                          LONGITUDE: 134 35 W

[TEMPERATURE DATA]      [PRECIPITATION DATA]       SYMBOLS USED IN COLUMN 16

AVERAGE MONTHLY: 49.8   TOTAL FOR MONTH:   2.43    1 = FOG OR MIST
DPTR FM NORMAL:   2.5   DPTR FM NORMAL:    0.15    2 = FOG REDUCING VISIBILITY
HIGHEST:    72 ON 21    GRTST 24HR  0.55 ON  6- 6      TO 1/4 MILE OR LESS
LOWEST:     32 ON 13                               3 = THUNDER
                        SNOW, ICE PELLETS, HAIL    4 = ICE PELLETS
                        TOTAL MONTH:   0.0 INCH    5 = HAIL
                        GRTST 24HR     0.0         6 = FREEZING RAIN OR DRIZZLE
                        GRTST DEPTH:   0           7 = DUSTSTORM OR SANDSTORM:
                                                       VSBY 1/2 MILE OR LESS
                                                   8 = SMOKE OR HAZE
[NO. OF DAYS WITH]      [WEATHER - DAYS WITH]      9 = BLOWING SNOW
                                                   X = TORNADO
MAX 32 OR BELOW:   0    0.01 INCH OR MORE:  14
MAX 90 OR ABOVE:   0    0.10 INCH OR MORE:   7
MIN 32 OR BELOW:   1    0.50 INCH OR MORE:   1
MIN  0 OR BELOW:   0    1.00 INCH OR MORE:   0

[HDD (BASE 65) ]
TOTAL THIS MO.   312    CLEAR  (SCALE 0-3)   0
DPTR FM NORMAL   -59    PTCLDY (SCALE 4-7)   6
TOTAL FM JUL 1  7183    CLOUDY (SCALE 8-10) 15
DPTR FM NORMAL  -716

[CDD (BASE 65) ]
TOTAL THIS MO.     0
DPTR FM NORMAL     0    [PRESSURE DATA]
TOTAL FM JAN 1     0    HIGHEST SLP  0.00 ON 13
DPTR FM NORMAL     0    LOWEST  SLP  0.00 ON 13

[REMARKS]
