000
CXAK56 PAJK 251235
CF6AJN
PRELIMINARY LOCAL CLIMATOLOGICAL DATA (WS FORM: F-6)

                                          STATION:   JUNEAU
                                          MONTH:     MARCH
                                          YEAR:      2019
                                          LATITUDE:   58 22 N
                                          LONGITUDE: 134 35 W

  TEMPERATURE IN F:       :PCPN:    SNOW:  WIND      :SUNSHINE: SKY     :PK WND
================================================================================
1   2   3   4   5  6A  6B    7    8   9   10  11  12  13   14  15   16   17  18
                                     12Z  AVG MX 2MIN
DY MAX MIN AVG DEP HDD CDD  WTR  SNW DPTH SPD SPD DIR MIN PSBL S-S WX    SPD DR
================================================================================

 1  44  20  32   1  33   0 0.00  0.0    5  3.6 14 130   M    M   3 1      19 150
 2  37  27  32   0  33   0 0.00  0.0    5 11.4 22 140   M    M  10        27 140
 3  36  16  26  -6  39   0 0.00  0.0    5  4.5 14 140   M    M   1        17 130
 4  37  11  24  -8  41   0 0.00  0.0    4  1.7 13 140   M    M   1        14 140
 5  38  12  25  -7  40   0 0.00  0.0    0  1.2  8 250   M    M   0        11 220
 6  38  13  26  -6  39   0 0.00  0.0    4  2.0 10 230   M    M   0        12 230
 7  38  15  27  -5  38   0 0.00  0.0    4  2.0 10 280   M    M   0        12 240
 8  38  19  29  -3  36   0 0.00  0.0    3  2.6 10 230   M    M   7        11 230
 9  42  32  37   5  28   0    T  0.0    3 15.2 26 100   M    M  10        40 340
10  39  34  37   4  28   0 0.40    T    3 21.1 37 120   M    M   9 1      48 130
11  41  35  38   5  27   0 0.02    T    1  7.7 13 120   M    M  10        16 110
12  40  35  38   5  27   0 0.10    T    0  8.3 14  90   M    M  10 1      17  80
13  42  37  40   7  25   0 0.06  0.0    0 16.7 28 120   M    M  10 1      36 120
14  40  36  38   5  27   0 0.24  0.0    0 12.0 22 120   M    M  10 1      26 130
15  40  36  38   5  27   0 0.19  0.0    0 13.4 17 100   M    M  10        18  90
16  45  38  42   8  23   0 0.23  0.0    0 15.3 25 120   M    M  10 1      31 120
17  51  43  47  13  18   0 0.92  0.0    0 20.8 28 110   0    0   0        41 120
18  59  40  50  16  15   0 0.00  0.0    0 15.4 28 110   M    M   6        32 110
19  59  32  46  12  19   0 0.00  0.0    0  4.5 17 100   M    M   1        20  90
20  52  31  42   8  23   0    T  0.0    0  1.5 10 250   M    M   8 1      13 240
21  50  37  44   9  21   0    T  0.0    0  3.3 12 230   M    M   9        13 110
22  50  37  44   9  21   0    T  0.0    0  2.5 14 230   M    M   9        27 160
23  51  38  45  10  20   0 0.03  0.0    0 12.8 26 120   M    M   9 1      33 120
24  53  31  42   7  23   0 0.00  0.0    0  3.6 13 240   M    M   3        19 170
================================================================================
SM 1060  705       671   0  2.19    T    203.1            0    146
================================================================================
AV 44.2 29.4                               8.5 FASTST    0   0   6    MAX(MPH)
                                 MISC ---->  # 37 120               # 48  130
================================================================================
NOTES:
# LAST OF SEVERAL OCCURRENCES

COLUMN 17 PEAK WIND IN M.P.H.

PRELIMINARY LOCAL CLIMATOLOGICAL DATA (WS FORM: F-6) , PAGE 2

                                          STATION:  JUNEAU
                                          MONTH:    MARCH
                                          YEAR:     2019
                                          LATITUDE:   58 22 N
                                          LONGITUDE: 134 35 W

[TEMPERATURE DATA]      [PRECIPITATION DATA]       SYMBOLS USED IN COLUMN 16

AVERAGE MONTHLY: 36.8   TOTAL FOR MONTH:   2.19    1 = FOG OR MIST
DPTR FM NORMAL:   3.6   DPTR FM NORMAL:   -0.84    2 = FOG REDUCING VISIBILITY
HIGHEST:    59 ON 19,18 GRTST 24HR  0.92 ON 17-17      TO 1/4 MILE OR LESS
LOWEST:     11 ON  4                               3 = THUNDER
                        SNOW, ICE PELLETS, HAIL    4 = ICE PELLETS
                        TOTAL MONTH:    T          5 = HAIL
                        GRTST 24HR    T  ON 12-12  6 = FREEZING RAIN OR DRIZZLE
                        GRTST DEPTH:   5 ON  3, 2  7 = DUSTSTORM OR SANDSTORM:
                                                       VSBY 1/2 MILE OR LESS
                                                   8 = SMOKE OR HAZE
[NO. OF DAYS WITH]      [WEATHER - DAYS WITH]      9 = BLOWING SNOW
                                                   X = TORNADO
MAX 32 OR BELOW:   0    0.01 INCH OR MORE:   9
MAX 90 OR ABOVE:   0    0.10 INCH OR MORE:   6
MIN 32 OR BELOW:  12    0.50 INCH OR MORE:   1
MIN  0 OR BELOW:   0    1.00 INCH OR MORE:   0

[HDD (BASE 65) ]
TOTAL THIS MO.   671    CLEAR  (SCALE 0-3)   8
DPTR FM NORMAL   -94    PTCLDY (SCALE 4-7)   3
TOTAL FM JUL 1  6041    CLOUDY (SCALE 8-10) 13
DPTR FM NORMAL  -561

[CDD (BASE 65) ]
TOTAL THIS MO.     0
DPTR FM NORMAL     0    [PRESSURE DATA]
TOTAL FM JAN 1     0    HIGHEST SLP  0.00 ON 17
DPTR FM NORMAL     0    LOWEST  SLP 29.39 ON 10

[REMARKS]
