000
CXUS56 KSGX 201656
CF6AJO
PRELIMINARY LOCAL CLIMATOLOGICAL DATA (WS FORM: F-6)

                                          STATION:   CORONA AIRPORT CA
                                          MONTH:     MARCH
                                          YEAR:      2019
                                          LATITUDE:   33 53 N
                                          LONGITUDE: 117 36 W

  TEMPERATURE IN F:       :PCPN:    SNOW:  WIND      :SUNSHINE: SKY     :PK WND
================================================================================
1   2   3   4   5  6A  6B    7    8   9   10  11  12  13   14  15   16   17  18
                                     12Z  AVG MX 2MIN
DY MAX MIN AVG DEP HDD CDD  WTR  SNW DPTH SPD SPD DIR MIN PSBL S-S WX    SPD DR
================================================================================

 1  66  51  59   M   6   0 0.00  0.0    0  3.5  8 260   M    M   7 1       M  M
 2  65  51  58   M   7   0    M  0.0    0  3.4  8 280   M    M  10 1       M  M
 3  63  50  57   M   8   0 0.00  0.0    0  7.1 13 260   M    M   6        17 250
 4  63  43  53   M  12   0    T    M    0  4.5 12 260   M    M   6        17 260
 5  68  39  54   M  11   0 0.01    M    0  4.7 14 260   M    M   5 13     23 260
 6  63  52  58   M   7   0    M    M    0  3.3  8 290   M    M  10 13      M  M
 7  63  51  57   M   8   0 0.04  0.0    0  7.7 13 250   M    M   5 1      20 230
 8  59  46  53   M  12   0 0.00  0.0    0  8.1 15 230   M    M   4 8      25 240
 9  60  38  49   M  16   0 0.00  0.0    0  4.3 14 270   M    M   3        20 270
10  60  41  51   M  14   0 0.00  0.0    0  4.1 12 260   M    M   2        16 250
11  67  40  54   M  11   0 0.07    M    0  6.8 16  40   M    M   6        30  40
12  68  50  59   M   6   0 0.13  0.0    0  6.1 13 250   M    M   5        18 220
13  66  45  56   M   9   0    T    M    0  4.0 14 240   M    M   4        20 240
14  67  50  59   M   6   0 0.00  0.0    0 16.3 25  40   M    M   0        37  30
15  72  46  59   M   6   0 0.00  0.0    0 13.1 23  40   M    M   0        33  40
16  79  48  64   M   1   0 0.00  0.0    0  8.4 16  20   M    M   0        23  20
17  84  41  63   M   2   0 0.00  0.0    0  3.6 13 250   M    M   0 8       M  M
18  80  45  63   M   2   0 0.00  0.0    0  6.6 14 260   M    M   0        21 260
19  72  46  59   M   6   0 0.00  0.0    0  5.8 18 270   M    M   1 18     27 260
================================================================================
SM 1285  873       150   0  0.25     0.0 121.4          M       74
================================================================================
AV 67.6 46.0                               6.4 FASTST   M    M   4    MAX(MPH)
                                 MISC ---->  # 25  40               # 37   30
================================================================================
NOTES:
# LAST OF SEVERAL OCCURRENCES

COLUMN 17 PEAK WIND IN M.P.H.

PRELIMINARY LOCAL CLIMATOLOGICAL DATA (WS FORM: F-6) , PAGE 2

                                          STATION:  CORONA AIRPORT CA
                                          MONTH:    MARCH
                                          YEAR:     2019
                                          LATITUDE:   33 53 N
                                          LONGITUDE: 117 36 W

[TEMPERATURE DATA]      [PRECIPITATION DATA]       SYMBOLS USED IN COLUMN 16

AVERAGE MONTHLY: 56.8   TOTAL FOR MONTH:   0.25    1 = FOG OR MIST
DPTR FM NORMAL:     M   DPTR FM NORMAL:       M    2 = FOG REDUCING VISIBILITY
HIGHEST:    84 ON 17    GRTST 24HR  0.13 ON 12-12      TO 1/4 MILE OR LESS
LOWEST:     38 ON  9                               3 = THUNDER
                        SNOW, ICE PELLETS, HAIL    4 = ICE PELLETS
                        TOTAL MONTH:   0.0 INCH    5 = HAIL
                        GRTST 24HR     0.0         6 = FREEZING RAIN OR DRIZZLE
                        GRTST DEPTH:   0           7 = DUSTSTORM OR SANDSTORM:
                                                       VSBY 1/2 MILE OR LESS
                                                   8 = SMOKE OR HAZE
[NO. OF DAYS WITH]      [WEATHER - DAYS WITH]      9 = BLOWING SNOW
                                                   X = TORNADO
MAX 32 OR BELOW:   0    0.01 INCH OR MORE:   4
MAX 90 OR ABOVE:   0    0.10 INCH OR MORE:   1
MIN 32 OR BELOW:   0    0.50 INCH OR MORE:   0
MIN  0 OR BELOW:   0    1.00 INCH OR MORE:   0

[HDD (BASE 65) ]
TOTAL THIS MO.   150    CLEAR  (SCALE 0-3)   7
DPTR FM NORMAL     M    PTCLDY (SCALE 4-7)  10
TOTAL FM JUL 1   940    CLOUDY (SCALE 8-10)  2
DPTR FM NORMAL     M

[CDD (BASE 65) ]
TOTAL THIS MO.     0
DPTR FM NORMAL     M    [PRESSURE DATA]
TOTAL FM JAN 1     1    HIGHEST SLP M ON M
DPTR FM NORMAL     M    LOWEST  SLP M ON M

[REMARKS]
