000
CXAK56 PAFC 251320
CF6AKN
PRELIMINARY LOCAL CLIMATOLOGICAL DATA (WS FORM: F-6)

                                          STATION:   KING SALMON
                                          MONTH:     JUNE
                                          YEAR:      2019
                                          LATITUDE:   58 41 N
                                          LONGITUDE: 156 39 W

  TEMPERATURE IN F:       :PCPN:    SNOW:  WIND      :SUNSHINE: SKY     :PK WND
================================================================================
1   2   3   4   5  6A  6B    7    8   9   10  11  12  13   14  15   16   17  18
                                     12Z  AVG MX 2MIN
DY MAX MIN AVG DEP HDD CDD  WTR  SNW DPTH SPD SPD DIR MIN PSBL S-S WX    SPD DR
================================================================================

 1  57  40  49   1  16   0 0.21    M    M  5.1 15  90   M    M   9 1      19  90
 2  65  41  53   5  12   0 0.01    M    M  5.2 17 220   M    M   8        23 210
 3  64  43  54   5  11   0 0.35    M    M  5.6 15 280   M    M   8 1      18 280
 4  64  47  56   7   9   0 0.01    M    M  9.1 13 210   M    M   8 1      16 240
 5  61  46  54   5  11   0 0.03    M    M  8.1 13 200   M    M   9 12     18 190
 6  72  46  59  10   6   0 0.00    M    M  7.3 15 270   M    M   6 12     19 270
 7  75  42  59   9   6   0 0.00    M    M  6.2 15  20   M    M   5 12     19  10
 8  71  50  61  11   4   0 0.12    M    M  6.3 20  70   M    M   7 13     25  70
 9  61  49  55   5  10   0 0.06    M    M  4.1 12 280   M    M   8 1      16 320
10  75  35  55   5  10   0 0.00    M    M  6.5 18  20   M    M   1 12     24  30
11  71  36  54   4  11   0 0.00    M    M  5.9 16 270   M    M   1 1      20 260
12  70  46  58   7   7   0 0.00    M    M  7.8 16 190   M    M   7 18     21 180
13  69  46  58   7   7   0 0.00    M    M  5.2 14 230   M    M   7 1      17 220
14  59  45  52   1  13   0 0.04    M    M 12.0 24  90   M    M   6        35 100
15  64  49  57   6   8   0 0.03    M    M  7.1 18 110   M    M  10 1      23 110
16  65  45  55   3  10   0    T    M    M  7.5 18 100   M    M   7        23 100
17  67  40  54   2  11   0 0.00    M    M  7.1 15 300   M    M   4        20 320
18  56  49  53   1  12   0 0.12    M    M 14.6 22 200   M    M   9 1      28 190
19  61  42  52   0  13   0    T    M    M  8.4 15 180   M    M   8 1      22 210
20  72  35  54   2  11   0 0.00    M    M  5.3 17 180   M    M   5 12     20 180
21  65  45  55   2  10   0    T    M    M  5.1 13  70   M    M   9        17  80
22  69  51  60   7   5   0 0.08  0.0    0  9.0 17 210   M    M   9 1      22 220
23  70  51  61   8   4   0 0.00  0.0    0  7.7 16 220   M    M   9 1      20 230
24   M   M   M   M   M   M    M    M    M   M   M   M   M    M   M 1       M  M
================================================================================
SM 1523 1019       217   0  1.06     0.0 166.2          M      160
================================================================================
AV 66.2 44.3                               7.2 FASTST   M    M   7    MAX(MPH)
                                 MISC ---->  # 24  90               # 35  100
================================================================================
NOTES:
# LAST OF SEVERAL OCCURRENCES

COLUMN 17 PEAK WIND IN M.P.H.

PRELIMINARY LOCAL CLIMATOLOGICAL DATA (WS FORM: F-6) , PAGE 2

                                          STATION:  KING SALMON
                                          MONTH:    JUNE
                                          YEAR:     2019
                                          LATITUDE:   58 41 N
                                          LONGITUDE: 156 39 W

[TEMPERATURE DATA]      [PRECIPITATION DATA]       SYMBOLS USED IN COLUMN 16

AVERAGE MONTHLY: 55.3   TOTAL FOR MONTH:   1.06    1 = FOG OR MIST
DPTR FM NORMAL:   4.5   DPTR FM NORMAL:   -0.23    2 = FOG REDUCING VISIBILITY
HIGHEST:    75 ON 10, 7 GRTST 24HR  0.35 ON  3- 3      TO 1/4 MILE OR LESS
LOWEST:     35 ON 20,10                            3 = THUNDER
                        SNOW, ICE PELLETS, HAIL    4 = ICE PELLETS
                        TOTAL MONTH:   0.0 INCH    5 = HAIL
                        GRTST 24HR     0.0         6 = FREEZING RAIN OR DRIZZLE
                        GRTST DEPTH:   0           7 = DUSTSTORM OR SANDSTORM:
                                                       VSBY 1/2 MILE OR LESS
                                                   8 = SMOKE OR HAZE
[NO. OF DAYS WITH]      [WEATHER - DAYS WITH]      9 = BLOWING SNOW
                                                   X = TORNADO
MAX 32 OR BELOW:   0    0.01 INCH OR MORE:  11
MAX 90 OR ABOVE:   0    0.10 INCH OR MORE:   4
MIN 32 OR BELOW:   0    0.50 INCH OR MORE:   0
MIN  0 OR BELOW:   0    1.00 INCH OR MORE:   0

[HDD (BASE 65) ]
TOTAL THIS MO.   217    CLEAR  (SCALE 0-3)   2
DPTR FM NORMAL  -123    PTCLDY (SCALE 4-7)  14
TOTAL FM JUL 1  7051    CLOUDY (SCALE 8-10)  7
DPTR FM NORMAL -3760

[CDD (BASE 65) ]
TOTAL THIS MO.     0
DPTR FM NORMAL     0    [PRESSURE DATA]
TOTAL FM JAN 1     0    HIGHEST SLP M ON M
DPTR FM NORMAL     0    LOWEST  SLP 29.62 ON 17

[REMARKS]
