000
CXAK56 PAFC 261320
CF6AKN
PRELIMINARY LOCAL CLIMATOLOGICAL DATA (WS FORM: F-6)

                                          STATION:   KING SALMON
                                          MONTH:     MARCH
                                          YEAR:      2019
                                          LATITUDE:   58 41 N
                                          LONGITUDE: 156 39 W

  TEMPERATURE IN F:       :PCPN:    SNOW:  WIND      :SUNSHINE: SKY     :PK WND
================================================================================
1   2   3   4   5  6A  6B    7    8   9   10  11  12  13   14  15   16   17  18
                                     12Z  AVG MX 2MIN
DY MAX MIN AVG DEP HDD CDD  WTR  SNW DPTH SPD SPD DIR MIN PSBL S-S WX    SPD DR
================================================================================

 1  45  26  36  15  29   0 0.03  0.0    T  5.5 14  90   M    M   6 1      15  80
 2  39  30  35  14  30   0 0.02    T    0  3.5  9 350   M    M  10 12     11 360
 3  43  23  33  11  32   0 0.00    M    0  6.0 18 170   M    M   8        24 170
 4  44  30  37  15  28   0 0.00    M    M  8.3 24 160   M    M   7        30 150
 5  42  33  38  16  27   0 0.12    M    M 12.7 25 150   M    M  10 1      35 150
 6  38  27  33  11  32   0    T    M    M  5.2  9 230   M    M   8 12     13 250
 7  37  31  34  12  31   0 0.10    M    M  9.5 17 100   M    M  10 18     24 130
 8  40  33  37  15  28   0 0.08  0.3    M  5.3 20 130   M    M   8 1      26 150
 9  44  36  40  17  25   0 0.01  0.0    0 18.3 30 150   M    M   9        44 140
10  44  34  39  16  26   0 0.24  0.0    0  9.8 21 220   M    M  10 1      28 230
11  37  27  32   9  33   0 0.01  0.1    0 15.6 29 260   M    M   9 1      37 250
12  42  27  35  12  30   0    T  0.0    0 12.7 26 140   M    M   7        34 140
13  40  29  35  12  30   0 0.00    M    M 12.1 25  90   M    M   8        33 110
14  40  21  31   7  34   0 0.04  0.4    0  6.0 16 230   M    M   6 1      20 230
15  43  23  33   9  32   0 0.00  0.0    T  9.4 23  50   M    M   7        30  40
16  45  30  38  14  27   0 0.07  0.0    0  9.2 16 220   M    M   9 1      22  80
17  30  25  28   4  37   0 0.31  3.2    0 10.7 23 360   M    M  10 12     30 360
18  31  24  28   4  37   0 0.12  1.8    3  6.9 13 240   M    M  10 1      15 180
19  35  24  30   5  35   0    T    M    5  6.9 15  30   M    M   7        19  40
20  46  23  35  10  30   0 0.07    M    M  8.8 24  20   M    M  10 1      32  30
21  47  35  41  16  24   0    T    M    M 17.8 38  90   M    M   7        51  90
22  48  36  42  17  23   0 0.00  0.0    0 19.9 36  90   M    M   1        49  90
23  49  28  39  13  26   0 0.00  0.0    0  9.1 21 170   M    M   6        24 170
24  48  29  39  13  26   0 0.00  0.0    0 14.3 32 170   M    M   2        39 170
25  53  37  45  19  20   0 0.00  0.0    0 14.6 33 160   M    M   7        43 160
================================================================================
SM 1050  721       732   0  1.22     5.8 258.1          M      192
================================================================================
AV 42.0 28.8                              10.3 FASTST   M    M   8    MAX(MPH)
                                 MISC ---->  # 38  90               # 51   90
================================================================================
NOTES:
# LAST OF SEVERAL OCCURRENCES

COLUMN 17 PEAK WIND IN M.P.H.

PRELIMINARY LOCAL CLIMATOLOGICAL DATA (WS FORM: F-6) , PAGE 2

                                          STATION:  KING SALMON
                                          MONTH:    MARCH
                                          YEAR:     2019
                                          LATITUDE:   58 41 N
                                          LONGITUDE: 156 39 W

[TEMPERATURE DATA]      [PRECIPITATION DATA]       SYMBOLS USED IN COLUMN 16

AVERAGE MONTHLY: 35.4   TOTAL FOR MONTH:   1.22    1 = FOG OR MIST
DPTR FM NORMAL:  11.9   DPTR FM NORMAL:    0.66    2 = FOG REDUCING VISIBILITY
HIGHEST:    53 ON 25    GRTST 24HR  0.31 ON 17-17      TO 1/4 MILE OR LESS
LOWEST:     21 ON 14                               3 = THUNDER
                        SNOW, ICE PELLETS, HAIL    4 = ICE PELLETS
                        TOTAL MONTH:   5.8 INCHES  5 = HAIL
                        GRTST 24HR   3.2 ON 17-17  6 = FREEZING RAIN OR DRIZZLE
                        GRTST DEPTH:   5 ON 19     7 = DUSTSTORM OR SANDSTORM:
                                                       VSBY 1/2 MILE OR LESS
                                                   8 = SMOKE OR HAZE
[NO. OF DAYS WITH]      [WEATHER - DAYS WITH]      9 = BLOWING SNOW
                                                   X = TORNADO
MAX 32 OR BELOW:   2    0.01 INCH OR MORE:  13
MAX 90 OR ABOVE:   0    0.10 INCH OR MORE:   5
MIN 32 OR BELOW:  18    0.50 INCH OR MORE:   0
MIN  0 OR BELOW:   0    1.00 INCH OR MORE:   0

[HDD (BASE 65) ]
TOTAL THIS MO.   732    CLEAR  (SCALE 0-3)   2
DPTR FM NORMAL  -306    PTCLDY (SCALE 4-7)  11
TOTAL FM JUL 1  5262    CLOUDY (SCALE 8-10) 12
DPTR FM NORMAL -3396

[CDD (BASE 65) ]
TOTAL THIS MO.     0
DPTR FM NORMAL     0    [PRESSURE DATA]
TOTAL FM JAN 1     0    HIGHEST SLP M ON M
DPTR FM NORMAL     0    LOWEST  SLP 28.56 ON  9

[REMARKS]
