437
CXUS55 KBOU 220734
CF6AKO
PRELIMINARY LOCAL CLIMATOLOGICAL DATA (WS FORM: F-6)

                                          STATION:   AKRON CO
                                          MONTH:     MARCH
                                          YEAR:      2019
                                          LATITUDE:   40 10 N
                                          LONGITUDE: 103 13 W

  TEMPERATURE IN F:       :PCPN:    SNOW:  WIND      :SUNSHINE: SKY     :PK WND
================================================================================
1   2   3   4   5  6A  6B    7    8   9   10  11  12  13   14  15   16   17  18
                                     12Z  AVG MX 2MIN
DY MAX MIN AVG DEP HDD CDD  WTR  SNW DPTH SPD SPD DIR MIN PSBL S-S WX    SPD DR
================================================================================

 1  46  24  35   0  30   0    T    M    M 15.3 33 360   M    M   5        42 360
 2  26   0  13 -23  52   0 0.02    M    M 17.3 29 140   M    M  10 1      37 140
 3   4 -10  -3 -39  68   0 0.01    M    M  7.2 16  70   M    M   5 1      22  70
 4  13 -11   1 -35  64   0 0.00    M    M 10.5 17 260   M    M   0        22 260
 5  28   0  14 -22  51   0 0.00    M    M 10.9 18 180   M    M   0 18     26 190
 6  41  17  29  -8  36   0    T    M    M 10.0 18  90   M    M   5 18     24  90
 7  41  21  31  -6  34   0 0.00    M    M  7.9 15 160   M    M   6 12     20 140
 8  57  24  41   4  24   0    T    M    M 14.4 31 150   M    M   1 12     41 130
 9  43  23  33  -5  32   0 0.00    M    M 20.0 40 350   M    M   1 12     54 340
10  47  27  37  -1  28   0 0.00    M    M 14.3 29 170   M    M   3        37 180
11  53  23  38   0  27   0 0.00    M    M  8.5 16 200   M    M   1        22 150
12  65  32  49  11  16   0    T    M    M  8.9 26 180   M    M   2        41 190
13  51  25  38  -1  27   0 0.49    M    M 30.8 56 350   M    M  10 12     72 350
14  30  17  24 -15  41   0    T    M    M 29.6 48 340   M    M   2 1      61 320
15  44  15  30  -9  35   0 0.00    M    M  7.9 16 230   M    M   0        19 210
16  48  20  34  -5  31   0 0.00    M    M  5.1 10 350   M    M   0        14 360
17  53  27  40   0  25   0 0.00    M    M 11.6 22  10   M    M   0        28  10
18  52  23  38  -2  27   0 0.00    M    M 12.1 23 160   M    M   3        36 200
19  47  23  35  -5  30   0    T    M    M 13.0 30 340   M    M   6        38  10
20  59  22  41   1  24   0 0.00    M    M 12.2 22 350   M    M   0        30 350
21  63  40  52  12  13   0 0.00  0.0    0 14.6 18 170   M    M   0        27 200
================================================================================
SM  911  382       715   0  0.52     0.0 282.1          M       60
================================================================================
AV 43.4 18.2                              13.4 FASTST   M    M   3    MAX(MPH)
                                 MISC ---->  # 56 350               # 72  350
================================================================================
NOTES:
# LAST OF SEVERAL OCCURRENCES

COLUMN 17 PEAK WIND IN M.P.H.

PRELIMINARY LOCAL CLIMATOLOGICAL DATA (WS FORM: F-6) , PAGE 2

                                          STATION:  AKRON CO
                                          MONTH:    MARCH
                                          YEAR:     2019
                                          LATITUDE:   40 10 N
                                          LONGITUDE: 103 13 W

[TEMPERATURE DATA]      [PRECIPITATION DATA]       SYMBOLS USED IN COLUMN 16

AVERAGE MONTHLY: 30.8   TOTAL FOR MONTH:   0.52    1 = FOG OR MIST
DPTR FM NORMAL:  -7.2   DPTR FM NORMAL:   -0.01    2 = FOG REDUCING VISIBILITY
HIGHEST:    65 ON 12    GRTST 24HR  0.49 ON 13-13      TO 1/4 MILE OR LESS
LOWEST:    -11 ON  4                               3 = THUNDER
                        SNOW, ICE PELLETS, HAIL    4 = ICE PELLETS
                        TOTAL MONTH:   0.0 INCH    5 = HAIL
                        GRTST 24HR     0.0         6 = FREEZING RAIN OR DRIZZLE
                        GRTST DEPTH:   0           7 = DUSTSTORM OR SANDSTORM:
                                                       VSBY 1/2 MILE OR LESS
                                                   8 = SMOKE OR HAZE
[NO. OF DAYS WITH]      [WEATHER - DAYS WITH]      9 = BLOWING SNOW
                                                   X = TORNADO
MAX 32 OR BELOW:   5    0.01 INCH OR MORE:   3
MAX 90 OR ABOVE:   0    0.10 INCH OR MORE:   1
MIN 32 OR BELOW:  20    0.50 INCH OR MORE:   0
MIN  0 OR BELOW:   4    1.00 INCH OR MORE:   0

[HDD (BASE 65) ]
TOTAL THIS MO.   715    CLEAR  (SCALE 0-3)  14
DPTR FM NORMAL   148    PTCLDY (SCALE 4-7)   5
TOTAL FM JUL 1  5348    CLOUDY (SCALE 8-10)  2
DPTR FM NORMAL   130

[CDD (BASE 65) ]
TOTAL THIS MO.     0
DPTR FM NORMAL     0    [PRESSURE DATA]
TOTAL FM JAN 1     0    HIGHEST SLP M ON M
DPTR FM NORMAL     0    LOWEST  SLP 28.91 ON 13

[REMARKS]
