000
CXUS55 KBOU 270747
CF6AKO
PRELIMINARY LOCAL CLIMATOLOGICAL DATA (WS FORM: F-6)

                                          STATION:   AKRON CO
                                          MONTH:     MAY
                                          YEAR:      2019
                                          LATITUDE:   40 10 N
                                          LONGITUDE: 103 13 W

  TEMPERATURE IN F:       :PCPN:    SNOW:  WIND      :SUNSHINE: SKY     :PK WND
================================================================================
1   2   3   4   5  6A  6B    7    8   9   10  11  12  13   14  15   16   17  18
                                     12Z  AVG MX 2MIN
DY MAX MIN AVG DEP HDD CDD  WTR  SNW DPTH SPD SPD DIR MIN PSBL S-S WX    SPD DR
================================================================================

 1  51  27  39 -13  26   0    T    M    M 11.9 29 340   M    M   7 12     38 340
 2  62  26  44  -8  21   0 0.01    M    M 12.9 25 180   M    M   4 3      35 170
 3  68  39  54   1  11   0 0.00    M    M  9.8 18 320   M    M   4 1      27 320
 4  75  42  59   6   6   0 0.00    M    M 10.6 20 220   M    M   1 1      29 240
 5  76  43  60   6   5   0 0.00    M    M 10.9 26  80   M    M   1        36  80
 6  63  42  53  -1  12   0 0.04    M    M 13.8 24  70   M    M   8 12     34  90
 7  44  40  42 -12  23   0 0.15    M    M 11.9 22 120   M    M   9 123    28 120
 8  44  35  40 -15  25   0    T    M    M 19.5 31  10   M    M  10 12     41  10
 9  42  32  37 -18  28   0 0.08    M    M  6.6 20  20   M    M   9 1      25  10
10  54  31  43 -12  22   0 0.00    M    M 12.0 21 160   M    M   6        30 190
11  61  37  49  -7  16   0    T    M    M 14.0 29  10   M    M   4        38  20
12  72  34  53  -3  12   0 0.00    M    M 11.8 26 360   M    M   1 1      37 360
13  81  47  64   8   1   0 0.00    M    M  9.7 22  30   M    M   2        29  20
14  85  45  65   9   0   0 0.00    M    M  9.3 33 300   M    M   1        48 300
15  86  47  67  10   0   2 0.00    M    M  8.7 16 210   M    M   0        24 220
16  89  53  71  14   0   6 0.00    M    M 10.8 23 220   M    M   1 3      31 220
17  76  42  59   1   6   0 0.00    M    M 13.0 44 340   M    M   1 1      58 340
18  64  36  50  -8  15   0 0.15    M    M 14.4 29 320   M    M   3 13     38 320
19  58  32  45 -13  20   0 0.00    M    M 15.2 28  90   M    M   5        39  90
20  41  33  37 -21  28   0 0.74    M    M 18.0 28 110   M    M  10 12     37 110
21  37  30  34 -25  31   0 0.70    M    M 15.4 25 340   M    M   9 12     32 340
22  53  28  41 -18  24   0 0.00    M    M 13.0 22 330   M    M   3        33 320
23  49  38  44 -15  21   0 0.03    M    M  8.1 21 110   M    M  10 1      26 120
24  74  36  55  -5  10   0 0.00    M    M 12.2 23 210   M    M   0        31 200
25  75  42  59  -1   6   0 0.00    M    M 11.9 22 130   M    M   1        30 120
26  78  51  65   5   0   0 0.32  0.0    0 14.2 35 140   M    M   7 123    44 130
================================================================================
SM 1658  988       369   8  2.22     0.0 319.6          M      117
================================================================================
AV 63.8 38.0                              12.3 FASTST   M    M   5    MAX(MPH)
                                 MISC ---->  # 44 340               # 58  340
================================================================================
NOTES:
# LAST OF SEVERAL OCCURRENCES

COLUMN 17 PEAK WIND IN M.P.H.

PRELIMINARY LOCAL CLIMATOLOGICAL DATA (WS FORM: F-6) , PAGE 2

                                          STATION:  AKRON CO
                                          MONTH:    MAY
                                          YEAR:     2019
                                          LATITUDE:   40 10 N
                                          LONGITUDE: 103 13 W

[TEMPERATURE DATA]      [PRECIPITATION DATA]       SYMBOLS USED IN COLUMN 16

AVERAGE MONTHLY: 50.9   TOTAL FOR MONTH:   2.22    1 = FOG OR MIST
DPTR FM NORMAL:  -5.4   DPTR FM NORMAL:   -0.18    2 = FOG REDUCING VISIBILITY
HIGHEST:    89 ON 16    GRTST 24HR  0.74 ON 20-20      TO 1/4 MILE OR LESS
LOWEST:     26 ON  2                               3 = THUNDER
                        SNOW, ICE PELLETS, HAIL    4 = ICE PELLETS
                        TOTAL MONTH:   0.0 INCH    5 = HAIL
                        GRTST 24HR     0.0         6 = FREEZING RAIN OR DRIZZLE
                        GRTST DEPTH:   0           7 = DUSTSTORM OR SANDSTORM:
                                                       VSBY 1/2 MILE OR LESS
                                                   8 = SMOKE OR HAZE
[NO. OF DAYS WITH]      [WEATHER - DAYS WITH]      9 = BLOWING SNOW
                                                   X = TORNADO
MAX 32 OR BELOW:   0    0.01 INCH OR MORE:   9
MAX 90 OR ABOVE:   0    0.10 INCH OR MORE:   5
MIN 32 OR BELOW:   7    0.50 INCH OR MORE:   2
MIN  0 OR BELOW:   0    1.00 INCH OR MORE:   0

[HDD (BASE 65) ]
TOTAL THIS MO.   369    CLEAR  (SCALE 0-3)  11
DPTR FM NORMAL   129    PTCLDY (SCALE 4-7)   8
TOTAL FM JUL 1  6356    CLOUDY (SCALE 8-10)  7
DPTR FM NORMAL   123

[CDD (BASE 65) ]
TOTAL THIS MO.     8
DPTR FM NORMAL    -5    [PRESSURE DATA]
TOTAL FM JAN 1    10    HIGHEST SLP M ON M
DPTR FM NORMAL    -5    LOWEST  SLP 29.27 ON 17

[REMARKS]
