000
CXUS51 KAKQ 210833
CF6AKQ
PRELIMINARY LOCAL CLIMATOLOGICAL DATA (WS FORM: F-6)

                                          STATION:   WAKEFIELD
                                          MONTH:     MAY
                                          YEAR:      2019
                                          LATITUDE:   36 58 N
                                          LONGITUDE:  77  0 W

  TEMPERATURE IN F:       :PCPN:    SNOW:  WIND      :SUNSHINE: SKY     :PK WND
================================================================================
1   2   3   4   5  6A  6B    7    8   9   10  11  12  13   14  15   16   17  18
                                     12Z  AVG MX 2MIN
DY MAX MIN AVG DEP HDD CDD  WTR  SNW DPTH SPD SPD DIR MIN PSBL S-S WX    SPD DR
================================================================================

 1  88  60  74  11   0   9 0.00  0.0    0  3.7 14 230   M    M   0 128    20 220
 2  88  66  77  13   0  12 0.00  0.0    0  7.4 15 220   M    M   0 18     23 230
 3  86  64  75  11   0  10    T  0.0    0  5.2 14 200   M    M   1 18     22 180
 4  87  67  77  13   0  12 0.70  0.0    0  4.1 30 280   M    M   5 18     39 280
 5  77  62  70   6   0   5 0.30  0.0    0  4.5 15 240   M    M   8 123    21 340
 6  74  58  66   1   0   1 0.00  0.0    0  3.2 10 340   M    M   7 18     17  30
 7  80  54  67   2   0   2 0.00  0.0    0  2.8 10 170   M    M   1 128    14 210
 8  84  61  73   8   0   8 0.00  0.0    0  3.5 12 230   M    M   5 18     14 160
 9  83  66  75  10   0  10 0.00  0.0    0  3.6 10 180   M    M   4 8      15 170
10  83  63  73   7   0   8 0.00  0.0    0  4.6 14 220   M    M   2 8      26 230
11  81  64  73   7   0   8 1.31  0.0    0  2.8  9  70   M    M   7 1238   14  40
12  80  62  71   5   0   6 0.04  0.0    0  6.1 18 250   M    M   6 18     26 270
13  66  56  61  -5   4   0 0.55  0.0    0  3.0 10 100   M    M   8 128    15 100
14  69  49  59  -8   6   0    T  0.0    0  3.0 15 330   M    M   6 128    24 310
15  73  44  59  -8   6   0 0.00  0.0    0  2.2 10 270   M    M   1        15 340
16  80  52  66  -1   0   1 0.00  0.0    0  4.0 13 250   M    M   1 18     18 280
17  88  57  73   6   0   8 0.52  0.0    0  5.7 17 330   M    M   0 138    33 350
18  89  64  77   9   0  12 0.00  0.0    0  2.3  9 110   M    M   0 138    13 110
19  92  69  81  13   0  16 0.00  0.0    0  5.0 13 210   M    M   1 18     21 210
20  91  70  81  13   0  16 0.01  0.0    0  7.1 16 210   M    M   1 8      21 210
================================================================================
SM 1639 1208        16 144  3.43     0.0  83.8          M       64
================================================================================
AV 82.0 60.4                               4.2 FASTST   M    M   3    MAX(MPH)
                                 MISC ---->  # 30 280               # 39  280
================================================================================
NOTES:
# LAST OF SEVERAL OCCURRENCES

COLUMN 17 PEAK WIND IN M.P.H.

PRELIMINARY LOCAL CLIMATOLOGICAL DATA (WS FORM: F-6) , PAGE 2

                                          STATION:  WAKEFIELD
                                          MONTH:    MAY
                                          YEAR:     2019
                                          LATITUDE:   36 58 N
                                          LONGITUDE:  77  0 W

[TEMPERATURE DATA]      [PRECIPITATION DATA]       SYMBOLS USED IN COLUMN 16

AVERAGE MONTHLY: 71.2   TOTAL FOR MONTH:   3.43    1 = FOG OR MIST
DPTR FM NORMAL:   5.4   DPTR FM NORMAL:    0.87    2 = FOG REDUCING VISIBILITY
HIGHEST:    92 ON 19    GRTST 24HR  1.31 ON 11-11      TO 1/4 MILE OR LESS
LOWEST:     44 ON 15                               3 = THUNDER
                        SNOW, ICE PELLETS, HAIL    4 = ICE PELLETS
                        TOTAL MONTH:   0.0 INCH    5 = HAIL
                        GRTST 24HR     0.0         6 = FREEZING RAIN OR DRIZZLE
                        GRTST DEPTH:   0           7 = DUSTSTORM OR SANDSTORM:
                                                       VSBY 1/2 MILE OR LESS
                                                   8 = SMOKE OR HAZE
[NO. OF DAYS WITH]      [WEATHER - DAYS WITH]      9 = BLOWING SNOW
                                                   X = TORNADO
MAX 32 OR BELOW:   0    0.01 INCH OR MORE:   7
MAX 90 OR ABOVE:   2    0.10 INCH OR MORE:   5
MIN 32 OR BELOW:   0    0.50 INCH OR MORE:   4
MIN  0 OR BELOW:   0    1.00 INCH OR MORE:   1

[HDD (BASE 65) ]
TOTAL THIS MO.    16    CLEAR  (SCALE 0-3)  11
DPTR FM NORMAL   -41    PTCLDY (SCALE 4-7)   8
TOTAL FM JUL 1  3306    CLOUDY (SCALE 8-10)  1
DPTR FM NORMAL  -172

[CDD (BASE 65) ]
TOTAL THIS MO.   144
DPTR FM NORMAL    74    [PRESSURE DATA]
TOTAL FM JAN 1   216    HIGHEST SLP M ON M
DPTR FM NORMAL   101    LOWEST  SLP 29.59 ON  5

[REMARKS]
