000
CXUS55 KALY 260710
CF6ALB
PRELIMINARY LOCAL CLIMATOLOGICAL DATA (WS FORM: F-6)

                                          STATION:   ALBANY NY
                                          MONTH:     MAY
                                          YEAR:      2019
                                          LATITUDE:   42 45 N
                                          LONGITUDE:  73 48 W

  TEMPERATURE IN F:       :PCPN:    SNOW:  WIND      :SUNSHINE: SKY     :PK WND
================================================================================
1   2   3   4   5  6A  6B    7    8   9   10  11  12  13   14  15   16   17  18
                                     12Z  AVG MX 2MIN
DY MAX MIN AVG DEP HDD CDD  WTR  SNW DPTH SPD SPD DIR MIN PSBL S-S WX    SPD DR
================================================================================

 1  56  42  49  -5  16   0 0.03  0.0    0  6.3 21 170   M    M  10 3      29 180
 2  65  50  58   4   7   0 0.07  0.0    0  4.6 15 170   M    M  10 1      21 160
 3  62  49  56   2   9   0 0.21  0.0    0 10.3 22 180   M    M  10 18     28 180
 4  67  52  60   5   5   0 0.08  0.0    0  4.6 12  20   M    M   9 18     15  20
 5  58  52  55   0  10   0 0.22  0.0    0  3.0 12  10   M    M  10 1      15  10
 6  74  53  64   9   1   0    T  0.0    0  3.5 16 180   M    M   7 1      23 180
 7  66  49  58   2   7   0 0.02  0.0    0  9.0 17 190   M    M   7        23 160
 8  67  44  56   0   9   0 0.00  0.0    0  7.0 17  40   M    M   4        22  10
 9  66  40  53  -3  12   0    T  0.0    0  9.9 26 180   M    M   8        38 160
10  69  52  61   5   4   0 0.23  0.0    0 14.7 28 160   M    M   8 1      38 170
11  65  47  56  -1   9   0 0.00  0.0    0 10.6 21 290   M    M   7        29 320
12  51  43  47 -10  18   0 0.43  0.0    0  4.0 15  40   M    M  10        18  50
13  54  42  48  -9  17   0 0.57  0.0    0  3.0 10 230   M    M  10 18     13 110
14  48  40  44 -14  21   0 0.17  0.0    0  3.2  7 320   M    M  10         9 320
15  65  43  54  -4  11   0 0.01  0.0    0  6.3 15 260   M    M   8 1      21 300
16  69  48  59   1   6   0 0.00  0.0    0  7.6 20 300   M    M   7        25 300
17  73  52  63   4   2   0 0.09  0.0    0  8.9 24 280   M    M   8        32 270
18  73  46  60   1   5   0 0.00  0.0    0  6.0 14 310   M    M   5        19 270
19  86  49  68   9   0   3 0.14  0.0    0 10.6 28 170   M    M   7 1      37 160
20  83  56  70  11   0   5 0.18  0.0    0 12.7 30 310   M    M   9 13     37 300
21  67  50  59  -1   6   0 0.00  0.0    0 14.8 26 280   M    M   6        37 290
22  71  45  58  -2   7   0    T  0.0    0  4.6 15  20   M    M   5        20 350
23  72  56  64   4   1   0 0.34  0.0    0 11.0 24 340   M    M   7 3      32 310
24  70  52  61   0   4   0 0.00  0.0    0 13.5 26 300   M    M   7        38 300
25  73  46  60  -1   5   0 0.01  0.0    0  8.7 22 180   M    M   6 18     31 170
================================================================================
SM 1670 1198       192   8  2.80     0.0 198.4          M      195
================================================================================
AV 66.8 47.9                               7.9 FASTST   M    M   8    MAX(MPH)
                                 MISC ---->  # 30 310               # 38  160
================================================================================
NOTES:
# LAST OF SEVERAL OCCURRENCES

COLUMN 17 PEAK WIND IN M.P.H.

PRELIMINARY LOCAL CLIMATOLOGICAL DATA (WS FORM: F-6) , PAGE 2

                                          STATION:  ALBANY NY
                                          MONTH:    MAY
                                          YEAR:     2019
                                          LATITUDE:   42 45 N
                                          LONGITUDE:  73 48 W

[TEMPERATURE DATA]      [PRECIPITATION DATA]       SYMBOLS USED IN COLUMN 16

AVERAGE MONTHLY: 57.4   TOTAL FOR MONTH:   2.80    1 = FOG OR MIST
DPTR FM NORMAL:   0.0   DPTR FM NORMAL:   -0.06    2 = FOG REDUCING VISIBILITY
HIGHEST:    86 ON 19    GRTST 24HR  0.57 ON 13-13      TO 1/4 MILE OR LESS
LOWEST:     40 ON 14, 9                            3 = THUNDER
                        SNOW, ICE PELLETS, HAIL    4 = ICE PELLETS
                        TOTAL MONTH:   0.0 INCH    5 = HAIL
                        GRTST 24HR     0.0         6 = FREEZING RAIN OR DRIZZLE
                        GRTST DEPTH:   0           7 = DUSTSTORM OR SANDSTORM:
                                                       VSBY 1/2 MILE OR LESS
                                                   8 = SMOKE OR HAZE
[NO. OF DAYS WITH]      [WEATHER - DAYS WITH]      9 = BLOWING SNOW
                                                   X = TORNADO
MAX 32 OR BELOW:   0    0.01 INCH OR MORE:  16
MAX 90 OR ABOVE:   0    0.10 INCH OR MORE:   9
MIN 32 OR BELOW:   0    0.50 INCH OR MORE:   1
MIN  0 OR BELOW:   0    1.00 INCH OR MORE:   0

[HDD (BASE 65) ]
TOTAL THIS MO.   192    CLEAR  (SCALE 0-3)   0
DPTR FM NORMAL   -15    PTCLDY (SCALE 4-7)  16
TOTAL FM JUL 1  6269    CLOUDY (SCALE 8-10)  9
DPTR FM NORMAL  -331

[CDD (BASE 65) ]
TOTAL THIS MO.     8
DPTR FM NORMAL    -6    [PRESSURE DATA]
TOTAL FM JAN 1    10    HIGHEST SLP M ON M
DPTR FM NORMAL    -8    LOWEST  SLP 29.64 ON 20

[REMARKS]
