000
CXUS55 KALY 200710
CF6ALB
PRELIMINARY LOCAL CLIMATOLOGICAL DATA (WS FORM: F-6)

                                          STATION:   ALBANY NY
                                          MONTH:     MARCH
                                          YEAR:      2019
                                          LATITUDE:   42 45 N
                                          LONGITUDE:  73 48 W

  TEMPERATURE IN F:       :PCPN:    SNOW:  WIND      :SUNSHINE: SKY     :PK WND
================================================================================
1   2   3   4   5  6A  6B    7    8   9   10  11  12  13   14  15   16   17  18
                                     12Z  AVG MX 2MIN
DY MAX MIN AVG DEP HDD CDD  WTR  SNW DPTH SPD SPD DIR MIN PSBL S-S WX    SPD DR
================================================================================

 1  39  14  27  -3  38   0    T    T    5  2.3 10 190   M    M   7        13 190
 2  37  25  31   1  34   0    T    T    3  3.2  8 270   M    M  10        11 280
 3  39  29  34   4  31   0 0.18  2.9    2  7.2 20 280   M    M   7 1      27 280
 4  34  17  26  -4  39   0 0.10  1.5    6 12.0 31 280   M    M   6 1      42 290
 5  28   7  18 -13  47   0 0.00  0.0    4  6.9 18 300   M    M   4        22 310
 6  22   9  16 -15  49   0    T    T    3 10.8 29 280   M    M   3        35 290
 7  26   4  15 -17  50   0    T    T    3  6.5 28 280   M    M   4        36 280
 8  34   7  21 -11  44   0 0.00  0.0    3  3.7 12 210   M    M   3        16 180
 9  42  12  27  -5  38   0 0.00  0.0    3  2.5 12 360   M    M   2        19  40
10  38  28  33   0  32   0 0.27  1.8    4  9.5 20 160   M    M  10 14     32 150
11  43  34  39   6  26   0    T    T    3 14.5 32 290   M    M   9 1      42 290
12  38  27  33   0  32   0    T    T    1 14.3 24 300   M    M   6        32 280
13  44  21  33  -1  32   0 0.01    T    1  4.8 13 170   M    M   6 4      15 180
14  59  39  49  15  16   0 0.00  0.0    0 11.0 22 160   M    M   9        30 170
15  72  44  58  24   7   0 0.03  0.0    0 13.5 26 250   M    M   6        33 270
16  46  31  39   4  26   0    T    M    0 13.8 31 290   M    M   8 8      40 290
17  36  26  31  -4  34   0    T    T    0 11.2 25 280   M    M   8        36 290
18  42  25  34  -2  31   0    T    T    0  9.2 23 290   M    M   6        38 290
19  45  24  35  -1  30   0 0.00  0.0    0  7.4 22 280   M    M   3        26 270
================================================================================
SM  764  423       636   0  0.59     6.2 164.3          M      117
================================================================================
AV 40.2 22.3                               8.6 FASTST   M    M   6    MAX(MPH)
                                 MISC ---->  # 32 290               # 42  290
================================================================================
NOTES:
# LAST OF SEVERAL OCCURRENCES

COLUMN 17 PEAK WIND IN M.P.H.

PRELIMINARY LOCAL CLIMATOLOGICAL DATA (WS FORM: F-6) , PAGE 2

                                          STATION:  ALBANY NY
                                          MONTH:    MARCH
                                          YEAR:     2019
                                          LATITUDE:   42 45 N
                                          LONGITUDE:  73 48 W

[TEMPERATURE DATA]      [PRECIPITATION DATA]       SYMBOLS USED IN COLUMN 16

AVERAGE MONTHLY: 31.2   TOTAL FOR MONTH:   0.59    1 = FOG OR MIST
DPTR FM NORMAL:  -1.4   DPTR FM NORMAL:   -1.31    2 = FOG REDUCING VISIBILITY
HIGHEST:    72 ON 15    GRTST 24HR  0.27 ON 10-10      TO 1/4 MILE OR LESS
LOWEST:      4 ON  7                               3 = THUNDER
                        SNOW, ICE PELLETS, HAIL    4 = ICE PELLETS
                        TOTAL MONTH:   6.2 INCHES  5 = HAIL
                        GRTST 24HR   2.9 ON  3- 3  6 = FREEZING RAIN OR DRIZZLE
                        GRTST DEPTH:   6 ON  4     7 = DUSTSTORM OR SANDSTORM:
                                                       VSBY 1/2 MILE OR LESS
                                                   8 = SMOKE OR HAZE
[NO. OF DAYS WITH]      [WEATHER - DAYS WITH]      9 = BLOWING SNOW
                                                   X = TORNADO
MAX 32 OR BELOW:   3    0.01 INCH OR MORE:   5
MAX 90 OR ABOVE:   0    0.10 INCH OR MORE:   3
MIN 32 OR BELOW:  16    0.50 INCH OR MORE:   0
MIN  0 OR BELOW:   0    1.00 INCH OR MORE:   0

[HDD (BASE 65) ]
TOTAL THIS MO.   636    CLEAR  (SCALE 0-3)   3
DPTR FM NORMAL    23    PTCLDY (SCALE 4-7)  12
TOTAL FM JUL 1  5344    CLOUDY (SCALE 8-10)  4
DPTR FM NORMAL  -213

[CDD (BASE 65) ]
TOTAL THIS MO.     0
DPTR FM NORMAL     0    [PRESSURE DATA]
TOTAL FM JAN 1     0    HIGHEST SLP M ON M
DPTR FM NORMAL     0    LOWEST  SLP 29.62 ON 15

[REMARKS]
