000
CXUS53 KDMX 190920
CF6ALO
PRELIMINARY LOCAL CLIMATOLOGICAL DATA (WS FORM: F-6)

                                          STATION:   WATERLOO IA
                                          MONTH:     MARCH
                                          YEAR:      2019
                                          LATITUDE:   42 32 N
                                          LONGITUDE:  92 24 W

  TEMPERATURE IN F:       :PCPN:    SNOW:  WIND      :SUNSHINE: SKY     :PK WND
================================================================================
1   2   3   4   5  6A  6B    7    8   9   10  11  12  13   14  15   16   17  18
                                     12Z  AVG MX 2MIN
DY MAX MIN AVG DEP HDD CDD  WTR  SNW DPTH SPD SPD DIR MIN PSBL S-S WX    SPD DR
================================================================================

 1  28  11  20  -9  45   0    T    T   12  5.9 20 330   M    M   9 18     25 340
 2  21   8  15 -15  50   0    T    T   12 14.3 22 330   M    M   6 18     27 330
 3   8  -7   1 -29  64   0 0.00  0.0   12 13.5 21 320   M    M   1        29 320
 4   7 -10  -1 -31  66   0 0.00  0.0   12 12.3 23 250   M    M   1 8      33 250
 5  17   4  11 -20  54   0 0.00  0.0   12 12.7 24 280   M    M   2 8      36 280
 6  26  -2  12 -19  53   0 0.00  0.0   12  8.1 21 230   M    M   0        24 250
 7  23   5  14 -18  51   0 0.00  0.0   11  7.9 17  80   M    M   4        20 110
 8  35  22  29  -3  36   0 0.00  0.0   11  8.1 14 110   M    M  10 18     19 130
 9  35  32  34   1  31   0 0.85  1.5   10 16.2 31 110   M    M  10 128    41 120
10  35  21  28  -5  37   0 0.00  0.0   11 15.7 32 290   M    M   4 18     48 270
11  39  17  28  -6  37   0 0.00  0.0   10  2.8  8 220   M    M   4 8      11 300
12  39  16  28  -6  37   0 0.17  0.0   10 11.6 22 140   M    M   7 18     31 150
13  49  37  43   9  22   0 0.20  0.0    9 11.5 21 120   M    M   8 12     30 130
14  49  35  42   7  23   0 0.17    T    7 14.1 29 210   M    M   8 13     44 290
15  39  29  34  -1  31   0 0.00  0.0    3 16.3 29 310   M    M   6        40 310
16  40  26  33  -3  32   0 0.00  0.0    2  6.2 13 290   M    M   4        18 290
17  39  26  33  -3  32   0 0.00  0.0    2  5.9 14 310   M    M   5 1      17 310
18  45  27  36  -1  29   0 0.00  0.0    1   M   M   M   M    M   M 1       M  M
================================================================================
SM  574  297       730   0  1.39     1.5 183.1          M       89
================================================================================
AV 31.9 16.5                              10.8 FASTST   M    M   5    MAX(MPH)
                                 MISC ---->  # 32 290               # 48  270
================================================================================
NOTES:
# LAST OF SEVERAL OCCURRENCES

COLUMN 17 PEAK WIND IN M.P.H.

PRELIMINARY LOCAL CLIMATOLOGICAL DATA (WS FORM: F-6) , PAGE 2

                                          STATION:  WATERLOO IA
                                          MONTH:    MARCH
                                          YEAR:     2019
                                          LATITUDE:   42 32 N
                                          LONGITUDE:  92 24 W

[TEMPERATURE DATA]      [PRECIPITATION DATA]       SYMBOLS USED IN COLUMN 16

AVERAGE MONTHLY: 24.2   TOTAL FOR MONTH:   1.39    1 = FOG OR MIST
DPTR FM NORMAL:  -8.7   DPTR FM NORMAL:    0.33    2 = FOG REDUCING VISIBILITY
HIGHEST:    49 ON 14,13 GRTST 24HR  0.85 ON  9- 9      TO 1/4 MILE OR LESS
LOWEST:    -10 ON  4                               3 = THUNDER
                        SNOW, ICE PELLETS, HAIL    4 = ICE PELLETS
                        TOTAL MONTH:   1.5 INCHES  5 = HAIL
                        GRTST 24HR   1.5 ON  9- 9  6 = FREEZING RAIN OR DRIZZLE
                        GRTST DEPTH:  12 ON  6, 5  7 = DUSTSTORM OR SANDSTORM:
                                                       VSBY 1/2 MILE OR LESS
                                                   8 = SMOKE OR HAZE
[NO. OF DAYS WITH]      [WEATHER - DAYS WITH]      9 = BLOWING SNOW
                                                   X = TORNADO
MAX 32 OR BELOW:   7    0.01 INCH OR MORE:   4
MAX 90 OR ABOVE:   0    0.10 INCH OR MORE:   4
MIN 32 OR BELOW:  16    0.50 INCH OR MORE:   1
MIN  0 OR BELOW:   3    1.00 INCH OR MORE:   0

[HDD (BASE 65) ]
TOTAL THIS MO.   730    CLEAR  (SCALE 0-3)   4
DPTR FM NORMAL   153    PTCLDY (SCALE 4-7)   9
TOTAL FM JUL 1  6469    CLOUDY (SCALE 8-10)  4
DPTR FM NORMAL   473

[CDD (BASE 65) ]
TOTAL THIS MO.     0
DPTR FM NORMAL     0    [PRESSURE DATA]
TOTAL FM JAN 1     0    HIGHEST SLP M ON M
DPTR FM NORMAL     0    LOWEST  SLP 29.11 ON 14

[REMARKS]
